{"id":69516,"date":"2025-11-26T08:12:32","date_gmt":"2025-06-09T16:08:32","guid":{"rendered":"https:\/\/dev.invicta.wp19.axome.cc\/produit\/chimenea-700-selenic-cristal-lado-derecho\/"},"modified":"2025-06-09T18:08:46","modified_gmt":"2025-06-09T16:08:46","slug":"chimenea-700-selenic-cristal-lado-derecho","status":"publish","type":"product","link":"https:\/\/dev.invicta.wp19.axome.cc\/es\/produit\/chimenea-700-selenic-cristal-lado-derecho\/","title":{"rendered":"Chimenea 700 S\u00e9l\u00e9nic cristal lado derecho"},"content":{"rendered":"<p>La magia de las llamas le cautivar\u00e1 bajo todos los \u00e1ngulos. La mirada va de un lado a otro y se evade.<\/p>\n","protected":false},"excerpt":{"rendered":"<p>La magia de las llamas le cautivar\u00e1 bajo todos los \u00e1ngulos. La mirada va de un lado a otro y se evade.<\/p>\n","protected":false},"featured_media":68763,"template":"","meta":{"_acf_changed":false},"product_brand":[],"product_cat":[2293,3056,2288],"product_tag":[2301,2303,2305,2295,7048,7049],"plus_produit":[2273,2283,2278,2265,2284,6838,2263],"class_list":{"1":"product","4":"has-post-thumbnail","6":"product_cat-ayuda-en-la-eleccion","7":"product_cat-chemineas-insertos","8":"product_cat-chimeneas-de-lena","9":"product_tag-flamme-verte-7","10":"product_tag-eco-design-2022-es","11":"product_tag-certificacion-ecolabel-a","12":"product_tag-post-combustion-es","13":"product_tag-y-garantia-de-3-anos","14":"product_tag-y-garantie-extension-2ans-por","15":"pa_consommation-de-053-a-222-kg-hora","16":"pa_depart-des-fumees-parte-superior","17":"pa_indice-de-performance-100-es","18":"pa_surface-de-chauffe-de-55-a-120-m","19":"pa_volume-de-chauffe-de-135-a-300-m","20":"plus_produit-aleta-en-la-boquilla","21":"plus_produit-bonita-vista-de-las-llamas","22":"plus_produit-combustion-intermitente-y-prolongada-3-horas","23":"plus_produit-vidrio-limpio","24":"plus_produit-garantia-de-origen-frances","25":"plus_produit-garantia-extendida-3-anos","26":"plus_produit-sistema-de-post-combustion","28":"first","29":"instock","30":"product-type-simple"},"acf":[],"yoast_head":"<!-- This site is optimized with the Yoast SEO plugin v24.7 - https:\/\/yoast.com\/wordpress\/plugins\/seo\/ -->\n<title>Chimenea 700 S\u00e9l\u00e9nic cristal lado derecho - Invicta<\/title>\n<meta name=\"description\" content=\"La magia de las llamas le cautivar\u00e1 bajo todos los \u00e1ngulos. La mirada va de un lado a otro y se evade.\" \/>\n<meta name=\"robots\" content=\"index, follow, max-snippet:-1, max-image-preview:large, max-video-preview:-1\" \/>\n<link rel=\"canonical\" href=\"https:\/\/dev.invicta.wp19.axome.cc\/es\/produit\/chimenea-700-selenic-cristal-lado-derecho\/\" \/>\n<meta property=\"og:locale\" content=\"es_ES\" \/>\n<meta property=\"og:type\" content=\"article\" \/>\n<meta property=\"og:title\" content=\"Chimenea 700 S\u00e9l\u00e9nic cristal lado derecho - Invicta\" \/>\n<meta property=\"og:description\" content=\"La magia de las llamas le cautivar\u00e1 bajo todos los \u00e1ngulos. La mirada va de un lado a otro y se evade.\" \/>\n<meta property=\"og:url\" content=\"https:\/\/dev.invicta.wp19.axome.cc\/es\/produit\/chimenea-700-selenic-cristal-lado-derecho\/\" \/>\n<meta property=\"og:site_name\" content=\"Invicta\" \/>\n<meta property=\"article:modified_time\" content=\"2025-06-09T16:08:46+00:00\" \/>\n<meta property=\"og:image\" content=\"https:\/\/dev.invicta.wp19.axome.cc\/wp-content\/uploads\/2025\/06\/SELENIC-vitre-droite-WEB.jpg\" \/>\n\t<meta property=\"og:image:width\" content=\"677\" \/>\n\t<meta property=\"og:image:height\" content=\"800\" \/>\n\t<meta property=\"og:image:type\" content=\"image\/jpeg\" \/>\n<meta name=\"twitter:card\" content=\"summary_large_image\" \/>\n<script type=\"application\/ld+json\" class=\"yoast-schema-graph\">{\"@context\":\"https:\/\/schema.org\",\"@graph\":[{\"@type\":\"WebPage\",\"@id\":\"https:\/\/dev.invicta.wp19.axome.cc\/es\/produit\/chimenea-700-selenic-cristal-lado-derecho\/\",\"url\":\"https:\/\/dev.invicta.wp19.axome.cc\/es\/produit\/chimenea-700-selenic-cristal-lado-derecho\/\",\"name\":\"Chimenea 700 S\u00e9l\u00e9nic cristal lado derecho - Invicta\",\"isPartOf\":{\"@id\":\"https:\/\/dev.invicta.wp19.axome.cc\/es\/#website\"},\"primaryImageOfPage\":{\"@id\":\"https:\/\/dev.invicta.wp19.axome.cc\/es\/produit\/chimenea-700-selenic-cristal-lado-derecho\/#primaryimage\"},\"image\":{\"@id\":\"https:\/\/dev.invicta.wp19.axome.cc\/es\/produit\/chimenea-700-selenic-cristal-lado-derecho\/#primaryimage\"},\"thumbnailUrl\":\"https:\/\/dev.invicta.wp19.axome.cc\/wp-content\/uploads\/2025\/06\/SELENIC-vitre-droite-WEB.jpg\",\"datePublished\":\"2025-06-09T16:08:32+00:00\",\"dateModified\":\"2025-06-09T16:08:46+00:00\",\"description\":\"La magia de las llamas le cautivar\u00e1 bajo todos los \u00e1ngulos. La mirada va de un lado a otro y se evade.\",\"breadcrumb\":{\"@id\":\"https:\/\/dev.invicta.wp19.axome.cc\/es\/produit\/chimenea-700-selenic-cristal-lado-derecho\/#breadcrumb\"},\"inLanguage\":\"es\",\"potentialAction\":[{\"@type\":\"ReadAction\",\"target\":[\"https:\/\/dev.invicta.wp19.axome.cc\/es\/produit\/chimenea-700-selenic-cristal-lado-derecho\/\"]}]},{\"@type\":\"ImageObject\",\"inLanguage\":\"es\",\"@id\":\"https:\/\/dev.invicta.wp19.axome.cc\/es\/produit\/chimenea-700-selenic-cristal-lado-derecho\/#primaryimage\",\"url\":\"https:\/\/dev.invicta.wp19.axome.cc\/wp-content\/uploads\/2025\/06\/SELENIC-vitre-droite-WEB.jpg\",\"contentUrl\":\"https:\/\/dev.invicta.wp19.axome.cc\/wp-content\/uploads\/2025\/06\/SELENIC-vitre-droite-WEB.jpg\",\"width\":677,\"height\":800,\"caption\":\"Foyer \u00e0 bois 700 S\u00e9l\u00e9nic vitre c\u00f4t\u00e9 droit - avec volet\"},{\"@type\":\"BreadcrumbList\",\"@id\":\"https:\/\/dev.invicta.wp19.axome.cc\/es\/produit\/chimenea-700-selenic-cristal-lado-derecho\/#breadcrumb\",\"itemListElement\":[{\"@type\":\"ListItem\",\"position\":1,\"name\":\"Inicio\",\"item\":\"https:\/\/dev.invicta.wp19.axome.cc\/es\/\"},{\"@type\":\"ListItem\",\"position\":2,\"name\":\"Productos\",\"item\":\"https:\/\/dev.invicta.wp19.axome.cc\/es\/shop\/\"},{\"@type\":\"ListItem\",\"position\":3,\"name\":\"Chimenea 700 S\u00e9l\u00e9nic cristal lado derecho\"}]},{\"@type\":\"WebSite\",\"@id\":\"https:\/\/dev.invicta.wp19.axome.cc\/es\/#website\",\"url\":\"https:\/\/dev.invicta.wp19.axome.cc\/es\/\",\"name\":\"Invicta\",\"description\":\"Fabricant fran\u00e7ais, sp\u00e9cialiste europ\u00e9en du chauffage au bois : po\u00eales \u00e0 bois et \u00e0 granul\u00e9s, chemin\u00e9es, foyers et inserts\",\"publisher\":{\"@id\":\"https:\/\/dev.invicta.wp19.axome.cc\/es\/#organization\"},\"potentialAction\":[{\"@type\":\"SearchAction\",\"target\":{\"@type\":\"EntryPoint\",\"urlTemplate\":\"https:\/\/dev.invicta.wp19.axome.cc\/es\/?s={search_term_string}\"},\"query-input\":{\"@type\":\"PropertyValueSpecification\",\"valueRequired\":true,\"valueName\":\"search_term_string\"}}],\"inLanguage\":\"es\"},{\"@type\":\"Organization\",\"@id\":\"https:\/\/dev.invicta.wp19.axome.cc\/es\/#organization\",\"name\":\"Invicta\",\"url\":\"https:\/\/dev.invicta.wp19.axome.cc\/es\/\",\"logo\":{\"@type\":\"ImageObject\",\"inLanguage\":\"es\",\"@id\":\"https:\/\/dev.invicta.wp19.axome.cc\/es\/#\/schema\/logo\/image\/\",\"url\":\"https:\/\/www.invicta.fr\/wp-content\/uploads\/2019\/06\/INVICTALOGO_RVB.png\",\"contentUrl\":\"https:\/\/www.invicta.fr\/wp-content\/uploads\/2019\/06\/INVICTALOGO_RVB.png\",\"width\":1810,\"height\":1280,\"caption\":\"Invicta\"},\"image\":{\"@id\":\"https:\/\/dev.invicta.wp19.axome.cc\/es\/#\/schema\/logo\/image\/\"}}]}<\/script>\n<!-- \/ Yoast SEO plugin. -->","yoast_head_json":{"title":"Chimenea 700 S\u00e9l\u00e9nic cristal lado derecho - Invicta","description":"La magia de las llamas le cautivar\u00e1 bajo todos los \u00e1ngulos. La mirada va de un lado a otro y se evade.","robots":{"index":"index","follow":"follow","max-snippet":"max-snippet:-1","max-image-preview":"max-image-preview:large","max-video-preview":"max-video-preview:-1"},"canonical":"https:\/\/dev.invicta.wp19.axome.cc\/es\/produit\/chimenea-700-selenic-cristal-lado-derecho\/","og_locale":"es_ES","og_type":"article","og_title":"Chimenea 700 S\u00e9l\u00e9nic cristal lado derecho - Invicta","og_description":"La magia de las llamas le cautivar\u00e1 bajo todos los \u00e1ngulos. La mirada va de un lado a otro y se evade.","og_url":"https:\/\/dev.invicta.wp19.axome.cc\/es\/produit\/chimenea-700-selenic-cristal-lado-derecho\/","og_site_name":"Invicta","article_modified_time":"2025-06-09T16:08:46+00:00","og_image":[{"width":677,"height":800,"url":"https:\/\/dev.invicta.wp19.axome.cc\/wp-content\/uploads\/2025\/06\/SELENIC-vitre-droite-WEB.jpg","type":"image\/jpeg"}],"twitter_card":"summary_large_image","schema":{"@context":"https:\/\/schema.org","@graph":[{"@type":"WebPage","@id":"https:\/\/dev.invicta.wp19.axome.cc\/es\/produit\/chimenea-700-selenic-cristal-lado-derecho\/","url":"https:\/\/dev.invicta.wp19.axome.cc\/es\/produit\/chimenea-700-selenic-cristal-lado-derecho\/","name":"Chimenea 700 S\u00e9l\u00e9nic cristal lado derecho - Invicta","isPartOf":{"@id":"https:\/\/dev.invicta.wp19.axome.cc\/es\/#website"},"primaryImageOfPage":{"@id":"https:\/\/dev.invicta.wp19.axome.cc\/es\/produit\/chimenea-700-selenic-cristal-lado-derecho\/#primaryimage"},"image":{"@id":"https:\/\/dev.invicta.wp19.axome.cc\/es\/produit\/chimenea-700-selenic-cristal-lado-derecho\/#primaryimage"},"thumbnailUrl":"https:\/\/dev.invicta.wp19.axome.cc\/wp-content\/uploads\/2025\/06\/SELENIC-vitre-droite-WEB.jpg","datePublished":"2025-06-09T16:08:32+00:00","dateModified":"2025-06-09T16:08:46+00:00","description":"La magia de las llamas le cautivar\u00e1 bajo todos los \u00e1ngulos. La mirada va de un lado a otro y se evade.","breadcrumb":{"@id":"https:\/\/dev.invicta.wp19.axome.cc\/es\/produit\/chimenea-700-selenic-cristal-lado-derecho\/#breadcrumb"},"inLanguage":"es","potentialAction":[{"@type":"ReadAction","target":["https:\/\/dev.invicta.wp19.axome.cc\/es\/produit\/chimenea-700-selenic-cristal-lado-derecho\/"]}]},{"@type":"ImageObject","inLanguage":"es","@id":"https:\/\/dev.invicta.wp19.axome.cc\/es\/produit\/chimenea-700-selenic-cristal-lado-derecho\/#primaryimage","url":"https:\/\/dev.invicta.wp19.axome.cc\/wp-content\/uploads\/2025\/06\/SELENIC-vitre-droite-WEB.jpg","contentUrl":"https:\/\/dev.invicta.wp19.axome.cc\/wp-content\/uploads\/2025\/06\/SELENIC-vitre-droite-WEB.jpg","width":677,"height":800,"caption":"Foyer \u00e0 bois 700 S\u00e9l\u00e9nic vitre c\u00f4t\u00e9 droit - avec volet"},{"@type":"BreadcrumbList","@id":"https:\/\/dev.invicta.wp19.axome.cc\/es\/produit\/chimenea-700-selenic-cristal-lado-derecho\/#breadcrumb","itemListElement":[{"@type":"ListItem","position":1,"name":"Inicio","item":"https:\/\/dev.invicta.wp19.axome.cc\/es\/"},{"@type":"ListItem","position":2,"name":"Productos","item":"https:\/\/dev.invicta.wp19.axome.cc\/es\/shop\/"},{"@type":"ListItem","position":3,"name":"Chimenea 700 S\u00e9l\u00e9nic cristal lado derecho"}]},{"@type":"WebSite","@id":"https:\/\/dev.invicta.wp19.axome.cc\/es\/#website","url":"https:\/\/dev.invicta.wp19.axome.cc\/es\/","name":"Invicta","description":"Fabricant fran\u00e7ais, sp\u00e9cialiste europ\u00e9en du chauffage au bois : po\u00eales \u00e0 bois et \u00e0 granul\u00e9s, chemin\u00e9es, foyers et inserts","publisher":{"@id":"https:\/\/dev.invicta.wp19.axome.cc\/es\/#organization"},"potentialAction":[{"@type":"SearchAction","target":{"@type":"EntryPoint","urlTemplate":"https:\/\/dev.invicta.wp19.axome.cc\/es\/?s={search_term_string}"},"query-input":{"@type":"PropertyValueSpecification","valueRequired":true,"valueName":"search_term_string"}}],"inLanguage":"es"},{"@type":"Organization","@id":"https:\/\/dev.invicta.wp19.axome.cc\/es\/#organization","name":"Invicta","url":"https:\/\/dev.invicta.wp19.axome.cc\/es\/","logo":{"@type":"ImageObject","inLanguage":"es","@id":"https:\/\/dev.invicta.wp19.axome.cc\/es\/#\/schema\/logo\/image\/","url":"https:\/\/www.invicta.fr\/wp-content\/uploads\/2019\/06\/INVICTALOGO_RVB.png","contentUrl":"https:\/\/www.invicta.fr\/wp-content\/uploads\/2019\/06\/INVICTALOGO_RVB.png","width":1810,"height":1280,"caption":"Invicta"},"image":{"@id":"https:\/\/dev.invicta.wp19.axome.cc\/es\/#\/schema\/logo\/image\/"}}]}},"_links":{"self":[{"href":"https:\/\/dev.invicta.wp19.axome.cc\/es\/wp-json\/wp\/v2\/product\/69516","targetHints":{"allow":["GET"]}}],"collection":[{"href":"https:\/\/dev.invicta.wp19.axome.cc\/es\/wp-json\/wp\/v2\/product"}],"about":[{"href":"https:\/\/dev.invicta.wp19.axome.cc\/es\/wp-json\/wp\/v2\/types\/product"}],"wp:featuredmedia":[{"embeddable":true,"href":"https:\/\/dev.invicta.wp19.axome.cc\/es\/wp-json\/wp\/v2\/media\/68763"}],"wp:attachment":[{"href":"https:\/\/dev.invicta.wp19.axome.cc\/es\/wp-json\/wp\/v2\/media?parent=69516"}],"wp:term":[{"taxonomy":"product_brand","embeddable":true,"href":"https:\/\/dev.invicta.wp19.axome.cc\/es\/wp-json\/wp\/v2\/product_brand?post=69516"},{"taxonomy":"product_cat","embeddable":true,"href":"https:\/\/dev.invicta.wp19.axome.cc\/es\/wp-json\/wp\/v2\/product_cat?post=69516"},{"taxonomy":"product_tag","embeddable":true,"href":"https:\/\/dev.invicta.wp19.axome.cc\/es\/wp-json\/wp\/v2\/product_tag?post=69516"},{"taxonomy":"plus_produit","embeddable":true,"href":"https:\/\/dev.invicta.wp19.axome.cc\/es\/wp-json\/wp\/v2\/plus_produit?post=69516"}],"curies":[{"name":"wp","href":"https:\/\/api.w.org\/{rel}","templated":true}]}}

Chimenea 700 Sélénic cristal lado derecho

<p>La magia de las llamas le cautivará bajo todos los ángulos. La mirada va de un lado a otro y se evade.</p>

<!-- This site is optimized with the Yoast SEO plugin v24.7 - https://yoast.com/wordpress/plugins/seo/ -->
<title>Chimenea 700 Sélénic cristal lado derecho - Invicta</title>
<meta name="description" content="La magia de las llamas le cautivará bajo todos los ángulos. La mirada va de un lado a otro y se evade." />
<meta name="robots" content="index, follow, max-snippet:-1, max-image-preview:large, max-video-preview:-1" />
<link rel="canonical" href="https://dev.invicta.wp19.axome.cc/es/produit/chimenea-700-selenic-cristal-lado-derecho/" />
<meta property="og:locale" content="es_ES" />
<meta property="og:type" content="article" />
<meta property="og:title" content="Chimenea 700 Sélénic cristal lado derecho - Invicta" />
<meta property="og:description" content="La magia de las llamas le cautivará bajo todos los ángulos. La mirada va de un lado a otro y se evade." />
<meta property="og:url" content="https://dev.invicta.wp19.axome.cc/es/produit/chimenea-700-selenic-cristal-lado-derecho/" />
<meta property="og:site_name" content="Invicta" />
<meta property="article:modified_time" content="2025-06-09T16:08:46+00:00" />
<meta property="og:image" content="https://dev.invicta.wp19.axome.cc/wp-content/uploads/2025/06/SELENIC-vitre-droite-WEB.jpg" />
	<meta property="og:image:width" content="677" />
	<meta property="og:image:height" content="800" />
	<meta property="og:image:type" content="image/jpeg" />
<meta name="twitter:card" content="summary_large_image" />
<script type="application/ld+json" class="yoast-schema-graph">{"@context":"https://schema.org","@graph":[{"@type":"WebPage","@id":"https://dev.invicta.wp19.axome.cc/es/produit/chimenea-700-selenic-cristal-lado-derecho/","url":"https://dev.invicta.wp19.axome.cc/es/produit/chimenea-700-selenic-cristal-lado-derecho/","name":"Chimenea 700 Sélénic cristal lado derecho - Invicta","isPartOf":{"@id":"https://dev.invicta.wp19.axome.cc/es/#website"},"primaryImageOfPage":{"@id":"https://dev.invicta.wp19.axome.cc/es/produit/chimenea-700-selenic-cristal-lado-derecho/#primaryimage"},"image":{"@id":"https://dev.invicta.wp19.axome.cc/es/produit/chimenea-700-selenic-cristal-lado-derecho/#primaryimage"},"thumbnailUrl":"https://dev.invicta.wp19.axome.cc/wp-content/uploads/2025/06/SELENIC-vitre-droite-WEB.jpg","datePublished":"2025-06-09T16:08:32+00:00","dateModified":"2025-06-09T16:08:46+00:00","description":"La magia de las llamas le cautivará bajo todos los ángulos. La mirada va de un lado a otro y se evade.","breadcrumb":{"@id":"https://dev.invicta.wp19.axome.cc/es/produit/chimenea-700-selenic-cristal-lado-derecho/#breadcrumb"},"inLanguage":"es","potentialAction":[{"@type":"ReadAction","target":["https://dev.invicta.wp19.axome.cc/es/produit/chimenea-700-selenic-cristal-lado-derecho/"]}]},{"@type":"ImageObject","inLanguage":"es","@id":"https://dev.invicta.wp19.axome.cc/es/produit/chimenea-700-selenic-cristal-lado-derecho/#primaryimage","url":"https://dev.invicta.wp19.axome.cc/wp-content/uploads/2025/06/SELENIC-vitre-droite-WEB.jpg","contentUrl":"https://dev.invicta.wp19.axome.cc/wp-content/uploads/2025/06/SELENIC-vitre-droite-WEB.jpg","width":677,"height":800,"caption":"Foyer à bois 700 Sélénic vitre côté droit - avec volet"},{"@type":"BreadcrumbList","@id":"https://dev.invicta.wp19.axome.cc/es/produit/chimenea-700-selenic-cristal-lado-derecho/#breadcrumb","itemListElement":[{"@type":"ListItem","position":1,"name":"Inicio","item":"https://dev.invicta.wp19.axome.cc/es/"},{"@type":"ListItem","position":2,"name":"Productos","item":"https://dev.invicta.wp19.axome.cc/es/shop/"},{"@type":"ListItem","position":3,"name":"Chimenea 700 Sélénic cristal lado derecho"}]},{"@type":"WebSite","@id":"https://dev.invicta.wp19.axome.cc/es/#website","url":"https://dev.invicta.wp19.axome.cc/es/","name":"Invicta","description":"Fabricant français, spécialiste européen du chauffage au bois : poêles à bois et à granulés, cheminées, foyers et inserts","publisher":{"@id":"https://dev.invicta.wp19.axome.cc/es/#organization"},"potentialAction":[{"@type":"SearchAction","target":{"@type":"EntryPoint","urlTemplate":"https://dev.invicta.wp19.axome.cc/es/?s={search_term_string}"},"query-input":{"@type":"PropertyValueSpecification","valueRequired":true,"valueName":"search_term_string"}}],"inLanguage":"es"},{"@type":"Organization","@id":"https://dev.invicta.wp19.axome.cc/es/#organization","name":"Invicta","url":"https://dev.invicta.wp19.axome.cc/es/","logo":{"@type":"ImageObject","inLanguage":"es","@id":"https://dev.invicta.wp19.axome.cc/es/#/schema/logo/image/","url":"https://www.invicta.fr/wp-content/uploads/2019/06/INVICTALOGO_RVB.png","contentUrl":"https://www.invicta.fr/wp-content/uploads/2019/06/INVICTALOGO_RVB.png","width":1810,"height":1280,"caption":"Invicta"},"image":{"@id":"https://dev.invicta.wp19.axome.cc/es/#/schema/logo/image/"}}]}</script>
<!-- / Yoast SEO plugin. -->

Chimenea 700 Sélénic cristal lado derecho - Invicta

La magia de las llamas le cautivará bajo todos los ángulos. La mirada va de un lado a otro y se evade.

Foyer à bois 700 Sélénic vitre côté droit - avec volet

Fabricant français, spécialiste européen du chauffage au bois : poêles à bois et à granulés, cheminées, foyers et inserts
