{"id":69538,"date":"2025-11-26T08:13:06","date_gmt":"2025-06-09T16:08:50","guid":{"rendered":"https:\/\/dev.invicta.wp19.axome.cc\/produit\/estufa-de-pellets-estanca-lodi-8\/"},"modified":"2025-06-09T18:09:02","modified_gmt":"2025-06-09T16:09:02","slug":"estufa-de-pellets-estanca-lodi-8","status":"publish","type":"product","link":"https:\/\/dev.invicta.wp19.axome.cc\/es\/produit\/estufa-de-pellets-estanca-lodi-8\/","title":{"rendered":"Estufa de pellets estanca Lodi 8"},"content":{"rendered":"<p>Con sus l\u00edneas redondas y su estilo suave, Lodi 8 transmite calidez y bienestar en su h\u00e1bitat.<\/p>\n","protected":false},"excerpt":{"rendered":"<p>Con sus l\u00edneas redondas y su estilo suave, Lodi 8 transmite calidez y bienestar en su h\u00e1bitat.<\/p>\n","protected":false},"featured_media":0,"template":"","meta":{"_acf_changed":false},"product_brand":[],"product_cat":[2293,3057,3058,6452,6457,6451,6448,6456,6450,6454,6449,6455,6453],"product_tag":[2317,6460,7048],"plus_produit":[3188,2597,2318,6553,2309,3187,2312,2294,2296],"class_list":{"1":"product","5":"product_cat-ayuda-en-la-eleccion","6":"product_cat-estufas-de-pellets-es","7":"product_cat-estufas-de-pellets-estancas","8":"product_cat-estufas-de-pellets-de-8-kw","9":"product_cat-estufas-de-pellets-estancas-de-8-kw","10":"product_cat-estufas-de-pellet-autonomas","11":"product_cat-estufas-de-pellets-programables","12":"product_cat-estufas-de-pellets-contemporaneas","13":"product_cat-estufas-de-pellets-modernas","14":"product_cat-estufas-de-pellets-blancas","15":"product_cat-estufas-de-pellet-redondas","16":"product_cat-toma-de-pared-para-estufas-de-pellets","17":"product_cat-estufas-de-pellets-con-salida-de-aspiracion","18":"product_tag-ecoetiqueta-a","19":"product_tag-zona-3-ventosa","20":"product_tag-y-garantia-de-3-anos","21":"pa_capacite-de-la-tremie-165-kg","22":"pa_consommation-de-053-a-222-kg-hora","23":"pa_volume-de-chauffe-100-210-m-es","24":"plus_produit-dictamen-tecnico-cstb-n-14-2-15-2130v5","25":"plus_produit-dispositivo-resistente-al-agua-compatible-con-rt2012","26":"plus_produit-kit-de-control-de-la-combustion-kcc","27":"plus_produit-kit-wifi-opcional","28":"plus_produit-posibilidad-de-control-por-termostato-externo-no-incluido","29":"plus_produit-posible-instalacion-de-fachada-zona-3-ventosa","30":"plus_produit-programacion-horaria","31":"plus_produit-regulacion-de-la-potencia-o-la-temperatura-ambiente","32":"plus_produit-salida-de-aire-caliente-por-ventilador","34":"first","35":"instock","36":"product-type-simple"},"acf":[],"yoast_head":"<!-- This site is optimized with the Yoast SEO plugin v24.7 - https:\/\/yoast.com\/wordpress\/plugins\/seo\/ -->\n<title>Estufa de pellets estanca Lodi 8 - Invicta<\/title>\n<meta name=\"description\" content=\"Con sus l\u00edneas redondas y su estilo suave, Lodi 8 transmite calidez y bienestar en su h\u00e1bitat.\" \/>\n<meta name=\"robots\" content=\"index, follow, max-snippet:-1, max-image-preview:large, max-video-preview:-1\" \/>\n<link rel=\"canonical\" href=\"https:\/\/dev.invicta.wp19.axome.cc\/es\/produit\/estufa-de-pellets-estanca-lodi-8\/\" \/>\n<meta property=\"og:locale\" content=\"es_ES\" \/>\n<meta property=\"og:type\" content=\"article\" \/>\n<meta property=\"og:title\" content=\"Estufa de pellets estanca Lodi 8 - Invicta\" \/>\n<meta property=\"og:description\" content=\"Con sus l\u00edneas redondas y su estilo suave, Lodi 8 transmite calidez y bienestar en su h\u00e1bitat.\" \/>\n<meta property=\"og:url\" content=\"https:\/\/dev.invicta.wp19.axome.cc\/es\/produit\/estufa-de-pellets-estanca-lodi-8\/\" \/>\n<meta property=\"og:site_name\" content=\"Invicta\" \/>\n<meta property=\"article:modified_time\" content=\"2025-06-09T16:09:02+00:00\" \/>\n<meta name=\"twitter:card\" content=\"summary_large_image\" \/>\n<script type=\"application\/ld+json\" class=\"yoast-schema-graph\">{\"@context\":\"https:\/\/schema.org\",\"@graph\":[{\"@type\":\"WebPage\",\"@id\":\"https:\/\/dev.invicta.wp19.axome.cc\/es\/produit\/estufa-de-pellets-estanca-lodi-8\/\",\"url\":\"https:\/\/dev.invicta.wp19.axome.cc\/es\/produit\/estufa-de-pellets-estanca-lodi-8\/\",\"name\":\"Estufa de pellets estanca Lodi 8 - Invicta\",\"isPartOf\":{\"@id\":\"https:\/\/dev.invicta.wp19.axome.cc\/es\/#website\"},\"datePublished\":\"2025-06-09T16:08:50+00:00\",\"dateModified\":\"2025-06-09T16:09:02+00:00\",\"description\":\"Con sus l\u00edneas redondas y su estilo suave, Lodi 8 transmite calidez y bienestar en su h\u00e1bitat.\",\"breadcrumb\":{\"@id\":\"https:\/\/dev.invicta.wp19.axome.cc\/es\/produit\/estufa-de-pellets-estanca-lodi-8\/#breadcrumb\"},\"inLanguage\":\"es\",\"potentialAction\":[{\"@type\":\"ReadAction\",\"target\":[\"https:\/\/dev.invicta.wp19.axome.cc\/es\/produit\/estufa-de-pellets-estanca-lodi-8\/\"]}]},{\"@type\":\"BreadcrumbList\",\"@id\":\"https:\/\/dev.invicta.wp19.axome.cc\/es\/produit\/estufa-de-pellets-estanca-lodi-8\/#breadcrumb\",\"itemListElement\":[{\"@type\":\"ListItem\",\"position\":1,\"name\":\"Inicio\",\"item\":\"https:\/\/dev.invicta.wp19.axome.cc\/es\/\"},{\"@type\":\"ListItem\",\"position\":2,\"name\":\"Productos\",\"item\":\"https:\/\/dev.invicta.wp19.axome.cc\/es\/shop\/\"},{\"@type\":\"ListItem\",\"position\":3,\"name\":\"Estufa de pellets estanca Lodi 8\"}]},{\"@type\":\"WebSite\",\"@id\":\"https:\/\/dev.invicta.wp19.axome.cc\/es\/#website\",\"url\":\"https:\/\/dev.invicta.wp19.axome.cc\/es\/\",\"name\":\"Invicta\",\"description\":\"Fabricant fran\u00e7ais, sp\u00e9cialiste europ\u00e9en du chauffage au bois : po\u00eales \u00e0 bois et \u00e0 granul\u00e9s, chemin\u00e9es, foyers et inserts\",\"publisher\":{\"@id\":\"https:\/\/dev.invicta.wp19.axome.cc\/es\/#organization\"},\"potentialAction\":[{\"@type\":\"SearchAction\",\"target\":{\"@type\":\"EntryPoint\",\"urlTemplate\":\"https:\/\/dev.invicta.wp19.axome.cc\/es\/?s={search_term_string}\"},\"query-input\":{\"@type\":\"PropertyValueSpecification\",\"valueRequired\":true,\"valueName\":\"search_term_string\"}}],\"inLanguage\":\"es\"},{\"@type\":\"Organization\",\"@id\":\"https:\/\/dev.invicta.wp19.axome.cc\/es\/#organization\",\"name\":\"Invicta\",\"url\":\"https:\/\/dev.invicta.wp19.axome.cc\/es\/\",\"logo\":{\"@type\":\"ImageObject\",\"inLanguage\":\"es\",\"@id\":\"https:\/\/dev.invicta.wp19.axome.cc\/es\/#\/schema\/logo\/image\/\",\"url\":\"https:\/\/www.invicta.fr\/wp-content\/uploads\/2019\/06\/INVICTALOGO_RVB.png\",\"contentUrl\":\"https:\/\/www.invicta.fr\/wp-content\/uploads\/2019\/06\/INVICTALOGO_RVB.png\",\"width\":1810,\"height\":1280,\"caption\":\"Invicta\"},\"image\":{\"@id\":\"https:\/\/dev.invicta.wp19.axome.cc\/es\/#\/schema\/logo\/image\/\"}}]}<\/script>\n<!-- \/ Yoast SEO plugin. -->","yoast_head_json":{"title":"Estufa de pellets estanca Lodi 8 - Invicta","description":"Con sus l\u00edneas redondas y su estilo suave, Lodi 8 transmite calidez y bienestar en su h\u00e1bitat.","robots":{"index":"index","follow":"follow","max-snippet":"max-snippet:-1","max-image-preview":"max-image-preview:large","max-video-preview":"max-video-preview:-1"},"canonical":"https:\/\/dev.invicta.wp19.axome.cc\/es\/produit\/estufa-de-pellets-estanca-lodi-8\/","og_locale":"es_ES","og_type":"article","og_title":"Estufa de pellets estanca Lodi 8 - Invicta","og_description":"Con sus l\u00edneas redondas y su estilo suave, Lodi 8 transmite calidez y bienestar en su h\u00e1bitat.","og_url":"https:\/\/dev.invicta.wp19.axome.cc\/es\/produit\/estufa-de-pellets-estanca-lodi-8\/","og_site_name":"Invicta","article_modified_time":"2025-06-09T16:09:02+00:00","twitter_card":"summary_large_image","schema":{"@context":"https:\/\/schema.org","@graph":[{"@type":"WebPage","@id":"https:\/\/dev.invicta.wp19.axome.cc\/es\/produit\/estufa-de-pellets-estanca-lodi-8\/","url":"https:\/\/dev.invicta.wp19.axome.cc\/es\/produit\/estufa-de-pellets-estanca-lodi-8\/","name":"Estufa de pellets estanca Lodi 8 - Invicta","isPartOf":{"@id":"https:\/\/dev.invicta.wp19.axome.cc\/es\/#website"},"datePublished":"2025-06-09T16:08:50+00:00","dateModified":"2025-06-09T16:09:02+00:00","description":"Con sus l\u00edneas redondas y su estilo suave, Lodi 8 transmite calidez y bienestar en su h\u00e1bitat.","breadcrumb":{"@id":"https:\/\/dev.invicta.wp19.axome.cc\/es\/produit\/estufa-de-pellets-estanca-lodi-8\/#breadcrumb"},"inLanguage":"es","potentialAction":[{"@type":"ReadAction","target":["https:\/\/dev.invicta.wp19.axome.cc\/es\/produit\/estufa-de-pellets-estanca-lodi-8\/"]}]},{"@type":"BreadcrumbList","@id":"https:\/\/dev.invicta.wp19.axome.cc\/es\/produit\/estufa-de-pellets-estanca-lodi-8\/#breadcrumb","itemListElement":[{"@type":"ListItem","position":1,"name":"Inicio","item":"https:\/\/dev.invicta.wp19.axome.cc\/es\/"},{"@type":"ListItem","position":2,"name":"Productos","item":"https:\/\/dev.invicta.wp19.axome.cc\/es\/shop\/"},{"@type":"ListItem","position":3,"name":"Estufa de pellets estanca Lodi 8"}]},{"@type":"WebSite","@id":"https:\/\/dev.invicta.wp19.axome.cc\/es\/#website","url":"https:\/\/dev.invicta.wp19.axome.cc\/es\/","name":"Invicta","description":"Fabricant fran\u00e7ais, sp\u00e9cialiste europ\u00e9en du chauffage au bois : po\u00eales \u00e0 bois et \u00e0 granul\u00e9s, chemin\u00e9es, foyers et inserts","publisher":{"@id":"https:\/\/dev.invicta.wp19.axome.cc\/es\/#organization"},"potentialAction":[{"@type":"SearchAction","target":{"@type":"EntryPoint","urlTemplate":"https:\/\/dev.invicta.wp19.axome.cc\/es\/?s={search_term_string}"},"query-input":{"@type":"PropertyValueSpecification","valueRequired":true,"valueName":"search_term_string"}}],"inLanguage":"es"},{"@type":"Organization","@id":"https:\/\/dev.invicta.wp19.axome.cc\/es\/#organization","name":"Invicta","url":"https:\/\/dev.invicta.wp19.axome.cc\/es\/","logo":{"@type":"ImageObject","inLanguage":"es","@id":"https:\/\/dev.invicta.wp19.axome.cc\/es\/#\/schema\/logo\/image\/","url":"https:\/\/www.invicta.fr\/wp-content\/uploads\/2019\/06\/INVICTALOGO_RVB.png","contentUrl":"https:\/\/www.invicta.fr\/wp-content\/uploads\/2019\/06\/INVICTALOGO_RVB.png","width":1810,"height":1280,"caption":"Invicta"},"image":{"@id":"https:\/\/dev.invicta.wp19.axome.cc\/es\/#\/schema\/logo\/image\/"}}]}},"_links":{"self":[{"href":"https:\/\/dev.invicta.wp19.axome.cc\/es\/wp-json\/wp\/v2\/product\/69538","targetHints":{"allow":["GET"]}}],"collection":[{"href":"https:\/\/dev.invicta.wp19.axome.cc\/es\/wp-json\/wp\/v2\/product"}],"about":[{"href":"https:\/\/dev.invicta.wp19.axome.cc\/es\/wp-json\/wp\/v2\/types\/product"}],"wp:attachment":[{"href":"https:\/\/dev.invicta.wp19.axome.cc\/es\/wp-json\/wp\/v2\/media?parent=69538"}],"wp:term":[{"taxonomy":"product_brand","embeddable":true,"href":"https:\/\/dev.invicta.wp19.axome.cc\/es\/wp-json\/wp\/v2\/product_brand?post=69538"},{"taxonomy":"product_cat","embeddable":true,"href":"https:\/\/dev.invicta.wp19.axome.cc\/es\/wp-json\/wp\/v2\/product_cat?post=69538"},{"taxonomy":"product_tag","embeddable":true,"href":"https:\/\/dev.invicta.wp19.axome.cc\/es\/wp-json\/wp\/v2\/product_tag?post=69538"},{"taxonomy":"plus_produit","embeddable":true,"href":"https:\/\/dev.invicta.wp19.axome.cc\/es\/wp-json\/wp\/v2\/plus_produit?post=69538"}],"curies":[{"name":"wp","href":"https:\/\/api.w.org\/{rel}","templated":true}]}}

<p>Con sus líneas redondas y su estilo suave, Lodi 8 transmite calidez y bienestar en su hábitat.</p>

<!-- This site is optimized with the Yoast SEO plugin v24.7 - https://yoast.com/wordpress/plugins/seo/ -->
<title>Estufa de pellets estanca Lodi 8 - Invicta</title>
<meta name="description" content="Con sus líneas redondas y su estilo suave, Lodi 8 transmite calidez y bienestar en su hábitat." />
<meta name="robots" content="index, follow, max-snippet:-1, max-image-preview:large, max-video-preview:-1" />
<link rel="canonical" href="https://dev.invicta.wp19.axome.cc/es/produit/estufa-de-pellets-estanca-lodi-8/" />
<meta property="og:locale" content="es_ES" />
<meta property="og:type" content="article" />
<meta property="og:title" content="Estufa de pellets estanca Lodi 8 - Invicta" />
<meta property="og:description" content="Con sus líneas redondas y su estilo suave, Lodi 8 transmite calidez y bienestar en su hábitat." />
<meta property="og:url" content="https://dev.invicta.wp19.axome.cc/es/produit/estufa-de-pellets-estanca-lodi-8/" />
<meta property="og:site_name" content="Invicta" />
<meta property="article:modified_time" content="2025-06-09T16:09:02+00:00" />
<meta name="twitter:card" content="summary_large_image" />
<script type="application/ld+json" class="yoast-schema-graph">{"@context":"https://schema.org","@graph":[{"@type":"WebPage","@id":"https://dev.invicta.wp19.axome.cc/es/produit/estufa-de-pellets-estanca-lodi-8/","url":"https://dev.invicta.wp19.axome.cc/es/produit/estufa-de-pellets-estanca-lodi-8/","name":"Estufa de pellets estanca Lodi 8 - Invicta","isPartOf":{"@id":"https://dev.invicta.wp19.axome.cc/es/#website"},"datePublished":"2025-06-09T16:08:50+00:00","dateModified":"2025-06-09T16:09:02+00:00","description":"Con sus líneas redondas y su estilo suave, Lodi 8 transmite calidez y bienestar en su hábitat.","breadcrumb":{"@id":"https://dev.invicta.wp19.axome.cc/es/produit/estufa-de-pellets-estanca-lodi-8/#breadcrumb"},"inLanguage":"es","potentialAction":[{"@type":"ReadAction","target":["https://dev.invicta.wp19.axome.cc/es/produit/estufa-de-pellets-estanca-lodi-8/"]}]},{"@type":"BreadcrumbList","@id":"https://dev.invicta.wp19.axome.cc/es/produit/estufa-de-pellets-estanca-lodi-8/#breadcrumb","itemListElement":[{"@type":"ListItem","position":1,"name":"Inicio","item":"https://dev.invicta.wp19.axome.cc/es/"},{"@type":"ListItem","position":2,"name":"Productos","item":"https://dev.invicta.wp19.axome.cc/es/shop/"},{"@type":"ListItem","position":3,"name":"Estufa de pellets estanca Lodi 8"}]},{"@type":"WebSite","@id":"https://dev.invicta.wp19.axome.cc/es/#website","url":"https://dev.invicta.wp19.axome.cc/es/","name":"Invicta","description":"Fabricant français, spécialiste européen du chauffage au bois : poêles à bois et à granulés, cheminées, foyers et inserts","publisher":{"@id":"https://dev.invicta.wp19.axome.cc/es/#organization"},"potentialAction":[{"@type":"SearchAction","target":{"@type":"EntryPoint","urlTemplate":"https://dev.invicta.wp19.axome.cc/es/?s={search_term_string}"},"query-input":{"@type":"PropertyValueSpecification","valueRequired":true,"valueName":"search_term_string"}}],"inLanguage":"es"},{"@type":"Organization","@id":"https://dev.invicta.wp19.axome.cc/es/#organization","name":"Invicta","url":"https://dev.invicta.wp19.axome.cc/es/","logo":{"@type":"ImageObject","inLanguage":"es","@id":"https://dev.invicta.wp19.axome.cc/es/#/schema/logo/image/","url":"https://www.invicta.fr/wp-content/uploads/2019/06/INVICTALOGO_RVB.png","contentUrl":"https://www.invicta.fr/wp-content/uploads/2019/06/INVICTALOGO_RVB.png","width":1810,"height":1280,"caption":"Invicta"},"image":{"@id":"https://dev.invicta.wp19.axome.cc/es/#/schema/logo/image/"}}]}</script>
<!-- / Yoast SEO plugin. -->

Con sus líneas redondas y su estilo suave, Lodi 8 transmite calidez y bienestar en su hábitat.

Fabricant français, spécialiste européen du chauffage au bois : poêles à bois et à granulés, cheminées, foyers et inserts
