{"id":69569,"date":"2025-11-26T08:05:08","date_gmt":"2025-06-09T16:09:14","guid":{"rendered":"https:\/\/dev.invicta.wp19.axome.cc\/produit\/estufa-de-pellets-arenga-lp9\/"},"modified":"2025-06-09T18:09:20","modified_gmt":"2025-06-09T16:09:20","slug":"estufa-de-pellets-arenga-lp9","status":"publish","type":"product","link":"https:\/\/dev.invicta.wp19.axome.cc\/es\/produit\/estufa-de-pellets-arenga-lp9\/","title":{"rendered":"Estufa de pellets Arenga LP9"},"content":{"rendered":"<p>Con las l\u00edneas redondeadas de sus alas de acero negras o blancas, Arenga ilumina y calienta todos los espacios interiores. Tecnolog\u00eda y est\u00e9tica est\u00e1n en la cita de su confort energ\u00e9tico.<\/p>\n","protected":false},"excerpt":{"rendered":"<p>Con las l\u00edneas redondeadas de sus alas de acero negras o blancas, Arenga ilumina y calienta todos los espacios interiores. Tecnolog\u00eda y est\u00e9tica est\u00e1n en la cita de su confort energ\u00e9tico.<\/p>\n","protected":false},"featured_media":0,"template":"","meta":{"_acf_changed":false},"product_brand":[],"product_cat":[2293,3057,2321],"product_tag":[2317,7048],"plus_produit":[2318,2309,2312,2294,2296],"class_list":{"1":"product","5":"product_cat-ayuda-en-la-eleccion","6":"product_cat-estufas-de-pellets-es","7":"product_cat-estufas-de-pellets","8":"product_tag-ecoetiqueta-a","9":"product_tag-y-garantia-de-3-anos","10":"pa_capacite-de-la-tremie-17-kg-es","11":"pa_consommation-de-053-a-222-kg-hora","12":"pa_volume-de-chauffe-100-210-m-es","13":"plus_produit-kit-de-control-de-la-combustion-kcc","14":"plus_produit-posibilidad-de-control-por-termostato-externo-no-incluido","15":"plus_produit-programacion-horaria","16":"plus_produit-regulacion-de-la-potencia-o-la-temperatura-ambiente","17":"plus_produit-salida-de-aire-caliente-por-ventilador","19":"first","20":"instock","21":"product-type-simple"},"acf":[],"yoast_head":"<!-- This site is optimized with the Yoast SEO plugin v24.7 - https:\/\/yoast.com\/wordpress\/plugins\/seo\/ -->\n<title>Estufa de pellets Arenga LP9 - Invicta<\/title>\n<meta name=\"description\" content=\"Con las l\u00edneas redondeadas de sus alas de acero negras o blancas, Arenga ilumina y calienta todos los espacios interiores. Tecnolog\u00eda y est\u00e9tica est\u00e1n en\" \/>\n<meta name=\"robots\" content=\"index, follow, max-snippet:-1, max-image-preview:large, max-video-preview:-1\" \/>\n<link rel=\"canonical\" href=\"https:\/\/dev.invicta.wp19.axome.cc\/es\/produit\/estufa-de-pellets-arenga-lp9\/\" \/>\n<meta property=\"og:locale\" content=\"es_ES\" \/>\n<meta property=\"og:type\" content=\"article\" \/>\n<meta property=\"og:title\" content=\"Estufa de pellets Arenga LP9 - Invicta\" \/>\n<meta property=\"og:description\" content=\"Con las l\u00edneas redondeadas de sus alas de acero negras o blancas, Arenga ilumina y calienta todos los espacios interiores. Tecnolog\u00eda y est\u00e9tica est\u00e1n en\" \/>\n<meta property=\"og:url\" content=\"https:\/\/dev.invicta.wp19.axome.cc\/es\/produit\/estufa-de-pellets-arenga-lp9\/\" \/>\n<meta property=\"og:site_name\" content=\"Invicta\" \/>\n<meta property=\"article:modified_time\" content=\"2025-06-09T16:09:20+00:00\" \/>\n<meta name=\"twitter:card\" content=\"summary_large_image\" \/>\n<script type=\"application\/ld+json\" class=\"yoast-schema-graph\">{\"@context\":\"https:\/\/schema.org\",\"@graph\":[{\"@type\":\"WebPage\",\"@id\":\"https:\/\/dev.invicta.wp19.axome.cc\/es\/produit\/estufa-de-pellets-arenga-lp9\/\",\"url\":\"https:\/\/dev.invicta.wp19.axome.cc\/es\/produit\/estufa-de-pellets-arenga-lp9\/\",\"name\":\"Estufa de pellets Arenga LP9 - Invicta\",\"isPartOf\":{\"@id\":\"https:\/\/dev.invicta.wp19.axome.cc\/es\/#website\"},\"datePublished\":\"2025-06-09T16:09:14+00:00\",\"dateModified\":\"2025-06-09T16:09:20+00:00\",\"description\":\"Con las l\u00edneas redondeadas de sus alas de acero negras o blancas, Arenga ilumina y calienta todos los espacios interiores. Tecnolog\u00eda y est\u00e9tica est\u00e1n en\",\"breadcrumb\":{\"@id\":\"https:\/\/dev.invicta.wp19.axome.cc\/es\/produit\/estufa-de-pellets-arenga-lp9\/#breadcrumb\"},\"inLanguage\":\"es\",\"potentialAction\":[{\"@type\":\"ReadAction\",\"target\":[\"https:\/\/dev.invicta.wp19.axome.cc\/es\/produit\/estufa-de-pellets-arenga-lp9\/\"]}]},{\"@type\":\"BreadcrumbList\",\"@id\":\"https:\/\/dev.invicta.wp19.axome.cc\/es\/produit\/estufa-de-pellets-arenga-lp9\/#breadcrumb\",\"itemListElement\":[{\"@type\":\"ListItem\",\"position\":1,\"name\":\"Inicio\",\"item\":\"https:\/\/dev.invicta.wp19.axome.cc\/es\/\"},{\"@type\":\"ListItem\",\"position\":2,\"name\":\"Productos\",\"item\":\"https:\/\/dev.invicta.wp19.axome.cc\/es\/shop\/\"},{\"@type\":\"ListItem\",\"position\":3,\"name\":\"Estufa de pellets Arenga LP9\"}]},{\"@type\":\"WebSite\",\"@id\":\"https:\/\/dev.invicta.wp19.axome.cc\/es\/#website\",\"url\":\"https:\/\/dev.invicta.wp19.axome.cc\/es\/\",\"name\":\"Invicta\",\"description\":\"Fabricant fran\u00e7ais, sp\u00e9cialiste europ\u00e9en du chauffage au bois : po\u00eales \u00e0 bois et \u00e0 granul\u00e9s, chemin\u00e9es, foyers et inserts\",\"publisher\":{\"@id\":\"https:\/\/dev.invicta.wp19.axome.cc\/es\/#organization\"},\"potentialAction\":[{\"@type\":\"SearchAction\",\"target\":{\"@type\":\"EntryPoint\",\"urlTemplate\":\"https:\/\/dev.invicta.wp19.axome.cc\/es\/?s={search_term_string}\"},\"query-input\":{\"@type\":\"PropertyValueSpecification\",\"valueRequired\":true,\"valueName\":\"search_term_string\"}}],\"inLanguage\":\"es\"},{\"@type\":\"Organization\",\"@id\":\"https:\/\/dev.invicta.wp19.axome.cc\/es\/#organization\",\"name\":\"Invicta\",\"url\":\"https:\/\/dev.invicta.wp19.axome.cc\/es\/\",\"logo\":{\"@type\":\"ImageObject\",\"inLanguage\":\"es\",\"@id\":\"https:\/\/dev.invicta.wp19.axome.cc\/es\/#\/schema\/logo\/image\/\",\"url\":\"https:\/\/www.invicta.fr\/wp-content\/uploads\/2019\/06\/INVICTALOGO_RVB.png\",\"contentUrl\":\"https:\/\/www.invicta.fr\/wp-content\/uploads\/2019\/06\/INVICTALOGO_RVB.png\",\"width\":1810,\"height\":1280,\"caption\":\"Invicta\"},\"image\":{\"@id\":\"https:\/\/dev.invicta.wp19.axome.cc\/es\/#\/schema\/logo\/image\/\"}}]}<\/script>\n<!-- \/ Yoast SEO plugin. -->","yoast_head_json":{"title":"Estufa de pellets Arenga LP9 - Invicta","description":"Con las l\u00edneas redondeadas de sus alas de acero negras o blancas, Arenga ilumina y calienta todos los espacios interiores. Tecnolog\u00eda y est\u00e9tica est\u00e1n en","robots":{"index":"index","follow":"follow","max-snippet":"max-snippet:-1","max-image-preview":"max-image-preview:large","max-video-preview":"max-video-preview:-1"},"canonical":"https:\/\/dev.invicta.wp19.axome.cc\/es\/produit\/estufa-de-pellets-arenga-lp9\/","og_locale":"es_ES","og_type":"article","og_title":"Estufa de pellets Arenga LP9 - Invicta","og_description":"Con las l\u00edneas redondeadas de sus alas de acero negras o blancas, Arenga ilumina y calienta todos los espacios interiores. Tecnolog\u00eda y est\u00e9tica est\u00e1n en","og_url":"https:\/\/dev.invicta.wp19.axome.cc\/es\/produit\/estufa-de-pellets-arenga-lp9\/","og_site_name":"Invicta","article_modified_time":"2025-06-09T16:09:20+00:00","twitter_card":"summary_large_image","schema":{"@context":"https:\/\/schema.org","@graph":[{"@type":"WebPage","@id":"https:\/\/dev.invicta.wp19.axome.cc\/es\/produit\/estufa-de-pellets-arenga-lp9\/","url":"https:\/\/dev.invicta.wp19.axome.cc\/es\/produit\/estufa-de-pellets-arenga-lp9\/","name":"Estufa de pellets Arenga LP9 - Invicta","isPartOf":{"@id":"https:\/\/dev.invicta.wp19.axome.cc\/es\/#website"},"datePublished":"2025-06-09T16:09:14+00:00","dateModified":"2025-06-09T16:09:20+00:00","description":"Con las l\u00edneas redondeadas de sus alas de acero negras o blancas, Arenga ilumina y calienta todos los espacios interiores. Tecnolog\u00eda y est\u00e9tica est\u00e1n en","breadcrumb":{"@id":"https:\/\/dev.invicta.wp19.axome.cc\/es\/produit\/estufa-de-pellets-arenga-lp9\/#breadcrumb"},"inLanguage":"es","potentialAction":[{"@type":"ReadAction","target":["https:\/\/dev.invicta.wp19.axome.cc\/es\/produit\/estufa-de-pellets-arenga-lp9\/"]}]},{"@type":"BreadcrumbList","@id":"https:\/\/dev.invicta.wp19.axome.cc\/es\/produit\/estufa-de-pellets-arenga-lp9\/#breadcrumb","itemListElement":[{"@type":"ListItem","position":1,"name":"Inicio","item":"https:\/\/dev.invicta.wp19.axome.cc\/es\/"},{"@type":"ListItem","position":2,"name":"Productos","item":"https:\/\/dev.invicta.wp19.axome.cc\/es\/shop\/"},{"@type":"ListItem","position":3,"name":"Estufa de pellets Arenga LP9"}]},{"@type":"WebSite","@id":"https:\/\/dev.invicta.wp19.axome.cc\/es\/#website","url":"https:\/\/dev.invicta.wp19.axome.cc\/es\/","name":"Invicta","description":"Fabricant fran\u00e7ais, sp\u00e9cialiste europ\u00e9en du chauffage au bois : po\u00eales \u00e0 bois et \u00e0 granul\u00e9s, chemin\u00e9es, foyers et inserts","publisher":{"@id":"https:\/\/dev.invicta.wp19.axome.cc\/es\/#organization"},"potentialAction":[{"@type":"SearchAction","target":{"@type":"EntryPoint","urlTemplate":"https:\/\/dev.invicta.wp19.axome.cc\/es\/?s={search_term_string}"},"query-input":{"@type":"PropertyValueSpecification","valueRequired":true,"valueName":"search_term_string"}}],"inLanguage":"es"},{"@type":"Organization","@id":"https:\/\/dev.invicta.wp19.axome.cc\/es\/#organization","name":"Invicta","url":"https:\/\/dev.invicta.wp19.axome.cc\/es\/","logo":{"@type":"ImageObject","inLanguage":"es","@id":"https:\/\/dev.invicta.wp19.axome.cc\/es\/#\/schema\/logo\/image\/","url":"https:\/\/www.invicta.fr\/wp-content\/uploads\/2019\/06\/INVICTALOGO_RVB.png","contentUrl":"https:\/\/www.invicta.fr\/wp-content\/uploads\/2019\/06\/INVICTALOGO_RVB.png","width":1810,"height":1280,"caption":"Invicta"},"image":{"@id":"https:\/\/dev.invicta.wp19.axome.cc\/es\/#\/schema\/logo\/image\/"}}]}},"_links":{"self":[{"href":"https:\/\/dev.invicta.wp19.axome.cc\/es\/wp-json\/wp\/v2\/product\/69569","targetHints":{"allow":["GET"]}}],"collection":[{"href":"https:\/\/dev.invicta.wp19.axome.cc\/es\/wp-json\/wp\/v2\/product"}],"about":[{"href":"https:\/\/dev.invicta.wp19.axome.cc\/es\/wp-json\/wp\/v2\/types\/product"}],"wp:attachment":[{"href":"https:\/\/dev.invicta.wp19.axome.cc\/es\/wp-json\/wp\/v2\/media?parent=69569"}],"wp:term":[{"taxonomy":"product_brand","embeddable":true,"href":"https:\/\/dev.invicta.wp19.axome.cc\/es\/wp-json\/wp\/v2\/product_brand?post=69569"},{"taxonomy":"product_cat","embeddable":true,"href":"https:\/\/dev.invicta.wp19.axome.cc\/es\/wp-json\/wp\/v2\/product_cat?post=69569"},{"taxonomy":"product_tag","embeddable":true,"href":"https:\/\/dev.invicta.wp19.axome.cc\/es\/wp-json\/wp\/v2\/product_tag?post=69569"},{"taxonomy":"plus_produit","embeddable":true,"href":"https:\/\/dev.invicta.wp19.axome.cc\/es\/wp-json\/wp\/v2\/plus_produit?post=69569"}],"curies":[{"name":"wp","href":"https:\/\/api.w.org\/{rel}","templated":true}]}}

<p>Con las líneas redondeadas de sus alas de acero negras o blancas, Arenga ilumina y calienta todos los espacios interiores. Tecnología y estética están en la cita de su confort energético.</p>

<!-- This site is optimized with the Yoast SEO plugin v24.7 - https://yoast.com/wordpress/plugins/seo/ -->
<title>Estufa de pellets Arenga LP9 - Invicta</title>
<meta name="description" content="Con las líneas redondeadas de sus alas de acero negras o blancas, Arenga ilumina y calienta todos los espacios interiores. Tecnología y estética están en" />
<meta name="robots" content="index, follow, max-snippet:-1, max-image-preview:large, max-video-preview:-1" />
<link rel="canonical" href="https://dev.invicta.wp19.axome.cc/es/produit/estufa-de-pellets-arenga-lp9/" />
<meta property="og:locale" content="es_ES" />
<meta property="og:type" content="article" />
<meta property="og:title" content="Estufa de pellets Arenga LP9 - Invicta" />
<meta property="og:description" content="Con las líneas redondeadas de sus alas de acero negras o blancas, Arenga ilumina y calienta todos los espacios interiores. Tecnología y estética están en" />
<meta property="og:url" content="https://dev.invicta.wp19.axome.cc/es/produit/estufa-de-pellets-arenga-lp9/" />
<meta property="og:site_name" content="Invicta" />
<meta property="article:modified_time" content="2025-06-09T16:09:20+00:00" />
<meta name="twitter:card" content="summary_large_image" />
<script type="application/ld+json" class="yoast-schema-graph">{"@context":"https://schema.org","@graph":[{"@type":"WebPage","@id":"https://dev.invicta.wp19.axome.cc/es/produit/estufa-de-pellets-arenga-lp9/","url":"https://dev.invicta.wp19.axome.cc/es/produit/estufa-de-pellets-arenga-lp9/","name":"Estufa de pellets Arenga LP9 - Invicta","isPartOf":{"@id":"https://dev.invicta.wp19.axome.cc/es/#website"},"datePublished":"2025-06-09T16:09:14+00:00","dateModified":"2025-06-09T16:09:20+00:00","description":"Con las líneas redondeadas de sus alas de acero negras o blancas, Arenga ilumina y calienta todos los espacios interiores. Tecnología y estética están en","breadcrumb":{"@id":"https://dev.invicta.wp19.axome.cc/es/produit/estufa-de-pellets-arenga-lp9/#breadcrumb"},"inLanguage":"es","potentialAction":[{"@type":"ReadAction","target":["https://dev.invicta.wp19.axome.cc/es/produit/estufa-de-pellets-arenga-lp9/"]}]},{"@type":"BreadcrumbList","@id":"https://dev.invicta.wp19.axome.cc/es/produit/estufa-de-pellets-arenga-lp9/#breadcrumb","itemListElement":[{"@type":"ListItem","position":1,"name":"Inicio","item":"https://dev.invicta.wp19.axome.cc/es/"},{"@type":"ListItem","position":2,"name":"Productos","item":"https://dev.invicta.wp19.axome.cc/es/shop/"},{"@type":"ListItem","position":3,"name":"Estufa de pellets Arenga LP9"}]},{"@type":"WebSite","@id":"https://dev.invicta.wp19.axome.cc/es/#website","url":"https://dev.invicta.wp19.axome.cc/es/","name":"Invicta","description":"Fabricant français, spécialiste européen du chauffage au bois : poêles à bois et à granulés, cheminées, foyers et inserts","publisher":{"@id":"https://dev.invicta.wp19.axome.cc/es/#organization"},"potentialAction":[{"@type":"SearchAction","target":{"@type":"EntryPoint","urlTemplate":"https://dev.invicta.wp19.axome.cc/es/?s={search_term_string}"},"query-input":{"@type":"PropertyValueSpecification","valueRequired":true,"valueName":"search_term_string"}}],"inLanguage":"es"},{"@type":"Organization","@id":"https://dev.invicta.wp19.axome.cc/es/#organization","name":"Invicta","url":"https://dev.invicta.wp19.axome.cc/es/","logo":{"@type":"ImageObject","inLanguage":"es","@id":"https://dev.invicta.wp19.axome.cc/es/#/schema/logo/image/","url":"https://www.invicta.fr/wp-content/uploads/2019/06/INVICTALOGO_RVB.png","contentUrl":"https://www.invicta.fr/wp-content/uploads/2019/06/INVICTALOGO_RVB.png","width":1810,"height":1280,"caption":"Invicta"},"image":{"@id":"https://dev.invicta.wp19.axome.cc/es/#/schema/logo/image/"}}]}</script>
<!-- / Yoast SEO plugin. -->

Con las líneas redondeadas de sus alas de acero negras o blancas, Arenga ilumina y calienta todos los espacios interiores. Tecnología y estética están en

Fabricant français, spécialiste européen du chauffage au bois : poêles à bois et à granulés, cheminées, foyers et inserts
