{"id":69588,"date":"2025-11-26T08:34:25","date_gmt":"2025-11-26T11:38:16","guid":{"rendered":"https:\/\/dev.invicta.wp19.axome.cc\/produit\/chimenea-700-grande-vision-aleta\/"},"modified":"2025-11-26T13:38:18","modified_gmt":"2025-11-26T12:38:18","slug":"chimenea-700-grande-vision-con-registro","status":"publish","type":"product","link":"https:\/\/dev.invicta.wp19.axome.cc\/es\/produit\/chimenea-700-grande-vision-con-registro\/","title":{"rendered":"Chimenea 700 Grande Vision aleta"},"content":{"rendered":"","protected":false},"excerpt":{"rendered":"<p>Le presentamos la chimenea 2.0: nuevo estilo, nueva asa y un rendimiento mejorado.<\/p>\n","protected":false},"featured_media":68826,"template":"","meta":{"_acf_changed":false},"product_brand":[],"product_cat":[2293,3056,2288],"product_tag":[2303,2305,2299,2295,7048,7049],"plus_produit":[8041,2273,2278,2265,2284,6838,2263],"class_list":{"1":"product","4":"has-post-thumbnail","6":"product_cat-ayuda-en-la-eleccion","7":"product_cat-chemineas-insertos","8":"product_cat-chimeneas-de-lena","9":"product_tag-eco-design-2022-es","10":"product_tag-certificacion-ecolabel-a","11":"product_tag-100-hierro-fundido","12":"product_tag-post-combustion-es","13":"product_tag-y-garantia-de-3-anos","14":"product_tag-y-garantie-extension-2ans-por","15":"pa_consommation-de-053-a-222-kg-hora","16":"pa_depart-des-fumees-parte-superior","17":"pa_indice-de-performance-100-es","18":"pa_surface-de-chauffe-de-55-a-120-m","19":"pa_volume-de-chauffe-de-135-a-300-m","20":"plus_produit-100-fonte-3","21":"plus_produit-aleta-en-la-boquilla","22":"plus_produit-combustion-intermitente-y-prolongada-3-horas","23":"plus_produit-vidrio-limpio","24":"plus_produit-garantia-de-origen-frances","25":"plus_produit-garantia-extendida-3-anos","26":"plus_produit-sistema-de-post-combustion","28":"first","29":"instock","30":"purchasable","31":"product-type-simple"},"acf":[],"yoast_head":"<!-- This site is optimized with the Yoast SEO plugin v24.7 - https:\/\/yoast.com\/wordpress\/plugins\/seo\/ -->\n<title>Chimenea 700 Grande Vision aleta - Invicta<\/title>\n<meta name=\"description\" content=\"Le presentamos la chimenea 2.0: nuevo estilo, nueva asa y un rendimiento mejorado.\" \/>\n<meta name=\"robots\" content=\"index, follow, max-snippet:-1, max-image-preview:large, max-video-preview:-1\" \/>\n<link rel=\"canonical\" href=\"https:\/\/dev.invicta.wp19.axome.cc\/es\/produit\/chimenea-700-grande-vision-con-registro\/\" \/>\n<meta property=\"og:locale\" content=\"es_ES\" \/>\n<meta property=\"og:type\" content=\"article\" \/>\n<meta property=\"og:title\" content=\"Chimenea 700 Grande Vision aleta - Invicta\" \/>\n<meta property=\"og:description\" content=\"Le presentamos la chimenea 2.0: nuevo estilo, nueva asa y un rendimiento mejorado.\" \/>\n<meta property=\"og:url\" content=\"https:\/\/dev.invicta.wp19.axome.cc\/es\/produit\/chimenea-700-grande-vision-con-registro\/\" \/>\n<meta property=\"og:site_name\" content=\"Invicta\" \/>\n<meta property=\"article:modified_time\" content=\"2025-11-26T12:38:18+00:00\" \/>\n<meta property=\"og:image\" content=\"https:\/\/dev.invicta.wp19.axome.cc\/wp-content\/uploads\/2025\/06\/P927075_700-GV_ambiance_web.jpg\" \/>\n\t<meta property=\"og:image:width\" content=\"667\" \/>\n\t<meta property=\"og:image:height\" content=\"1000\" \/>\n\t<meta property=\"og:image:type\" content=\"image\/jpeg\" \/>\n<meta name=\"twitter:card\" content=\"summary_large_image\" \/>\n<script type=\"application\/ld+json\" class=\"yoast-schema-graph\">{\"@context\":\"https:\/\/schema.org\",\"@graph\":[{\"@type\":\"WebPage\",\"@id\":\"https:\/\/dev.invicta.wp19.axome.cc\/es\/produit\/chimenea-700-grande-vision-con-registro\/\",\"url\":\"https:\/\/dev.invicta.wp19.axome.cc\/es\/produit\/chimenea-700-grande-vision-con-registro\/\",\"name\":\"Chimenea 700 Grande Vision aleta - Invicta\",\"isPartOf\":{\"@id\":\"https:\/\/dev.invicta.wp19.axome.cc\/es\/#website\"},\"primaryImageOfPage\":{\"@id\":\"https:\/\/dev.invicta.wp19.axome.cc\/es\/produit\/chimenea-700-grande-vision-con-registro\/#primaryimage\"},\"image\":{\"@id\":\"https:\/\/dev.invicta.wp19.axome.cc\/es\/produit\/chimenea-700-grande-vision-con-registro\/#primaryimage\"},\"thumbnailUrl\":\"https:\/\/dev.invicta.wp19.axome.cc\/wp-content\/uploads\/2025\/06\/P927075_700-GV_ambiance_web.jpg\",\"datePublished\":\"2025-11-26T11:38:16+00:00\",\"dateModified\":\"2025-11-26T12:38:18+00:00\",\"description\":\"Le presentamos la chimenea 2.0: nuevo estilo, nueva asa y un rendimiento mejorado.\",\"breadcrumb\":{\"@id\":\"https:\/\/dev.invicta.wp19.axome.cc\/es\/produit\/chimenea-700-grande-vision-con-registro\/#breadcrumb\"},\"inLanguage\":\"es\",\"potentialAction\":[{\"@type\":\"ReadAction\",\"target\":[\"https:\/\/dev.invicta.wp19.axome.cc\/es\/produit\/chimenea-700-grande-vision-con-registro\/\"]}]},{\"@type\":\"ImageObject\",\"inLanguage\":\"es\",\"@id\":\"https:\/\/dev.invicta.wp19.axome.cc\/es\/produit\/chimenea-700-grande-vision-con-registro\/#primaryimage\",\"url\":\"https:\/\/dev.invicta.wp19.axome.cc\/wp-content\/uploads\/2025\/06\/P927075_700-GV_ambiance_web.jpg\",\"contentUrl\":\"https:\/\/dev.invicta.wp19.axome.cc\/wp-content\/uploads\/2025\/06\/P927075_700-GV_ambiance_web.jpg\",\"width\":667,\"height\":1000,\"caption\":\"Foyer 700 Grande Vision volet 10 kW\"},{\"@type\":\"BreadcrumbList\",\"@id\":\"https:\/\/dev.invicta.wp19.axome.cc\/es\/produit\/chimenea-700-grande-vision-con-registro\/#breadcrumb\",\"itemListElement\":[{\"@type\":\"ListItem\",\"position\":1,\"name\":\"Inicio\",\"item\":\"https:\/\/dev.invicta.wp19.axome.cc\/es\/\"},{\"@type\":\"ListItem\",\"position\":2,\"name\":\"Productos\",\"item\":\"https:\/\/dev.invicta.wp19.axome.cc\/es\/shop\/\"},{\"@type\":\"ListItem\",\"position\":3,\"name\":\"Chimeneas e insertos\",\"item\":\"https:\/\/dev.invicta.wp19.axome.cc\/es\/categorie-produit\/chemineas-insertos\/\"},{\"@type\":\"ListItem\",\"position\":4,\"name\":\"Chimeneas de le\u00f1a\",\"item\":\"https:\/\/dev.invicta.wp19.axome.cc\/es\/categorie-produit\/chemineas-insertos\/chimeneas-de-lena\/\"},{\"@type\":\"ListItem\",\"position\":5,\"name\":\"Chimenea 700 Grande Vision aleta\"}]},{\"@type\":\"WebSite\",\"@id\":\"https:\/\/dev.invicta.wp19.axome.cc\/es\/#website\",\"url\":\"https:\/\/dev.invicta.wp19.axome.cc\/es\/\",\"name\":\"Invicta\",\"description\":\"Fabricant fran\u00e7ais, sp\u00e9cialiste europ\u00e9en du chauffage au bois : po\u00eales \u00e0 bois et \u00e0 granul\u00e9s, chemin\u00e9es, foyers et inserts\",\"publisher\":{\"@id\":\"https:\/\/dev.invicta.wp19.axome.cc\/es\/#organization\"},\"potentialAction\":[{\"@type\":\"SearchAction\",\"target\":{\"@type\":\"EntryPoint\",\"urlTemplate\":\"https:\/\/dev.invicta.wp19.axome.cc\/es\/?s={search_term_string}\"},\"query-input\":{\"@type\":\"PropertyValueSpecification\",\"valueRequired\":true,\"valueName\":\"search_term_string\"}}],\"inLanguage\":\"es\"},{\"@type\":\"Organization\",\"@id\":\"https:\/\/dev.invicta.wp19.axome.cc\/es\/#organization\",\"name\":\"Invicta\",\"url\":\"https:\/\/dev.invicta.wp19.axome.cc\/es\/\",\"logo\":{\"@type\":\"ImageObject\",\"inLanguage\":\"es\",\"@id\":\"https:\/\/dev.invicta.wp19.axome.cc\/es\/#\/schema\/logo\/image\/\",\"url\":\"https:\/\/www.invicta.fr\/wp-content\/uploads\/2019\/06\/INVICTALOGO_RVB.png\",\"contentUrl\":\"https:\/\/www.invicta.fr\/wp-content\/uploads\/2019\/06\/INVICTALOGO_RVB.png\",\"width\":1810,\"height\":1280,\"caption\":\"Invicta\"},\"image\":{\"@id\":\"https:\/\/dev.invicta.wp19.axome.cc\/es\/#\/schema\/logo\/image\/\"}}]}<\/script>\n<!-- \/ Yoast SEO plugin. -->","yoast_head_json":{"title":"Chimenea 700 Grande Vision aleta - Invicta","description":"Le presentamos la chimenea 2.0: nuevo estilo, nueva asa y un rendimiento mejorado.","robots":{"index":"index","follow":"follow","max-snippet":"max-snippet:-1","max-image-preview":"max-image-preview:large","max-video-preview":"max-video-preview:-1"},"canonical":"https:\/\/dev.invicta.wp19.axome.cc\/es\/produit\/chimenea-700-grande-vision-con-registro\/","og_locale":"es_ES","og_type":"article","og_title":"Chimenea 700 Grande Vision aleta - Invicta","og_description":"Le presentamos la chimenea 2.0: nuevo estilo, nueva asa y un rendimiento mejorado.","og_url":"https:\/\/dev.invicta.wp19.axome.cc\/es\/produit\/chimenea-700-grande-vision-con-registro\/","og_site_name":"Invicta","article_modified_time":"2025-11-26T12:38:18+00:00","og_image":[{"width":667,"height":1000,"url":"https:\/\/dev.invicta.wp19.axome.cc\/wp-content\/uploads\/2025\/06\/P927075_700-GV_ambiance_web.jpg","type":"image\/jpeg"}],"twitter_card":"summary_large_image","schema":{"@context":"https:\/\/schema.org","@graph":[{"@type":"WebPage","@id":"https:\/\/dev.invicta.wp19.axome.cc\/es\/produit\/chimenea-700-grande-vision-con-registro\/","url":"https:\/\/dev.invicta.wp19.axome.cc\/es\/produit\/chimenea-700-grande-vision-con-registro\/","name":"Chimenea 700 Grande Vision aleta - Invicta","isPartOf":{"@id":"https:\/\/dev.invicta.wp19.axome.cc\/es\/#website"},"primaryImageOfPage":{"@id":"https:\/\/dev.invicta.wp19.axome.cc\/es\/produit\/chimenea-700-grande-vision-con-registro\/#primaryimage"},"image":{"@id":"https:\/\/dev.invicta.wp19.axome.cc\/es\/produit\/chimenea-700-grande-vision-con-registro\/#primaryimage"},"thumbnailUrl":"https:\/\/dev.invicta.wp19.axome.cc\/wp-content\/uploads\/2025\/06\/P927075_700-GV_ambiance_web.jpg","datePublished":"2025-11-26T11:38:16+00:00","dateModified":"2025-11-26T12:38:18+00:00","description":"Le presentamos la chimenea 2.0: nuevo estilo, nueva asa y un rendimiento mejorado.","breadcrumb":{"@id":"https:\/\/dev.invicta.wp19.axome.cc\/es\/produit\/chimenea-700-grande-vision-con-registro\/#breadcrumb"},"inLanguage":"es","potentialAction":[{"@type":"ReadAction","target":["https:\/\/dev.invicta.wp19.axome.cc\/es\/produit\/chimenea-700-grande-vision-con-registro\/"]}]},{"@type":"ImageObject","inLanguage":"es","@id":"https:\/\/dev.invicta.wp19.axome.cc\/es\/produit\/chimenea-700-grande-vision-con-registro\/#primaryimage","url":"https:\/\/dev.invicta.wp19.axome.cc\/wp-content\/uploads\/2025\/06\/P927075_700-GV_ambiance_web.jpg","contentUrl":"https:\/\/dev.invicta.wp19.axome.cc\/wp-content\/uploads\/2025\/06\/P927075_700-GV_ambiance_web.jpg","width":667,"height":1000,"caption":"Foyer 700 Grande Vision volet 10 kW"},{"@type":"BreadcrumbList","@id":"https:\/\/dev.invicta.wp19.axome.cc\/es\/produit\/chimenea-700-grande-vision-con-registro\/#breadcrumb","itemListElement":[{"@type":"ListItem","position":1,"name":"Inicio","item":"https:\/\/dev.invicta.wp19.axome.cc\/es\/"},{"@type":"ListItem","position":2,"name":"Productos","item":"https:\/\/dev.invicta.wp19.axome.cc\/es\/shop\/"},{"@type":"ListItem","position":3,"name":"Chimeneas e insertos","item":"https:\/\/dev.invicta.wp19.axome.cc\/es\/categorie-produit\/chemineas-insertos\/"},{"@type":"ListItem","position":4,"name":"Chimeneas de le\u00f1a","item":"https:\/\/dev.invicta.wp19.axome.cc\/es\/categorie-produit\/chemineas-insertos\/chimeneas-de-lena\/"},{"@type":"ListItem","position":5,"name":"Chimenea 700 Grande Vision aleta"}]},{"@type":"WebSite","@id":"https:\/\/dev.invicta.wp19.axome.cc\/es\/#website","url":"https:\/\/dev.invicta.wp19.axome.cc\/es\/","name":"Invicta","description":"Fabricant fran\u00e7ais, sp\u00e9cialiste europ\u00e9en du chauffage au bois : po\u00eales \u00e0 bois et \u00e0 granul\u00e9s, chemin\u00e9es, foyers et inserts","publisher":{"@id":"https:\/\/dev.invicta.wp19.axome.cc\/es\/#organization"},"potentialAction":[{"@type":"SearchAction","target":{"@type":"EntryPoint","urlTemplate":"https:\/\/dev.invicta.wp19.axome.cc\/es\/?s={search_term_string}"},"query-input":{"@type":"PropertyValueSpecification","valueRequired":true,"valueName":"search_term_string"}}],"inLanguage":"es"},{"@type":"Organization","@id":"https:\/\/dev.invicta.wp19.axome.cc\/es\/#organization","name":"Invicta","url":"https:\/\/dev.invicta.wp19.axome.cc\/es\/","logo":{"@type":"ImageObject","inLanguage":"es","@id":"https:\/\/dev.invicta.wp19.axome.cc\/es\/#\/schema\/logo\/image\/","url":"https:\/\/www.invicta.fr\/wp-content\/uploads\/2019\/06\/INVICTALOGO_RVB.png","contentUrl":"https:\/\/www.invicta.fr\/wp-content\/uploads\/2019\/06\/INVICTALOGO_RVB.png","width":1810,"height":1280,"caption":"Invicta"},"image":{"@id":"https:\/\/dev.invicta.wp19.axome.cc\/es\/#\/schema\/logo\/image\/"}}]}},"_links":{"self":[{"href":"https:\/\/dev.invicta.wp19.axome.cc\/es\/wp-json\/wp\/v2\/product\/69588","targetHints":{"allow":["GET"]}}],"collection":[{"href":"https:\/\/dev.invicta.wp19.axome.cc\/es\/wp-json\/wp\/v2\/product"}],"about":[{"href":"https:\/\/dev.invicta.wp19.axome.cc\/es\/wp-json\/wp\/v2\/types\/product"}],"wp:featuredmedia":[{"embeddable":true,"href":"https:\/\/dev.invicta.wp19.axome.cc\/es\/wp-json\/wp\/v2\/media\/68826"}],"wp:attachment":[{"href":"https:\/\/dev.invicta.wp19.axome.cc\/es\/wp-json\/wp\/v2\/media?parent=69588"}],"wp:term":[{"taxonomy":"product_brand","embeddable":true,"href":"https:\/\/dev.invicta.wp19.axome.cc\/es\/wp-json\/wp\/v2\/product_brand?post=69588"},{"taxonomy":"product_cat","embeddable":true,"href":"https:\/\/dev.invicta.wp19.axome.cc\/es\/wp-json\/wp\/v2\/product_cat?post=69588"},{"taxonomy":"product_tag","embeddable":true,"href":"https:\/\/dev.invicta.wp19.axome.cc\/es\/wp-json\/wp\/v2\/product_tag?post=69588"},{"taxonomy":"plus_produit","embeddable":true,"href":"https:\/\/dev.invicta.wp19.axome.cc\/es\/wp-json\/wp\/v2\/plus_produit?post=69588"}],"curies":[{"name":"wp","href":"https:\/\/api.w.org\/{rel}","templated":true}]}}

<!-- This site is optimized with the Yoast SEO plugin v24.7 - https://yoast.com/wordpress/plugins/seo/ -->
<title>Chimenea 700 Grande Vision aleta - Invicta</title>
<meta name="description" content="Le presentamos la chimenea 2.0: nuevo estilo, nueva asa y un rendimiento mejorado." />
<meta name="robots" content="index, follow, max-snippet:-1, max-image-preview:large, max-video-preview:-1" />
<link rel="canonical" href="https://dev.invicta.wp19.axome.cc/es/produit/chimenea-700-grande-vision-con-registro/" />
<meta property="og:locale" content="es_ES" />
<meta property="og:type" content="article" />
<meta property="og:title" content="Chimenea 700 Grande Vision aleta - Invicta" />
<meta property="og:description" content="Le presentamos la chimenea 2.0: nuevo estilo, nueva asa y un rendimiento mejorado." />
<meta property="og:url" content="https://dev.invicta.wp19.axome.cc/es/produit/chimenea-700-grande-vision-con-registro/" />
<meta property="og:site_name" content="Invicta" />
<meta property="article:modified_time" content="2025-11-26T12:38:18+00:00" />
<meta property="og:image" content="https://dev.invicta.wp19.axome.cc/wp-content/uploads/2025/06/P927075_700-GV_ambiance_web.jpg" />
	<meta property="og:image:width" content="667" />
	<meta property="og:image:height" content="1000" />
	<meta property="og:image:type" content="image/jpeg" />
<meta name="twitter:card" content="summary_large_image" />
<script type="application/ld+json" class="yoast-schema-graph">{"@context":"https://schema.org","@graph":[{"@type":"WebPage","@id":"https://dev.invicta.wp19.axome.cc/es/produit/chimenea-700-grande-vision-con-registro/","url":"https://dev.invicta.wp19.axome.cc/es/produit/chimenea-700-grande-vision-con-registro/","name":"Chimenea 700 Grande Vision aleta - Invicta","isPartOf":{"@id":"https://dev.invicta.wp19.axome.cc/es/#website"},"primaryImageOfPage":{"@id":"https://dev.invicta.wp19.axome.cc/es/produit/chimenea-700-grande-vision-con-registro/#primaryimage"},"image":{"@id":"https://dev.invicta.wp19.axome.cc/es/produit/chimenea-700-grande-vision-con-registro/#primaryimage"},"thumbnailUrl":"https://dev.invicta.wp19.axome.cc/wp-content/uploads/2025/06/P927075_700-GV_ambiance_web.jpg","datePublished":"2025-11-26T11:38:16+00:00","dateModified":"2025-11-26T12:38:18+00:00","description":"Le presentamos la chimenea 2.0: nuevo estilo, nueva asa y un rendimiento mejorado.","breadcrumb":{"@id":"https://dev.invicta.wp19.axome.cc/es/produit/chimenea-700-grande-vision-con-registro/#breadcrumb"},"inLanguage":"es","potentialAction":[{"@type":"ReadAction","target":["https://dev.invicta.wp19.axome.cc/es/produit/chimenea-700-grande-vision-con-registro/"]}]},{"@type":"ImageObject","inLanguage":"es","@id":"https://dev.invicta.wp19.axome.cc/es/produit/chimenea-700-grande-vision-con-registro/#primaryimage","url":"https://dev.invicta.wp19.axome.cc/wp-content/uploads/2025/06/P927075_700-GV_ambiance_web.jpg","contentUrl":"https://dev.invicta.wp19.axome.cc/wp-content/uploads/2025/06/P927075_700-GV_ambiance_web.jpg","width":667,"height":1000,"caption":"Foyer 700 Grande Vision volet 10 kW"},{"@type":"BreadcrumbList","@id":"https://dev.invicta.wp19.axome.cc/es/produit/chimenea-700-grande-vision-con-registro/#breadcrumb","itemListElement":[{"@type":"ListItem","position":1,"name":"Inicio","item":"https://dev.invicta.wp19.axome.cc/es/"},{"@type":"ListItem","position":2,"name":"Productos","item":"https://dev.invicta.wp19.axome.cc/es/shop/"},{"@type":"ListItem","position":3,"name":"Chimeneas e insertos","item":"https://dev.invicta.wp19.axome.cc/es/categorie-produit/chemineas-insertos/"},{"@type":"ListItem","position":4,"name":"Chimeneas de leña","item":"https://dev.invicta.wp19.axome.cc/es/categorie-produit/chemineas-insertos/chimeneas-de-lena/"},{"@type":"ListItem","position":5,"name":"Chimenea 700 Grande Vision aleta"}]},{"@type":"WebSite","@id":"https://dev.invicta.wp19.axome.cc/es/#website","url":"https://dev.invicta.wp19.axome.cc/es/","name":"Invicta","description":"Fabricant français, spécialiste européen du chauffage au bois : poêles à bois et à granulés, cheminées, foyers et inserts","publisher":{"@id":"https://dev.invicta.wp19.axome.cc/es/#organization"},"potentialAction":[{"@type":"SearchAction","target":{"@type":"EntryPoint","urlTemplate":"https://dev.invicta.wp19.axome.cc/es/?s={search_term_string}"},"query-input":{"@type":"PropertyValueSpecification","valueRequired":true,"valueName":"search_term_string"}}],"inLanguage":"es"},{"@type":"Organization","@id":"https://dev.invicta.wp19.axome.cc/es/#organization","name":"Invicta","url":"https://dev.invicta.wp19.axome.cc/es/","logo":{"@type":"ImageObject","inLanguage":"es","@id":"https://dev.invicta.wp19.axome.cc/es/#/schema/logo/image/","url":"https://www.invicta.fr/wp-content/uploads/2019/06/INVICTALOGO_RVB.png","contentUrl":"https://www.invicta.fr/wp-content/uploads/2019/06/INVICTALOGO_RVB.png","width":1810,"height":1280,"caption":"Invicta"},"image":{"@id":"https://dev.invicta.wp19.axome.cc/es/#/schema/logo/image/"}}]}</script>
<!-- / Yoast SEO plugin. -->

Chimeneas de leña

Fabricant français, spécialiste européen du chauffage au bois : poêles à bois et à granulés, cheminées, foyers et inserts
