{"id":69609,"date":"2025-11-26T08:19:24","date_gmt":"2025-11-26T10:16:05","guid":{"rendered":"https:\/\/dev.invicta.wp19.axome.cc\/produit\/estufa-de-pellets-vieste-7-plus-negra\/"},"modified":"2025-11-26T12:16:07","modified_gmt":"2025-11-26T11:16:07","slug":"estufa-de-pellets-vieste-7-plus-negro","status":"publish","type":"product","link":"https:\/\/dev.invicta.wp19.axome.cc\/es\/produit\/estufa-de-pellets-vieste-7-plus-negro\/","title":{"rendered":"Estufa de pellets Vieste 7 Plus negra"},"content":{"rendered":"","protected":false},"excerpt":{"rendered":"<p>El Vieste 7 Plus en negro tiene un aspecto discreto y moderno. Programable y de alto rendimiento, contribuye a su confort energ\u00e9tico. Producto reservado a los mercados de exportaci\u00f3n.<\/p>\n","protected":false},"featured_media":0,"template":"","meta":{"_acf_changed":false},"product_brand":[],"product_cat":[2293,3057,2321,6451,6448,6456,6450,6506],"product_tag":[2301,2303,2317,7048,6833],"plus_produit":[6841,2309,2312,2635,2296,2633],"class_list":{"1":"product","5":"product_cat-ayuda-en-la-eleccion","6":"product_cat-estufas-de-pellets-es","7":"product_cat-estufas-de-pellets","8":"product_cat-estufas-de-pellet-autonomas","9":"product_cat-estufas-de-pellets-programables","10":"product_cat-estufas-de-pellets-contemporaneas","11":"product_cat-estufas-de-pellets-modernas","12":"product_cat-estufas-de-pellets-rojas","13":"product_tag-flamme-verte-7","14":"product_tag-eco-design-2022-es","15":"product_tag-ecoetiqueta-a","16":"product_tag-y-garantia-de-3-anos","17":"product_tag-y-garantie-extension-1an-esp","18":"pa_capacite-de-la-tremie-15-kg-es","19":"pa_consommation-de-053-a-222-kg-hora","20":"pa_depart-des-fumees-detras","21":"pa_indice-de-performance-124-es","22":"pa_surface-de-chauffe-de-25-a-85-m","23":"pa_taux-de-co-0-0149-2","24":"pa_volume-de-chauffe-de-65-a-210-m3","25":"plus_produit-extension-de-garantie-1-an-esp","26":"plus_produit-posibilidad-de-control-por-termostato-externo-no-incluido","27":"plus_produit-programacion-horaria","28":"plus_produit-regulacion-de-la-potencia-o-de-la-temperatura-ambiente","29":"plus_produit-salida-de-aire-caliente-por-ventilador","30":"plus_produit-stand-by-espera","32":"first","33":"instock","34":"product-type-simple"},"acf":[],"yoast_head":"<!-- This site is optimized with the Yoast SEO plugin v24.7 - https:\/\/yoast.com\/wordpress\/plugins\/seo\/ -->\n<title>Estufa de pellets Vieste 7 Plus negra - Invicta<\/title>\n<meta name=\"description\" content=\"El Vieste 7 Plus en negro tiene un aspecto discreto y moderno. Programable y de alto rendimiento, contribuye a su confort energ\u00e9tico. Producto reservado a los mercados de exportaci\u00f3n.\" \/>\n<meta name=\"robots\" content=\"index, follow, max-snippet:-1, max-image-preview:large, max-video-preview:-1\" \/>\n<link rel=\"canonical\" href=\"https:\/\/dev.invicta.wp19.axome.cc\/es\/produit\/estufa-de-pellets-vieste-7-plus-negro\/\" \/>\n<meta property=\"og:locale\" content=\"es_ES\" \/>\n<meta property=\"og:type\" content=\"article\" \/>\n<meta property=\"og:title\" content=\"Estufa de pellets Vieste 7 Plus negra - Invicta\" \/>\n<meta property=\"og:description\" content=\"El Vieste 7 Plus en negro tiene un aspecto discreto y moderno. Programable y de alto rendimiento, contribuye a su confort energ\u00e9tico. Producto reservado a los mercados de exportaci\u00f3n.\" \/>\n<meta property=\"og:url\" content=\"https:\/\/dev.invicta.wp19.axome.cc\/es\/produit\/estufa-de-pellets-vieste-7-plus-negro\/\" \/>\n<meta property=\"og:site_name\" content=\"Invicta\" \/>\n<meta property=\"article:modified_time\" content=\"2025-11-26T11:16:07+00:00\" \/>\n<meta name=\"twitter:card\" content=\"summary_large_image\" \/>\n<script type=\"application\/ld+json\" class=\"yoast-schema-graph\">{\"@context\":\"https:\/\/schema.org\",\"@graph\":[{\"@type\":\"WebPage\",\"@id\":\"https:\/\/dev.invicta.wp19.axome.cc\/es\/produit\/estufa-de-pellets-vieste-7-plus-negro\/\",\"url\":\"https:\/\/dev.invicta.wp19.axome.cc\/es\/produit\/estufa-de-pellets-vieste-7-plus-negro\/\",\"name\":\"Estufa de pellets Vieste 7 Plus negra - Invicta\",\"isPartOf\":{\"@id\":\"https:\/\/dev.invicta.wp19.axome.cc\/es\/#website\"},\"datePublished\":\"2025-11-26T10:16:05+00:00\",\"dateModified\":\"2025-11-26T11:16:07+00:00\",\"description\":\"El Vieste 7 Plus en negro tiene un aspecto discreto y moderno. Programable y de alto rendimiento, contribuye a su confort energ\u00e9tico. Producto reservado a los mercados de exportaci\u00f3n.\",\"breadcrumb\":{\"@id\":\"https:\/\/dev.invicta.wp19.axome.cc\/es\/produit\/estufa-de-pellets-vieste-7-plus-negro\/#breadcrumb\"},\"inLanguage\":\"es\",\"potentialAction\":[{\"@type\":\"ReadAction\",\"target\":[\"https:\/\/dev.invicta.wp19.axome.cc\/es\/produit\/estufa-de-pellets-vieste-7-plus-negro\/\"]}]},{\"@type\":\"BreadcrumbList\",\"@id\":\"https:\/\/dev.invicta.wp19.axome.cc\/es\/produit\/estufa-de-pellets-vieste-7-plus-negro\/#breadcrumb\",\"itemListElement\":[{\"@type\":\"ListItem\",\"position\":1,\"name\":\"Inicio\",\"item\":\"https:\/\/dev.invicta.wp19.axome.cc\/es\/\"},{\"@type\":\"ListItem\",\"position\":2,\"name\":\"Productos\",\"item\":\"https:\/\/dev.invicta.wp19.axome.cc\/es\/shop\/\"},{\"@type\":\"ListItem\",\"position\":3,\"name\":\"Estufas de pellets\",\"item\":\"https:\/\/dev.invicta.wp19.axome.cc\/es\/categorie-produit\/estufas-de-pellets-es\/\"},{\"@type\":\"ListItem\",\"position\":4,\"name\":\"Estufas de pellets\",\"item\":\"https:\/\/dev.invicta.wp19.axome.cc\/es\/categorie-produit\/estufas-de-pellets-es\/estufas-de-pellets\/\"},{\"@type\":\"ListItem\",\"position\":5,\"name\":\"Estufa de pellets Vieste 7 Plus negra\"}]},{\"@type\":\"WebSite\",\"@id\":\"https:\/\/dev.invicta.wp19.axome.cc\/es\/#website\",\"url\":\"https:\/\/dev.invicta.wp19.axome.cc\/es\/\",\"name\":\"Invicta\",\"description\":\"Fabricant fran\u00e7ais, sp\u00e9cialiste europ\u00e9en du chauffage au bois : po\u00eales \u00e0 bois et \u00e0 granul\u00e9s, chemin\u00e9es, foyers et inserts\",\"publisher\":{\"@id\":\"https:\/\/dev.invicta.wp19.axome.cc\/es\/#organization\"},\"potentialAction\":[{\"@type\":\"SearchAction\",\"target\":{\"@type\":\"EntryPoint\",\"urlTemplate\":\"https:\/\/dev.invicta.wp19.axome.cc\/es\/?s={search_term_string}\"},\"query-input\":{\"@type\":\"PropertyValueSpecification\",\"valueRequired\":true,\"valueName\":\"search_term_string\"}}],\"inLanguage\":\"es\"},{\"@type\":\"Organization\",\"@id\":\"https:\/\/dev.invicta.wp19.axome.cc\/es\/#organization\",\"name\":\"Invicta\",\"url\":\"https:\/\/dev.invicta.wp19.axome.cc\/es\/\",\"logo\":{\"@type\":\"ImageObject\",\"inLanguage\":\"es\",\"@id\":\"https:\/\/dev.invicta.wp19.axome.cc\/es\/#\/schema\/logo\/image\/\",\"url\":\"https:\/\/www.invicta.fr\/wp-content\/uploads\/2019\/06\/INVICTALOGO_RVB.png\",\"contentUrl\":\"https:\/\/www.invicta.fr\/wp-content\/uploads\/2019\/06\/INVICTALOGO_RVB.png\",\"width\":1810,\"height\":1280,\"caption\":\"Invicta\"},\"image\":{\"@id\":\"https:\/\/dev.invicta.wp19.axome.cc\/es\/#\/schema\/logo\/image\/\"}}]}<\/script>\n<!-- \/ Yoast SEO plugin. -->","yoast_head_json":{"title":"Estufa de pellets Vieste 7 Plus negra - Invicta","description":"El Vieste 7 Plus en negro tiene un aspecto discreto y moderno. Programable y de alto rendimiento, contribuye a su confort energ\u00e9tico. Producto reservado a los mercados de exportaci\u00f3n.","robots":{"index":"index","follow":"follow","max-snippet":"max-snippet:-1","max-image-preview":"max-image-preview:large","max-video-preview":"max-video-preview:-1"},"canonical":"https:\/\/dev.invicta.wp19.axome.cc\/es\/produit\/estufa-de-pellets-vieste-7-plus-negro\/","og_locale":"es_ES","og_type":"article","og_title":"Estufa de pellets Vieste 7 Plus negra - Invicta","og_description":"El Vieste 7 Plus en negro tiene un aspecto discreto y moderno. Programable y de alto rendimiento, contribuye a su confort energ\u00e9tico. Producto reservado a los mercados de exportaci\u00f3n.","og_url":"https:\/\/dev.invicta.wp19.axome.cc\/es\/produit\/estufa-de-pellets-vieste-7-plus-negro\/","og_site_name":"Invicta","article_modified_time":"2025-11-26T11:16:07+00:00","twitter_card":"summary_large_image","schema":{"@context":"https:\/\/schema.org","@graph":[{"@type":"WebPage","@id":"https:\/\/dev.invicta.wp19.axome.cc\/es\/produit\/estufa-de-pellets-vieste-7-plus-negro\/","url":"https:\/\/dev.invicta.wp19.axome.cc\/es\/produit\/estufa-de-pellets-vieste-7-plus-negro\/","name":"Estufa de pellets Vieste 7 Plus negra - Invicta","isPartOf":{"@id":"https:\/\/dev.invicta.wp19.axome.cc\/es\/#website"},"datePublished":"2025-11-26T10:16:05+00:00","dateModified":"2025-11-26T11:16:07+00:00","description":"El Vieste 7 Plus en negro tiene un aspecto discreto y moderno. Programable y de alto rendimiento, contribuye a su confort energ\u00e9tico. Producto reservado a los mercados de exportaci\u00f3n.","breadcrumb":{"@id":"https:\/\/dev.invicta.wp19.axome.cc\/es\/produit\/estufa-de-pellets-vieste-7-plus-negro\/#breadcrumb"},"inLanguage":"es","potentialAction":[{"@type":"ReadAction","target":["https:\/\/dev.invicta.wp19.axome.cc\/es\/produit\/estufa-de-pellets-vieste-7-plus-negro\/"]}]},{"@type":"BreadcrumbList","@id":"https:\/\/dev.invicta.wp19.axome.cc\/es\/produit\/estufa-de-pellets-vieste-7-plus-negro\/#breadcrumb","itemListElement":[{"@type":"ListItem","position":1,"name":"Inicio","item":"https:\/\/dev.invicta.wp19.axome.cc\/es\/"},{"@type":"ListItem","position":2,"name":"Productos","item":"https:\/\/dev.invicta.wp19.axome.cc\/es\/shop\/"},{"@type":"ListItem","position":3,"name":"Estufas de pellets","item":"https:\/\/dev.invicta.wp19.axome.cc\/es\/categorie-produit\/estufas-de-pellets-es\/"},{"@type":"ListItem","position":4,"name":"Estufas de pellets","item":"https:\/\/dev.invicta.wp19.axome.cc\/es\/categorie-produit\/estufas-de-pellets-es\/estufas-de-pellets\/"},{"@type":"ListItem","position":5,"name":"Estufa de pellets Vieste 7 Plus negra"}]},{"@type":"WebSite","@id":"https:\/\/dev.invicta.wp19.axome.cc\/es\/#website","url":"https:\/\/dev.invicta.wp19.axome.cc\/es\/","name":"Invicta","description":"Fabricant fran\u00e7ais, sp\u00e9cialiste europ\u00e9en du chauffage au bois : po\u00eales \u00e0 bois et \u00e0 granul\u00e9s, chemin\u00e9es, foyers et inserts","publisher":{"@id":"https:\/\/dev.invicta.wp19.axome.cc\/es\/#organization"},"potentialAction":[{"@type":"SearchAction","target":{"@type":"EntryPoint","urlTemplate":"https:\/\/dev.invicta.wp19.axome.cc\/es\/?s={search_term_string}"},"query-input":{"@type":"PropertyValueSpecification","valueRequired":true,"valueName":"search_term_string"}}],"inLanguage":"es"},{"@type":"Organization","@id":"https:\/\/dev.invicta.wp19.axome.cc\/es\/#organization","name":"Invicta","url":"https:\/\/dev.invicta.wp19.axome.cc\/es\/","logo":{"@type":"ImageObject","inLanguage":"es","@id":"https:\/\/dev.invicta.wp19.axome.cc\/es\/#\/schema\/logo\/image\/","url":"https:\/\/www.invicta.fr\/wp-content\/uploads\/2019\/06\/INVICTALOGO_RVB.png","contentUrl":"https:\/\/www.invicta.fr\/wp-content\/uploads\/2019\/06\/INVICTALOGO_RVB.png","width":1810,"height":1280,"caption":"Invicta"},"image":{"@id":"https:\/\/dev.invicta.wp19.axome.cc\/es\/#\/schema\/logo\/image\/"}}]}},"_links":{"self":[{"href":"https:\/\/dev.invicta.wp19.axome.cc\/es\/wp-json\/wp\/v2\/product\/69609","targetHints":{"allow":["GET"]}}],"collection":[{"href":"https:\/\/dev.invicta.wp19.axome.cc\/es\/wp-json\/wp\/v2\/product"}],"about":[{"href":"https:\/\/dev.invicta.wp19.axome.cc\/es\/wp-json\/wp\/v2\/types\/product"}],"wp:attachment":[{"href":"https:\/\/dev.invicta.wp19.axome.cc\/es\/wp-json\/wp\/v2\/media?parent=69609"}],"wp:term":[{"taxonomy":"product_brand","embeddable":true,"href":"https:\/\/dev.invicta.wp19.axome.cc\/es\/wp-json\/wp\/v2\/product_brand?post=69609"},{"taxonomy":"product_cat","embeddable":true,"href":"https:\/\/dev.invicta.wp19.axome.cc\/es\/wp-json\/wp\/v2\/product_cat?post=69609"},{"taxonomy":"product_tag","embeddable":true,"href":"https:\/\/dev.invicta.wp19.axome.cc\/es\/wp-json\/wp\/v2\/product_tag?post=69609"},{"taxonomy":"plus_produit","embeddable":true,"href":"https:\/\/dev.invicta.wp19.axome.cc\/es\/wp-json\/wp\/v2\/plus_produit?post=69609"}],"curies":[{"name":"wp","href":"https:\/\/api.w.org\/{rel}","templated":true}]}}

<p>El Vieste 7 Plus en negro tiene un aspecto discreto y moderno. Programable y de alto rendimiento, contribuye a su confort energético. Producto reservado a los mercados de exportación.</p>

<!-- This site is optimized with the Yoast SEO plugin v24.7 - https://yoast.com/wordpress/plugins/seo/ -->
<title>Estufa de pellets Vieste 7 Plus negra - Invicta</title>
<meta name="description" content="El Vieste 7 Plus en negro tiene un aspecto discreto y moderno. Programable y de alto rendimiento, contribuye a su confort energético. Producto reservado a los mercados de exportación." />
<meta name="robots" content="index, follow, max-snippet:-1, max-image-preview:large, max-video-preview:-1" />
<link rel="canonical" href="https://dev.invicta.wp19.axome.cc/es/produit/estufa-de-pellets-vieste-7-plus-negro/" />
<meta property="og:locale" content="es_ES" />
<meta property="og:type" content="article" />
<meta property="og:title" content="Estufa de pellets Vieste 7 Plus negra - Invicta" />
<meta property="og:description" content="El Vieste 7 Plus en negro tiene un aspecto discreto y moderno. Programable y de alto rendimiento, contribuye a su confort energético. Producto reservado a los mercados de exportación." />
<meta property="og:url" content="https://dev.invicta.wp19.axome.cc/es/produit/estufa-de-pellets-vieste-7-plus-negro/" />
<meta property="og:site_name" content="Invicta" />
<meta property="article:modified_time" content="2025-11-26T11:16:07+00:00" />
<meta name="twitter:card" content="summary_large_image" />
<script type="application/ld+json" class="yoast-schema-graph">{"@context":"https://schema.org","@graph":[{"@type":"WebPage","@id":"https://dev.invicta.wp19.axome.cc/es/produit/estufa-de-pellets-vieste-7-plus-negro/","url":"https://dev.invicta.wp19.axome.cc/es/produit/estufa-de-pellets-vieste-7-plus-negro/","name":"Estufa de pellets Vieste 7 Plus negra - Invicta","isPartOf":{"@id":"https://dev.invicta.wp19.axome.cc/es/#website"},"datePublished":"2025-11-26T10:16:05+00:00","dateModified":"2025-11-26T11:16:07+00:00","description":"El Vieste 7 Plus en negro tiene un aspecto discreto y moderno. Programable y de alto rendimiento, contribuye a su confort energético. Producto reservado a los mercados de exportación.","breadcrumb":{"@id":"https://dev.invicta.wp19.axome.cc/es/produit/estufa-de-pellets-vieste-7-plus-negro/#breadcrumb"},"inLanguage":"es","potentialAction":[{"@type":"ReadAction","target":["https://dev.invicta.wp19.axome.cc/es/produit/estufa-de-pellets-vieste-7-plus-negro/"]}]},{"@type":"BreadcrumbList","@id":"https://dev.invicta.wp19.axome.cc/es/produit/estufa-de-pellets-vieste-7-plus-negro/#breadcrumb","itemListElement":[{"@type":"ListItem","position":1,"name":"Inicio","item":"https://dev.invicta.wp19.axome.cc/es/"},{"@type":"ListItem","position":2,"name":"Productos","item":"https://dev.invicta.wp19.axome.cc/es/shop/"},{"@type":"ListItem","position":3,"name":"Estufas de pellets","item":"https://dev.invicta.wp19.axome.cc/es/categorie-produit/estufas-de-pellets-es/"},{"@type":"ListItem","position":4,"name":"Estufas de pellets","item":"https://dev.invicta.wp19.axome.cc/es/categorie-produit/estufas-de-pellets-es/estufas-de-pellets/"},{"@type":"ListItem","position":5,"name":"Estufa de pellets Vieste 7 Plus negra"}]},{"@type":"WebSite","@id":"https://dev.invicta.wp19.axome.cc/es/#website","url":"https://dev.invicta.wp19.axome.cc/es/","name":"Invicta","description":"Fabricant français, spécialiste européen du chauffage au bois : poêles à bois et à granulés, cheminées, foyers et inserts","publisher":{"@id":"https://dev.invicta.wp19.axome.cc/es/#organization"},"potentialAction":[{"@type":"SearchAction","target":{"@type":"EntryPoint","urlTemplate":"https://dev.invicta.wp19.axome.cc/es/?s={search_term_string}"},"query-input":{"@type":"PropertyValueSpecification","valueRequired":true,"valueName":"search_term_string"}}],"inLanguage":"es"},{"@type":"Organization","@id":"https://dev.invicta.wp19.axome.cc/es/#organization","name":"Invicta","url":"https://dev.invicta.wp19.axome.cc/es/","logo":{"@type":"ImageObject","inLanguage":"es","@id":"https://dev.invicta.wp19.axome.cc/es/#/schema/logo/image/","url":"https://www.invicta.fr/wp-content/uploads/2019/06/INVICTALOGO_RVB.png","contentUrl":"https://www.invicta.fr/wp-content/uploads/2019/06/INVICTALOGO_RVB.png","width":1810,"height":1280,"caption":"Invicta"},"image":{"@id":"https://dev.invicta.wp19.axome.cc/es/#/schema/logo/image/"}}]}</script>
<!-- / Yoast SEO plugin. -->

El Vieste 7 Plus en negro tiene un aspecto discreto y moderno. Programable y de alto rendimiento, contribuye a su confort energético. Producto reservado a los mercados de exportación.

Fabricant français, spécialiste européen du chauffage au bois : poêles à bois et à granulés, cheminées, foyers et inserts
