{"id":68621,"date":"2025-11-26T08:11:31","date_gmt":"2025-11-26T07:11:31","guid":{"rendered":"https:\/\/dev.invicta.wp19.axome.cc\/produit\/foyer-a-bois-840-horizontal-avec-volet\/"},"modified":"2025-11-26T09:11:32","modified_gmt":"2025-11-26T08:11:32","slug":"foyer-a-bois-840-horizontal-avec-volet","status":"publish","type":"product","link":"https:\/\/dev.invicta.wp19.axome.cc\/fr\/produit\/foyer-a-bois-840-horizontal-avec-volet\/","title":{"rendered":"Foyer \u00e0 bois 840 Horizontal &#8211; avec volet"},"content":{"rendered":"","protected":false},"excerpt":{"rendered":"<p>Le foyer 840 Horizontal suivra les lignes de votre int\u00e9rieur pour s&#8217;int\u00e9grer dans une d\u00e9coration styl\u00e9e.<\/p>\n","protected":false},"featured_media":68623,"template":"","meta":{"_acf_changed":false},"product_brand":[],"product_cat":[],"product_tag":[57,7095,58,7096,59,7093,53,7094,65,6826],"plus_produit":[6834,7809,2146,1919,129,130,140],"class_list":{"1":"product","4":"has-post-thumbnail","6":"product_tag-flamme-verte","7":"product_tag-1-flamme-verte-7","8":"product_tag-eco-design-2022","9":"product_tag-2-eco-design-2022","10":"product_tag-a-ecolabel","11":"product_tag-flamme-verte-2","12":"product_tag-post-combustion","13":"product_tag-vitre-propre","14":"product_tag-garantie-2-ans","15":"product_tag-garantie-extension-3-ans","16":"pa_consommation-053-a-222-kg-heure","17":"pa_depart-des-fumees-dessus","18":"pa_designer-non-utilise","19":"pa_diametre-de-buse-10287","20":"pa_indice-de-performance-5715","21":"pa_surface-de-chauffe-65-a-145-m","22":"pa_volume-de-chauffe-160-a-360-m","23":"plus_produit-extension-de-garantie-3-ans","24":"plus_produit-foyer-decor","25":"plus_produit-intermittent-et-combustion-prolongee-3-heures","26":"plus_produit-origine-france-garantie","27":"plus_produit-systeme-de-post-combustion","28":"plus_produit-vitre-propre","29":"plus_produit-volet-de-buse","31":"first","32":"instock","33":"purchasable","34":"product-type-simple"},"acf":[],"yoast_head":"<!-- This site is optimized with the Yoast SEO plugin v24.7 - https:\/\/yoast.com\/wordpress\/plugins\/seo\/ -->\n<title>Foyer \u00e0 bois 840 Horizontal - avec volet - Invicta<\/title>\n<meta name=\"description\" content=\"Le foyer 840 Horizontal suivra les lignes de votre int\u00e9rieur pour s&#039;int\u00e9grer dans une d\u00e9coration styl\u00e9e.\" \/>\n<meta name=\"robots\" content=\"index, follow, max-snippet:-1, max-image-preview:large, max-video-preview:-1\" \/>\n<link rel=\"canonical\" href=\"https:\/\/dev.invicta.wp19.axome.cc\/fr\/produit\/foyer-a-bois-840-horizontal-avec-volet\/\" \/>\n<meta property=\"og:locale\" content=\"fr_FR\" \/>\n<meta property=\"og:type\" content=\"article\" \/>\n<meta property=\"og:title\" content=\"Foyer \u00e0 bois 840 Horizontal - avec volet - Invicta\" \/>\n<meta property=\"og:description\" content=\"Le foyer 840 Horizontal suivra les lignes de votre int\u00e9rieur pour s&#039;int\u00e9grer dans une d\u00e9coration styl\u00e9e.\" \/>\n<meta property=\"og:url\" content=\"https:\/\/dev.invicta.wp19.axome.cc\/fr\/produit\/foyer-a-bois-840-horizontal-avec-volet\/\" \/>\n<meta property=\"og:site_name\" content=\"Invicta\" \/>\n<meta property=\"article:modified_time\" content=\"2025-11-26T08:11:32+00:00\" \/>\n<meta property=\"og:image\" content=\"https:\/\/dev.invicta.wp19.axome.cc\/wp-content\/uploads\/2025\/06\/new928475.jpg\" \/>\n\t<meta property=\"og:image:width\" content=\"746\" \/>\n\t<meta property=\"og:image:height\" content=\"680\" \/>\n\t<meta property=\"og:image:type\" content=\"image\/jpeg\" \/>\n<meta name=\"twitter:card\" content=\"summary_large_image\" \/>\n<script type=\"application\/ld+json\" class=\"yoast-schema-graph\">{\"@context\":\"https:\/\/schema.org\",\"@graph\":[{\"@type\":\"WebPage\",\"@id\":\"https:\/\/dev.invicta.wp19.axome.cc\/fr\/produit\/foyer-a-bois-840-horizontal-avec-volet\/\",\"url\":\"https:\/\/dev.invicta.wp19.axome.cc\/fr\/produit\/foyer-a-bois-840-horizontal-avec-volet\/\",\"name\":\"Foyer \u00e0 bois 840 Horizontal - avec volet - Invicta\",\"isPartOf\":{\"@id\":\"https:\/\/dev.invicta.wp19.axome.cc\/fr\/#website\"},\"primaryImageOfPage\":{\"@id\":\"https:\/\/dev.invicta.wp19.axome.cc\/fr\/produit\/foyer-a-bois-840-horizontal-avec-volet\/#primaryimage\"},\"image\":{\"@id\":\"https:\/\/dev.invicta.wp19.axome.cc\/fr\/produit\/foyer-a-bois-840-horizontal-avec-volet\/#primaryimage\"},\"thumbnailUrl\":\"https:\/\/dev.invicta.wp19.axome.cc\/wp-content\/uploads\/2025\/06\/new928475.jpg\",\"datePublished\":\"2025-11-26T07:11:31+00:00\",\"dateModified\":\"2025-11-26T08:11:32+00:00\",\"description\":\"Le foyer 840 Horizontal suivra les lignes de votre int\u00e9rieur pour s'int\u00e9grer dans une d\u00e9coration styl\u00e9e.\",\"breadcrumb\":{\"@id\":\"https:\/\/dev.invicta.wp19.axome.cc\/fr\/produit\/foyer-a-bois-840-horizontal-avec-volet\/#breadcrumb\"},\"inLanguage\":\"fr-FR\",\"potentialAction\":[{\"@type\":\"ReadAction\",\"target\":[\"https:\/\/dev.invicta.wp19.axome.cc\/fr\/produit\/foyer-a-bois-840-horizontal-avec-volet\/\"]}]},{\"@type\":\"ImageObject\",\"inLanguage\":\"fr-FR\",\"@id\":\"https:\/\/dev.invicta.wp19.axome.cc\/fr\/produit\/foyer-a-bois-840-horizontal-avec-volet\/#primaryimage\",\"url\":\"https:\/\/dev.invicta.wp19.axome.cc\/wp-content\/uploads\/2025\/06\/new928475.jpg\",\"contentUrl\":\"https:\/\/dev.invicta.wp19.axome.cc\/wp-content\/uploads\/2025\/06\/new928475.jpg\",\"width\":746,\"height\":680,\"caption\":\"Foyer \u00e0 bois 840 Horizontal - avec volet\"},{\"@type\":\"BreadcrumbList\",\"@id\":\"https:\/\/dev.invicta.wp19.axome.cc\/fr\/produit\/foyer-a-bois-840-horizontal-avec-volet\/#breadcrumb\",\"itemListElement\":[{\"@type\":\"ListItem\",\"position\":1,\"name\":\"Accueil\",\"item\":\"https:\/\/dev.invicta.wp19.axome.cc\/fr\/\"},{\"@type\":\"ListItem\",\"position\":2,\"name\":\"Produits\",\"item\":\"https:\/\/dev.invicta.wp19.axome.cc\/fr\/shop\/\"},{\"@type\":\"ListItem\",\"position\":3,\"name\":\"Foyer \u00e0 bois 840 Horizontal &#8211; avec volet\"}]},{\"@type\":\"WebSite\",\"@id\":\"https:\/\/dev.invicta.wp19.axome.cc\/fr\/#website\",\"url\":\"https:\/\/dev.invicta.wp19.axome.cc\/fr\/\",\"name\":\"Invicta\",\"description\":\"Fabricant fran\u00e7ais, sp\u00e9cialiste europ\u00e9en du chauffage au bois : po\u00eales \u00e0 bois et \u00e0 granul\u00e9s, chemin\u00e9es, foyers et inserts\",\"publisher\":{\"@id\":\"https:\/\/dev.invicta.wp19.axome.cc\/fr\/#organization\"},\"potentialAction\":[{\"@type\":\"SearchAction\",\"target\":{\"@type\":\"EntryPoint\",\"urlTemplate\":\"https:\/\/dev.invicta.wp19.axome.cc\/fr\/?s={search_term_string}\"},\"query-input\":{\"@type\":\"PropertyValueSpecification\",\"valueRequired\":true,\"valueName\":\"search_term_string\"}}],\"inLanguage\":\"fr-FR\"},{\"@type\":\"Organization\",\"@id\":\"https:\/\/dev.invicta.wp19.axome.cc\/fr\/#organization\",\"name\":\"Invicta\",\"url\":\"https:\/\/dev.invicta.wp19.axome.cc\/fr\/\",\"logo\":{\"@type\":\"ImageObject\",\"inLanguage\":\"fr-FR\",\"@id\":\"https:\/\/dev.invicta.wp19.axome.cc\/fr\/#\/schema\/logo\/image\/\",\"url\":\"https:\/\/www.invicta.fr\/wp-content\/uploads\/2019\/06\/INVICTALOGO_RVB.png\",\"contentUrl\":\"https:\/\/www.invicta.fr\/wp-content\/uploads\/2019\/06\/INVICTALOGO_RVB.png\",\"width\":1810,\"height\":1280,\"caption\":\"Invicta\"},\"image\":{\"@id\":\"https:\/\/dev.invicta.wp19.axome.cc\/fr\/#\/schema\/logo\/image\/\"}}]}<\/script>\n<!-- \/ Yoast SEO plugin. -->","yoast_head_json":{"title":"Foyer \u00e0 bois 840 Horizontal - avec volet - Invicta","description":"Le foyer 840 Horizontal suivra les lignes de votre int\u00e9rieur pour s'int\u00e9grer dans une d\u00e9coration styl\u00e9e.","robots":{"index":"index","follow":"follow","max-snippet":"max-snippet:-1","max-image-preview":"max-image-preview:large","max-video-preview":"max-video-preview:-1"},"canonical":"https:\/\/dev.invicta.wp19.axome.cc\/fr\/produit\/foyer-a-bois-840-horizontal-avec-volet\/","og_locale":"fr_FR","og_type":"article","og_title":"Foyer \u00e0 bois 840 Horizontal - avec volet - Invicta","og_description":"Le foyer 840 Horizontal suivra les lignes de votre int\u00e9rieur pour s'int\u00e9grer dans une d\u00e9coration styl\u00e9e.","og_url":"https:\/\/dev.invicta.wp19.axome.cc\/fr\/produit\/foyer-a-bois-840-horizontal-avec-volet\/","og_site_name":"Invicta","article_modified_time":"2025-11-26T08:11:32+00:00","og_image":[{"width":746,"height":680,"url":"https:\/\/dev.invicta.wp19.axome.cc\/wp-content\/uploads\/2025\/06\/new928475.jpg","type":"image\/jpeg"}],"twitter_card":"summary_large_image","schema":{"@context":"https:\/\/schema.org","@graph":[{"@type":"WebPage","@id":"https:\/\/dev.invicta.wp19.axome.cc\/fr\/produit\/foyer-a-bois-840-horizontal-avec-volet\/","url":"https:\/\/dev.invicta.wp19.axome.cc\/fr\/produit\/foyer-a-bois-840-horizontal-avec-volet\/","name":"Foyer \u00e0 bois 840 Horizontal - avec volet - Invicta","isPartOf":{"@id":"https:\/\/dev.invicta.wp19.axome.cc\/fr\/#website"},"primaryImageOfPage":{"@id":"https:\/\/dev.invicta.wp19.axome.cc\/fr\/produit\/foyer-a-bois-840-horizontal-avec-volet\/#primaryimage"},"image":{"@id":"https:\/\/dev.invicta.wp19.axome.cc\/fr\/produit\/foyer-a-bois-840-horizontal-avec-volet\/#primaryimage"},"thumbnailUrl":"https:\/\/dev.invicta.wp19.axome.cc\/wp-content\/uploads\/2025\/06\/new928475.jpg","datePublished":"2025-11-26T07:11:31+00:00","dateModified":"2025-11-26T08:11:32+00:00","description":"Le foyer 840 Horizontal suivra les lignes de votre int\u00e9rieur pour s'int\u00e9grer dans une d\u00e9coration styl\u00e9e.","breadcrumb":{"@id":"https:\/\/dev.invicta.wp19.axome.cc\/fr\/produit\/foyer-a-bois-840-horizontal-avec-volet\/#breadcrumb"},"inLanguage":"fr-FR","potentialAction":[{"@type":"ReadAction","target":["https:\/\/dev.invicta.wp19.axome.cc\/fr\/produit\/foyer-a-bois-840-horizontal-avec-volet\/"]}]},{"@type":"ImageObject","inLanguage":"fr-FR","@id":"https:\/\/dev.invicta.wp19.axome.cc\/fr\/produit\/foyer-a-bois-840-horizontal-avec-volet\/#primaryimage","url":"https:\/\/dev.invicta.wp19.axome.cc\/wp-content\/uploads\/2025\/06\/new928475.jpg","contentUrl":"https:\/\/dev.invicta.wp19.axome.cc\/wp-content\/uploads\/2025\/06\/new928475.jpg","width":746,"height":680,"caption":"Foyer \u00e0 bois 840 Horizontal - avec volet"},{"@type":"BreadcrumbList","@id":"https:\/\/dev.invicta.wp19.axome.cc\/fr\/produit\/foyer-a-bois-840-horizontal-avec-volet\/#breadcrumb","itemListElement":[{"@type":"ListItem","position":1,"name":"Accueil","item":"https:\/\/dev.invicta.wp19.axome.cc\/fr\/"},{"@type":"ListItem","position":2,"name":"Produits","item":"https:\/\/dev.invicta.wp19.axome.cc\/fr\/shop\/"},{"@type":"ListItem","position":3,"name":"Foyer \u00e0 bois 840 Horizontal &#8211; avec volet"}]},{"@type":"WebSite","@id":"https:\/\/dev.invicta.wp19.axome.cc\/fr\/#website","url":"https:\/\/dev.invicta.wp19.axome.cc\/fr\/","name":"Invicta","description":"Fabricant fran\u00e7ais, sp\u00e9cialiste europ\u00e9en du chauffage au bois : po\u00eales \u00e0 bois et \u00e0 granul\u00e9s, chemin\u00e9es, foyers et inserts","publisher":{"@id":"https:\/\/dev.invicta.wp19.axome.cc\/fr\/#organization"},"potentialAction":[{"@type":"SearchAction","target":{"@type":"EntryPoint","urlTemplate":"https:\/\/dev.invicta.wp19.axome.cc\/fr\/?s={search_term_string}"},"query-input":{"@type":"PropertyValueSpecification","valueRequired":true,"valueName":"search_term_string"}}],"inLanguage":"fr-FR"},{"@type":"Organization","@id":"https:\/\/dev.invicta.wp19.axome.cc\/fr\/#organization","name":"Invicta","url":"https:\/\/dev.invicta.wp19.axome.cc\/fr\/","logo":{"@type":"ImageObject","inLanguage":"fr-FR","@id":"https:\/\/dev.invicta.wp19.axome.cc\/fr\/#\/schema\/logo\/image\/","url":"https:\/\/www.invicta.fr\/wp-content\/uploads\/2019\/06\/INVICTALOGO_RVB.png","contentUrl":"https:\/\/www.invicta.fr\/wp-content\/uploads\/2019\/06\/INVICTALOGO_RVB.png","width":1810,"height":1280,"caption":"Invicta"},"image":{"@id":"https:\/\/dev.invicta.wp19.axome.cc\/fr\/#\/schema\/logo\/image\/"}}]}},"_links":{"self":[{"href":"https:\/\/dev.invicta.wp19.axome.cc\/fr\/wp-json\/wp\/v2\/product\/68621","targetHints":{"allow":["GET"]}}],"collection":[{"href":"https:\/\/dev.invicta.wp19.axome.cc\/fr\/wp-json\/wp\/v2\/product"}],"about":[{"href":"https:\/\/dev.invicta.wp19.axome.cc\/fr\/wp-json\/wp\/v2\/types\/product"}],"wp:featuredmedia":[{"embeddable":true,"href":"https:\/\/dev.invicta.wp19.axome.cc\/fr\/wp-json\/wp\/v2\/media\/68623"}],"wp:attachment":[{"href":"https:\/\/dev.invicta.wp19.axome.cc\/fr\/wp-json\/wp\/v2\/media?parent=68621"}],"wp:term":[{"taxonomy":"product_brand","embeddable":true,"href":"https:\/\/dev.invicta.wp19.axome.cc\/fr\/wp-json\/wp\/v2\/product_brand?post=68621"},{"taxonomy":"product_cat","embeddable":true,"href":"https:\/\/dev.invicta.wp19.axome.cc\/fr\/wp-json\/wp\/v2\/product_cat?post=68621"},{"taxonomy":"product_tag","embeddable":true,"href":"https:\/\/dev.invicta.wp19.axome.cc\/fr\/wp-json\/wp\/v2\/product_tag?post=68621"},{"taxonomy":"plus_produit","embeddable":true,"href":"https:\/\/dev.invicta.wp19.axome.cc\/fr\/wp-json\/wp\/v2\/plus_produit?post=68621"}],"curies":[{"name":"wp","href":"https:\/\/api.w.org\/{rel}","templated":true}]}}

Foyer à bois 840 Horizontal &#8211; avec volet

<p>Le foyer 840 Horizontal suivra les lignes de votre intérieur pour s&#8217;intégrer dans une décoration stylée.</p>

<!-- This site is optimized with the Yoast SEO plugin v24.7 - https://yoast.com/wordpress/plugins/seo/ -->
<title>Foyer à bois 840 Horizontal - avec volet - Invicta</title>
<meta name="description" content="Le foyer 840 Horizontal suivra les lignes de votre intérieur pour s&#039;intégrer dans une décoration stylée." />
<meta name="robots" content="index, follow, max-snippet:-1, max-image-preview:large, max-video-preview:-1" />
<link rel="canonical" href="https://dev.invicta.wp19.axome.cc/fr/produit/foyer-a-bois-840-horizontal-avec-volet/" />
<meta property="og:locale" content="fr_FR" />
<meta property="og:type" content="article" />
<meta property="og:title" content="Foyer à bois 840 Horizontal - avec volet - Invicta" />
<meta property="og:description" content="Le foyer 840 Horizontal suivra les lignes de votre intérieur pour s&#039;intégrer dans une décoration stylée." />
<meta property="og:url" content="https://dev.invicta.wp19.axome.cc/fr/produit/foyer-a-bois-840-horizontal-avec-volet/" />
<meta property="og:site_name" content="Invicta" />
<meta property="article:modified_time" content="2025-11-26T08:11:32+00:00" />
<meta property="og:image" content="https://dev.invicta.wp19.axome.cc/wp-content/uploads/2025/06/new928475.jpg" />
	<meta property="og:image:width" content="746" />
	<meta property="og:image:height" content="680" />
	<meta property="og:image:type" content="image/jpeg" />
<meta name="twitter:card" content="summary_large_image" />
<script type="application/ld+json" class="yoast-schema-graph">{"@context":"https://schema.org","@graph":[{"@type":"WebPage","@id":"https://dev.invicta.wp19.axome.cc/fr/produit/foyer-a-bois-840-horizontal-avec-volet/","url":"https://dev.invicta.wp19.axome.cc/fr/produit/foyer-a-bois-840-horizontal-avec-volet/","name":"Foyer à bois 840 Horizontal - avec volet - Invicta","isPartOf":{"@id":"https://dev.invicta.wp19.axome.cc/fr/#website"},"primaryImageOfPage":{"@id":"https://dev.invicta.wp19.axome.cc/fr/produit/foyer-a-bois-840-horizontal-avec-volet/#primaryimage"},"image":{"@id":"https://dev.invicta.wp19.axome.cc/fr/produit/foyer-a-bois-840-horizontal-avec-volet/#primaryimage"},"thumbnailUrl":"https://dev.invicta.wp19.axome.cc/wp-content/uploads/2025/06/new928475.jpg","datePublished":"2025-11-26T07:11:31+00:00","dateModified":"2025-11-26T08:11:32+00:00","description":"Le foyer 840 Horizontal suivra les lignes de votre intérieur pour s'intégrer dans une décoration stylée.","breadcrumb":{"@id":"https://dev.invicta.wp19.axome.cc/fr/produit/foyer-a-bois-840-horizontal-avec-volet/#breadcrumb"},"inLanguage":"fr-FR","potentialAction":[{"@type":"ReadAction","target":["https://dev.invicta.wp19.axome.cc/fr/produit/foyer-a-bois-840-horizontal-avec-volet/"]}]},{"@type":"ImageObject","inLanguage":"fr-FR","@id":"https://dev.invicta.wp19.axome.cc/fr/produit/foyer-a-bois-840-horizontal-avec-volet/#primaryimage","url":"https://dev.invicta.wp19.axome.cc/wp-content/uploads/2025/06/new928475.jpg","contentUrl":"https://dev.invicta.wp19.axome.cc/wp-content/uploads/2025/06/new928475.jpg","width":746,"height":680,"caption":"Foyer à bois 840 Horizontal - avec volet"},{"@type":"BreadcrumbList","@id":"https://dev.invicta.wp19.axome.cc/fr/produit/foyer-a-bois-840-horizontal-avec-volet/#breadcrumb","itemListElement":[{"@type":"ListItem","position":1,"name":"Accueil","item":"https://dev.invicta.wp19.axome.cc/fr/"},{"@type":"ListItem","position":2,"name":"Produits","item":"https://dev.invicta.wp19.axome.cc/fr/shop/"},{"@type":"ListItem","position":3,"name":"Foyer à bois 840 Horizontal &#8211; avec volet"}]},{"@type":"WebSite","@id":"https://dev.invicta.wp19.axome.cc/fr/#website","url":"https://dev.invicta.wp19.axome.cc/fr/","name":"Invicta","description":"Fabricant français, spécialiste européen du chauffage au bois : poêles à bois et à granulés, cheminées, foyers et inserts","publisher":{"@id":"https://dev.invicta.wp19.axome.cc/fr/#organization"},"potentialAction":[{"@type":"SearchAction","target":{"@type":"EntryPoint","urlTemplate":"https://dev.invicta.wp19.axome.cc/fr/?s={search_term_string}"},"query-input":{"@type":"PropertyValueSpecification","valueRequired":true,"valueName":"search_term_string"}}],"inLanguage":"fr-FR"},{"@type":"Organization","@id":"https://dev.invicta.wp19.axome.cc/fr/#organization","name":"Invicta","url":"https://dev.invicta.wp19.axome.cc/fr/","logo":{"@type":"ImageObject","inLanguage":"fr-FR","@id":"https://dev.invicta.wp19.axome.cc/fr/#/schema/logo/image/","url":"https://www.invicta.fr/wp-content/uploads/2019/06/INVICTALOGO_RVB.png","contentUrl":"https://www.invicta.fr/wp-content/uploads/2019/06/INVICTALOGO_RVB.png","width":1810,"height":1280,"caption":"Invicta"},"image":{"@id":"https://dev.invicta.wp19.axome.cc/fr/#/schema/logo/image/"}}]}</script>
<!-- / Yoast SEO plugin. -->

Foyer à bois 840 Horizontal - avec volet - Invicta

Le foyer 840 Horizontal suivra les lignes de votre intérieur pour s'intégrer dans une décoration stylée.

Foyer à bois 840 Horizontal - avec volet

Fabricant français, spécialiste européen du chauffage au bois : poêles à bois et à granulés, cheminées, foyers et inserts
