{"id":68769,"date":"2025-11-26T08:34:47","date_gmt":"2025-11-26T07:34:47","guid":{"rendered":"https:\/\/dev.invicta.wp19.axome.cc\/produit\/foyer-a-bois-700-eos\/"},"modified":"2025-11-26T09:34:50","modified_gmt":"2025-11-26T08:34:50","slug":"foyer-700-eos","status":"publish","type":"product","link":"https:\/\/dev.invicta.wp19.axome.cc\/fr\/produit\/foyer-700-eos\/","title":{"rendered":"Foyer \u00e0 bois 700 Eos"},"content":{"rendered":"","protected":false},"excerpt":{"rendered":"<p>Ce foyer premier prix n&#8217;\u00e9conomise pas ses efforts pour vous offrir de hautes performances \u00e9nerg\u00e9tiques et environnementales.<\/p>\n","protected":false},"featured_media":68771,"template":"","meta":{"_acf_changed":false},"product_brand":[],"product_cat":[2117,27,74],"product_tag":[57,7095,58,7096,59,7093,51,73,55,7094,65,6826],"plus_produit":[6930,6834,1982,1966,2146,1919,1983,130],"class_list":{"1":"product","4":"has-post-thumbnail","6":"product_cat-aide-au-choix","7":"product_cat-inserts-cheminees","8":"product_cat-foyers-a-bois-pour-cheminees-cheminees-inserts","9":"product_tag-flamme-verte","10":"product_tag-1-flamme-verte-7","11":"product_tag-eco-design-2022","12":"product_tag-2-eco-design-2022","13":"product_tag-a-ecolabel","14":"product_tag-flamme-verte-2","15":"product_tag-fonte-100","16":"product_tag-raccordable-2","17":"product_tag-raccordable","18":"product_tag-vitre-propre","19":"product_tag-garantie-2-ans","20":"product_tag-garantie-extension-3-ans","21":"pa_combustible-recommande-25-2","22":"pa_consommation-053-a-222-kg-heure","23":"pa_depart-des-fumees-dessus","24":"pa_designer-non-utilise","25":"pa_diametre-de-buse-10327","26":"pa_indice-de-performance-5715","27":"pa_surface-de-chauffe-40-a-100-m","28":"pa_taux-de-co-0-12","29":"pa_volume-de-chauffe-105-240-m-2","30":"plus_produit-100-fonte","31":"plus_produit-extension-de-garantie-3-ans","32":"plus_produit-faible-encombrement","33":"plus_produit-ideal-budgets-serres","34":"plus_produit-intermittent-et-combustion-prolongee-3-heures","35":"plus_produit-origine-france-garantie","36":"plus_produit-raccordable","37":"plus_produit-vitre-propre","39":"first","40":"instock","41":"purchasable","42":"product-type-simple"},"acf":[],"yoast_head":"<!-- This site is optimized with the Yoast SEO plugin v24.7 - https:\/\/yoast.com\/wordpress\/plugins\/seo\/ -->\n<title>Foyer \u00e0 bois 700 Eos - Invicta<\/title>\n<meta name=\"description\" content=\"Ce foyer premier prix n&#039;\u00e9conomise pas ses efforts pour vous offrir de hautes performances \u00e9nerg\u00e9tiques et environnementales.\" \/>\n<meta name=\"robots\" content=\"index, follow, max-snippet:-1, max-image-preview:large, max-video-preview:-1\" \/>\n<link rel=\"canonical\" href=\"https:\/\/dev.invicta.wp19.axome.cc\/fr\/produit\/foyer-700-eos\/\" \/>\n<meta property=\"og:locale\" content=\"fr_FR\" \/>\n<meta property=\"og:type\" content=\"article\" \/>\n<meta property=\"og:title\" content=\"Foyer \u00e0 bois 700 Eos - Invicta\" \/>\n<meta property=\"og:description\" content=\"Ce foyer premier prix n&#039;\u00e9conomise pas ses efforts pour vous offrir de hautes performances \u00e9nerg\u00e9tiques et environnementales.\" \/>\n<meta property=\"og:url\" content=\"https:\/\/dev.invicta.wp19.axome.cc\/fr\/produit\/foyer-700-eos\/\" \/>\n<meta property=\"og:site_name\" content=\"Invicta\" \/>\n<meta property=\"article:modified_time\" content=\"2025-11-26T08:34:50+00:00\" \/>\n<meta property=\"og:image\" content=\"https:\/\/dev.invicta.wp19.axome.cc\/wp-content\/uploads\/2025\/06\/A-P977002-EOS-700.jpg\" \/>\n\t<meta property=\"og:image:width\" content=\"1000\" \/>\n\t<meta property=\"og:image:height\" content=\"714\" \/>\n\t<meta property=\"og:image:type\" content=\"image\/jpeg\" \/>\n<meta name=\"twitter:card\" content=\"summary_large_image\" \/>\n<script type=\"application\/ld+json\" class=\"yoast-schema-graph\">{\"@context\":\"https:\/\/schema.org\",\"@graph\":[{\"@type\":\"WebPage\",\"@id\":\"https:\/\/dev.invicta.wp19.axome.cc\/fr\/produit\/foyer-700-eos\/\",\"url\":\"https:\/\/dev.invicta.wp19.axome.cc\/fr\/produit\/foyer-700-eos\/\",\"name\":\"Foyer \u00e0 bois 700 Eos - Invicta\",\"isPartOf\":{\"@id\":\"https:\/\/dev.invicta.wp19.axome.cc\/fr\/#website\"},\"primaryImageOfPage\":{\"@id\":\"https:\/\/dev.invicta.wp19.axome.cc\/fr\/produit\/foyer-700-eos\/#primaryimage\"},\"image\":{\"@id\":\"https:\/\/dev.invicta.wp19.axome.cc\/fr\/produit\/foyer-700-eos\/#primaryimage\"},\"thumbnailUrl\":\"https:\/\/dev.invicta.wp19.axome.cc\/wp-content\/uploads\/2025\/06\/A-P977002-EOS-700.jpg\",\"datePublished\":\"2025-11-26T07:34:47+00:00\",\"dateModified\":\"2025-11-26T08:34:50+00:00\",\"description\":\"Ce foyer premier prix n'\u00e9conomise pas ses efforts pour vous offrir de hautes performances \u00e9nerg\u00e9tiques et environnementales.\",\"breadcrumb\":{\"@id\":\"https:\/\/dev.invicta.wp19.axome.cc\/fr\/produit\/foyer-700-eos\/#breadcrumb\"},\"inLanguage\":\"fr-FR\",\"potentialAction\":[{\"@type\":\"ReadAction\",\"target\":[\"https:\/\/dev.invicta.wp19.axome.cc\/fr\/produit\/foyer-700-eos\/\"]}]},{\"@type\":\"ImageObject\",\"inLanguage\":\"fr-FR\",\"@id\":\"https:\/\/dev.invicta.wp19.axome.cc\/fr\/produit\/foyer-700-eos\/#primaryimage\",\"url\":\"https:\/\/dev.invicta.wp19.axome.cc\/wp-content\/uploads\/2025\/06\/A-P977002-EOS-700.jpg\",\"contentUrl\":\"https:\/\/dev.invicta.wp19.axome.cc\/wp-content\/uploads\/2025\/06\/A-P977002-EOS-700.jpg\",\"width\":1000,\"height\":714,\"caption\":\"Foyer \u00e0 bois 700 Eos\"},{\"@type\":\"BreadcrumbList\",\"@id\":\"https:\/\/dev.invicta.wp19.axome.cc\/fr\/produit\/foyer-700-eos\/#breadcrumb\",\"itemListElement\":[{\"@type\":\"ListItem\",\"position\":1,\"name\":\"Accueil\",\"item\":\"https:\/\/dev.invicta.wp19.axome.cc\/fr\/\"},{\"@type\":\"ListItem\",\"position\":2,\"name\":\"Produits\",\"item\":\"https:\/\/dev.invicta.wp19.axome.cc\/fr\/shop\/\"},{\"@type\":\"ListItem\",\"position\":3,\"name\":\"Inserts Chemin\u00e9es\",\"item\":\"https:\/\/dev.invicta.wp19.axome.cc\/fr\/categorie-produit\/inserts-cheminees\/\"},{\"@type\":\"ListItem\",\"position\":4,\"name\":\"Foyers \u00e0 Bois - Chemin\u00e9es\",\"item\":\"https:\/\/dev.invicta.wp19.axome.cc\/fr\/categorie-produit\/inserts-cheminees\/foyers-a-bois-pour-cheminees-cheminees-inserts\/\"},{\"@type\":\"ListItem\",\"position\":5,\"name\":\"Foyer \u00e0 bois 700 Eos\"}]},{\"@type\":\"WebSite\",\"@id\":\"https:\/\/dev.invicta.wp19.axome.cc\/fr\/#website\",\"url\":\"https:\/\/dev.invicta.wp19.axome.cc\/fr\/\",\"name\":\"Invicta\",\"description\":\"Fabricant fran\u00e7ais, sp\u00e9cialiste europ\u00e9en du chauffage au bois : po\u00eales \u00e0 bois et \u00e0 granul\u00e9s, chemin\u00e9es, foyers et inserts\",\"publisher\":{\"@id\":\"https:\/\/dev.invicta.wp19.axome.cc\/fr\/#organization\"},\"potentialAction\":[{\"@type\":\"SearchAction\",\"target\":{\"@type\":\"EntryPoint\",\"urlTemplate\":\"https:\/\/dev.invicta.wp19.axome.cc\/fr\/?s={search_term_string}\"},\"query-input\":{\"@type\":\"PropertyValueSpecification\",\"valueRequired\":true,\"valueName\":\"search_term_string\"}}],\"inLanguage\":\"fr-FR\"},{\"@type\":\"Organization\",\"@id\":\"https:\/\/dev.invicta.wp19.axome.cc\/fr\/#organization\",\"name\":\"Invicta\",\"url\":\"https:\/\/dev.invicta.wp19.axome.cc\/fr\/\",\"logo\":{\"@type\":\"ImageObject\",\"inLanguage\":\"fr-FR\",\"@id\":\"https:\/\/dev.invicta.wp19.axome.cc\/fr\/#\/schema\/logo\/image\/\",\"url\":\"https:\/\/www.invicta.fr\/wp-content\/uploads\/2019\/06\/INVICTALOGO_RVB.png\",\"contentUrl\":\"https:\/\/www.invicta.fr\/wp-content\/uploads\/2019\/06\/INVICTALOGO_RVB.png\",\"width\":1810,\"height\":1280,\"caption\":\"Invicta\"},\"image\":{\"@id\":\"https:\/\/dev.invicta.wp19.axome.cc\/fr\/#\/schema\/logo\/image\/\"}}]}<\/script>\n<!-- \/ Yoast SEO plugin. -->","yoast_head_json":{"title":"Foyer \u00e0 bois 700 Eos - Invicta","description":"Ce foyer premier prix n'\u00e9conomise pas ses efforts pour vous offrir de hautes performances \u00e9nerg\u00e9tiques et environnementales.","robots":{"index":"index","follow":"follow","max-snippet":"max-snippet:-1","max-image-preview":"max-image-preview:large","max-video-preview":"max-video-preview:-1"},"canonical":"https:\/\/dev.invicta.wp19.axome.cc\/fr\/produit\/foyer-700-eos\/","og_locale":"fr_FR","og_type":"article","og_title":"Foyer \u00e0 bois 700 Eos - Invicta","og_description":"Ce foyer premier prix n'\u00e9conomise pas ses efforts pour vous offrir de hautes performances \u00e9nerg\u00e9tiques et environnementales.","og_url":"https:\/\/dev.invicta.wp19.axome.cc\/fr\/produit\/foyer-700-eos\/","og_site_name":"Invicta","article_modified_time":"2025-11-26T08:34:50+00:00","og_image":[{"width":1000,"height":714,"url":"https:\/\/dev.invicta.wp19.axome.cc\/wp-content\/uploads\/2025\/06\/A-P977002-EOS-700.jpg","type":"image\/jpeg"}],"twitter_card":"summary_large_image","schema":{"@context":"https:\/\/schema.org","@graph":[{"@type":"WebPage","@id":"https:\/\/dev.invicta.wp19.axome.cc\/fr\/produit\/foyer-700-eos\/","url":"https:\/\/dev.invicta.wp19.axome.cc\/fr\/produit\/foyer-700-eos\/","name":"Foyer \u00e0 bois 700 Eos - Invicta","isPartOf":{"@id":"https:\/\/dev.invicta.wp19.axome.cc\/fr\/#website"},"primaryImageOfPage":{"@id":"https:\/\/dev.invicta.wp19.axome.cc\/fr\/produit\/foyer-700-eos\/#primaryimage"},"image":{"@id":"https:\/\/dev.invicta.wp19.axome.cc\/fr\/produit\/foyer-700-eos\/#primaryimage"},"thumbnailUrl":"https:\/\/dev.invicta.wp19.axome.cc\/wp-content\/uploads\/2025\/06\/A-P977002-EOS-700.jpg","datePublished":"2025-11-26T07:34:47+00:00","dateModified":"2025-11-26T08:34:50+00:00","description":"Ce foyer premier prix n'\u00e9conomise pas ses efforts pour vous offrir de hautes performances \u00e9nerg\u00e9tiques et environnementales.","breadcrumb":{"@id":"https:\/\/dev.invicta.wp19.axome.cc\/fr\/produit\/foyer-700-eos\/#breadcrumb"},"inLanguage":"fr-FR","potentialAction":[{"@type":"ReadAction","target":["https:\/\/dev.invicta.wp19.axome.cc\/fr\/produit\/foyer-700-eos\/"]}]},{"@type":"ImageObject","inLanguage":"fr-FR","@id":"https:\/\/dev.invicta.wp19.axome.cc\/fr\/produit\/foyer-700-eos\/#primaryimage","url":"https:\/\/dev.invicta.wp19.axome.cc\/wp-content\/uploads\/2025\/06\/A-P977002-EOS-700.jpg","contentUrl":"https:\/\/dev.invicta.wp19.axome.cc\/wp-content\/uploads\/2025\/06\/A-P977002-EOS-700.jpg","width":1000,"height":714,"caption":"Foyer \u00e0 bois 700 Eos"},{"@type":"BreadcrumbList","@id":"https:\/\/dev.invicta.wp19.axome.cc\/fr\/produit\/foyer-700-eos\/#breadcrumb","itemListElement":[{"@type":"ListItem","position":1,"name":"Accueil","item":"https:\/\/dev.invicta.wp19.axome.cc\/fr\/"},{"@type":"ListItem","position":2,"name":"Produits","item":"https:\/\/dev.invicta.wp19.axome.cc\/fr\/shop\/"},{"@type":"ListItem","position":3,"name":"Inserts Chemin\u00e9es","item":"https:\/\/dev.invicta.wp19.axome.cc\/fr\/categorie-produit\/inserts-cheminees\/"},{"@type":"ListItem","position":4,"name":"Foyers \u00e0 Bois - Chemin\u00e9es","item":"https:\/\/dev.invicta.wp19.axome.cc\/fr\/categorie-produit\/inserts-cheminees\/foyers-a-bois-pour-cheminees-cheminees-inserts\/"},{"@type":"ListItem","position":5,"name":"Foyer \u00e0 bois 700 Eos"}]},{"@type":"WebSite","@id":"https:\/\/dev.invicta.wp19.axome.cc\/fr\/#website","url":"https:\/\/dev.invicta.wp19.axome.cc\/fr\/","name":"Invicta","description":"Fabricant fran\u00e7ais, sp\u00e9cialiste europ\u00e9en du chauffage au bois : po\u00eales \u00e0 bois et \u00e0 granul\u00e9s, chemin\u00e9es, foyers et inserts","publisher":{"@id":"https:\/\/dev.invicta.wp19.axome.cc\/fr\/#organization"},"potentialAction":[{"@type":"SearchAction","target":{"@type":"EntryPoint","urlTemplate":"https:\/\/dev.invicta.wp19.axome.cc\/fr\/?s={search_term_string}"},"query-input":{"@type":"PropertyValueSpecification","valueRequired":true,"valueName":"search_term_string"}}],"inLanguage":"fr-FR"},{"@type":"Organization","@id":"https:\/\/dev.invicta.wp19.axome.cc\/fr\/#organization","name":"Invicta","url":"https:\/\/dev.invicta.wp19.axome.cc\/fr\/","logo":{"@type":"ImageObject","inLanguage":"fr-FR","@id":"https:\/\/dev.invicta.wp19.axome.cc\/fr\/#\/schema\/logo\/image\/","url":"https:\/\/www.invicta.fr\/wp-content\/uploads\/2019\/06\/INVICTALOGO_RVB.png","contentUrl":"https:\/\/www.invicta.fr\/wp-content\/uploads\/2019\/06\/INVICTALOGO_RVB.png","width":1810,"height":1280,"caption":"Invicta"},"image":{"@id":"https:\/\/dev.invicta.wp19.axome.cc\/fr\/#\/schema\/logo\/image\/"}}]}},"_links":{"self":[{"href":"https:\/\/dev.invicta.wp19.axome.cc\/fr\/wp-json\/wp\/v2\/product\/68769","targetHints":{"allow":["GET"]}}],"collection":[{"href":"https:\/\/dev.invicta.wp19.axome.cc\/fr\/wp-json\/wp\/v2\/product"}],"about":[{"href":"https:\/\/dev.invicta.wp19.axome.cc\/fr\/wp-json\/wp\/v2\/types\/product"}],"wp:featuredmedia":[{"embeddable":true,"href":"https:\/\/dev.invicta.wp19.axome.cc\/fr\/wp-json\/wp\/v2\/media\/68771"}],"wp:attachment":[{"href":"https:\/\/dev.invicta.wp19.axome.cc\/fr\/wp-json\/wp\/v2\/media?parent=68769"}],"wp:term":[{"taxonomy":"product_brand","embeddable":true,"href":"https:\/\/dev.invicta.wp19.axome.cc\/fr\/wp-json\/wp\/v2\/product_brand?post=68769"},{"taxonomy":"product_cat","embeddable":true,"href":"https:\/\/dev.invicta.wp19.axome.cc\/fr\/wp-json\/wp\/v2\/product_cat?post=68769"},{"taxonomy":"product_tag","embeddable":true,"href":"https:\/\/dev.invicta.wp19.axome.cc\/fr\/wp-json\/wp\/v2\/product_tag?post=68769"},{"taxonomy":"plus_produit","embeddable":true,"href":"https:\/\/dev.invicta.wp19.axome.cc\/fr\/wp-json\/wp\/v2\/plus_produit?post=68769"}],"curies":[{"name":"wp","href":"https:\/\/api.w.org\/{rel}","templated":true}]}}

Foyer à bois 700 Eos

<p>Ce foyer premier prix n&#8217;économise pas ses efforts pour vous offrir de hautes performances énergétiques et environnementales.</p>

<!-- This site is optimized with the Yoast SEO plugin v24.7 - https://yoast.com/wordpress/plugins/seo/ -->
<title>Foyer à bois 700 Eos - Invicta</title>
<meta name="description" content="Ce foyer premier prix n&#039;économise pas ses efforts pour vous offrir de hautes performances énergétiques et environnementales." />
<meta name="robots" content="index, follow, max-snippet:-1, max-image-preview:large, max-video-preview:-1" />
<link rel="canonical" href="https://dev.invicta.wp19.axome.cc/fr/produit/foyer-700-eos/" />
<meta property="og:locale" content="fr_FR" />
<meta property="og:type" content="article" />
<meta property="og:title" content="Foyer à bois 700 Eos - Invicta" />
<meta property="og:description" content="Ce foyer premier prix n&#039;économise pas ses efforts pour vous offrir de hautes performances énergétiques et environnementales." />
<meta property="og:url" content="https://dev.invicta.wp19.axome.cc/fr/produit/foyer-700-eos/" />
<meta property="og:site_name" content="Invicta" />
<meta property="article:modified_time" content="2025-11-26T08:34:50+00:00" />
<meta property="og:image" content="https://dev.invicta.wp19.axome.cc/wp-content/uploads/2025/06/A-P977002-EOS-700.jpg" />
	<meta property="og:image:width" content="1000" />
	<meta property="og:image:height" content="714" />
	<meta property="og:image:type" content="image/jpeg" />
<meta name="twitter:card" content="summary_large_image" />
<script type="application/ld+json" class="yoast-schema-graph">{"@context":"https://schema.org","@graph":[{"@type":"WebPage","@id":"https://dev.invicta.wp19.axome.cc/fr/produit/foyer-700-eos/","url":"https://dev.invicta.wp19.axome.cc/fr/produit/foyer-700-eos/","name":"Foyer à bois 700 Eos - Invicta","isPartOf":{"@id":"https://dev.invicta.wp19.axome.cc/fr/#website"},"primaryImageOfPage":{"@id":"https://dev.invicta.wp19.axome.cc/fr/produit/foyer-700-eos/#primaryimage"},"image":{"@id":"https://dev.invicta.wp19.axome.cc/fr/produit/foyer-700-eos/#primaryimage"},"thumbnailUrl":"https://dev.invicta.wp19.axome.cc/wp-content/uploads/2025/06/A-P977002-EOS-700.jpg","datePublished":"2025-11-26T07:34:47+00:00","dateModified":"2025-11-26T08:34:50+00:00","description":"Ce foyer premier prix n'économise pas ses efforts pour vous offrir de hautes performances énergétiques et environnementales.","breadcrumb":{"@id":"https://dev.invicta.wp19.axome.cc/fr/produit/foyer-700-eos/#breadcrumb"},"inLanguage":"fr-FR","potentialAction":[{"@type":"ReadAction","target":["https://dev.invicta.wp19.axome.cc/fr/produit/foyer-700-eos/"]}]},{"@type":"ImageObject","inLanguage":"fr-FR","@id":"https://dev.invicta.wp19.axome.cc/fr/produit/foyer-700-eos/#primaryimage","url":"https://dev.invicta.wp19.axome.cc/wp-content/uploads/2025/06/A-P977002-EOS-700.jpg","contentUrl":"https://dev.invicta.wp19.axome.cc/wp-content/uploads/2025/06/A-P977002-EOS-700.jpg","width":1000,"height":714,"caption":"Foyer à bois 700 Eos"},{"@type":"BreadcrumbList","@id":"https://dev.invicta.wp19.axome.cc/fr/produit/foyer-700-eos/#breadcrumb","itemListElement":[{"@type":"ListItem","position":1,"name":"Accueil","item":"https://dev.invicta.wp19.axome.cc/fr/"},{"@type":"ListItem","position":2,"name":"Produits","item":"https://dev.invicta.wp19.axome.cc/fr/shop/"},{"@type":"ListItem","position":3,"name":"Inserts Cheminées","item":"https://dev.invicta.wp19.axome.cc/fr/categorie-produit/inserts-cheminees/"},{"@type":"ListItem","position":4,"name":"Foyers à Bois - Cheminées","item":"https://dev.invicta.wp19.axome.cc/fr/categorie-produit/inserts-cheminees/foyers-a-bois-pour-cheminees-cheminees-inserts/"},{"@type":"ListItem","position":5,"name":"Foyer à bois 700 Eos"}]},{"@type":"WebSite","@id":"https://dev.invicta.wp19.axome.cc/fr/#website","url":"https://dev.invicta.wp19.axome.cc/fr/","name":"Invicta","description":"Fabricant français, spécialiste européen du chauffage au bois : poêles à bois et à granulés, cheminées, foyers et inserts","publisher":{"@id":"https://dev.invicta.wp19.axome.cc/fr/#organization"},"potentialAction":[{"@type":"SearchAction","target":{"@type":"EntryPoint","urlTemplate":"https://dev.invicta.wp19.axome.cc/fr/?s={search_term_string}"},"query-input":{"@type":"PropertyValueSpecification","valueRequired":true,"valueName":"search_term_string"}}],"inLanguage":"fr-FR"},{"@type":"Organization","@id":"https://dev.invicta.wp19.axome.cc/fr/#organization","name":"Invicta","url":"https://dev.invicta.wp19.axome.cc/fr/","logo":{"@type":"ImageObject","inLanguage":"fr-FR","@id":"https://dev.invicta.wp19.axome.cc/fr/#/schema/logo/image/","url":"https://www.invicta.fr/wp-content/uploads/2019/06/INVICTALOGO_RVB.png","contentUrl":"https://www.invicta.fr/wp-content/uploads/2019/06/INVICTALOGO_RVB.png","width":1810,"height":1280,"caption":"Invicta"},"image":{"@id":"https://dev.invicta.wp19.axome.cc/fr/#/schema/logo/image/"}}]}</script>
<!-- / Yoast SEO plugin. -->

Foyer à bois 700 Eos - Invicta

Ce foyer premier prix n'économise pas ses efforts pour vous offrir de hautes performances énergétiques et environnementales.

Inserts Cheminées

Foyers à Bois - Cheminées

Fabricant français, spécialiste européen du chauffage au bois : poêles à bois et à granulés, cheminées, foyers et inserts
