{"id":68825,"date":"2025-11-26T08:34:25","date_gmt":"2025-11-26T07:34:25","guid":{"rendered":"https:\/\/dev.invicta.wp19.axome.cc\/produit\/foyer-700-grande-vision-volet-10-kw\/"},"modified":"2025-11-26T09:34:27","modified_gmt":"2025-11-26T08:34:27","slug":"foyer-700-grande-vision-volet","status":"publish","type":"product","link":"https:\/\/dev.invicta.wp19.axome.cc\/fr\/produit\/foyer-700-grande-vision-volet\/","title":{"rendered":"Foyer 700 Grande Vision volet 10 kW"},"content":{"rendered":"","protected":false},"excerpt":{"rendered":"<p>Voici le foyer 2.0 : nouveau style, nouvelle poign\u00e9e et performances am\u00e9lior\u00e9es.<\/p>\n","protected":false},"featured_media":68826,"template":"","meta":{"_acf_changed":false},"product_brand":[],"product_cat":[2117,27,74],"product_tag":[58,7096,59,51,53,7094,65,6826],"plus_produit":[6930,6834,2146,1919,129,130,140],"class_list":{"1":"product","4":"has-post-thumbnail","6":"product_cat-aide-au-choix","7":"product_cat-inserts-cheminees","8":"product_cat-foyers-a-bois-pour-cheminees-cheminees-inserts","9":"product_tag-eco-design-2022","10":"product_tag-2-eco-design-2022","11":"product_tag-a-ecolabel","12":"product_tag-fonte-100","13":"product_tag-post-combustion","14":"product_tag-vitre-propre","15":"product_tag-garantie-2-ans","16":"product_tag-garantie-extension-3-ans","17":"pa_consommation-053-a-222-kg-heure","18":"pa_depart-des-fumees-dessus","19":"pa_designer-non-utilise","20":"pa_diametre-de-buse-10287","21":"pa_indice-de-performance-5571","22":"pa_surface-de-chauffe-55-a-120-m","23":"pa_taux-de-co-0-11","24":"pa_volume-de-chauffe-135-300-m-2","25":"plus_produit-100-fonte","26":"plus_produit-extension-de-garantie-3-ans","27":"plus_produit-intermittent-et-combustion-prolongee-3-heures","28":"plus_produit-origine-france-garantie","29":"plus_produit-systeme-de-post-combustion","30":"plus_produit-vitre-propre","31":"plus_produit-volet-de-buse","33":"first","34":"instock","35":"purchasable","36":"product-type-simple"},"acf":[],"yoast_head":"<!-- This site is optimized with the Yoast SEO plugin v24.7 - https:\/\/yoast.com\/wordpress\/plugins\/seo\/ -->\n<title>Foyer 700 Grande Vision volet 10 kW - Invicta<\/title>\n<meta name=\"description\" content=\"Voici le foyer 2.0 : nouveau style, nouvelle poign\u00e9e et performances am\u00e9lior\u00e9es.\" \/>\n<meta name=\"robots\" content=\"index, follow, max-snippet:-1, max-image-preview:large, max-video-preview:-1\" \/>\n<link rel=\"canonical\" href=\"https:\/\/dev.invicta.wp19.axome.cc\/fr\/produit\/foyer-700-grande-vision-volet\/\" \/>\n<meta property=\"og:locale\" content=\"fr_FR\" \/>\n<meta property=\"og:type\" content=\"article\" \/>\n<meta property=\"og:title\" content=\"Foyer 700 Grande Vision volet 10 kW - Invicta\" \/>\n<meta property=\"og:description\" content=\"Voici le foyer 2.0 : nouveau style, nouvelle poign\u00e9e et performances am\u00e9lior\u00e9es.\" \/>\n<meta property=\"og:url\" content=\"https:\/\/dev.invicta.wp19.axome.cc\/fr\/produit\/foyer-700-grande-vision-volet\/\" \/>\n<meta property=\"og:site_name\" content=\"Invicta\" \/>\n<meta property=\"article:modified_time\" content=\"2025-11-26T08:34:27+00:00\" \/>\n<meta property=\"og:image\" content=\"https:\/\/dev.invicta.wp19.axome.cc\/wp-content\/uploads\/2025\/06\/P927075_700-GV_ambiance_web.jpg\" \/>\n\t<meta property=\"og:image:width\" content=\"667\" \/>\n\t<meta property=\"og:image:height\" content=\"1000\" \/>\n\t<meta property=\"og:image:type\" content=\"image\/jpeg\" \/>\n<meta name=\"twitter:card\" content=\"summary_large_image\" \/>\n<script type=\"application\/ld+json\" class=\"yoast-schema-graph\">{\"@context\":\"https:\/\/schema.org\",\"@graph\":[{\"@type\":\"WebPage\",\"@id\":\"https:\/\/dev.invicta.wp19.axome.cc\/fr\/produit\/foyer-700-grande-vision-volet\/\",\"url\":\"https:\/\/dev.invicta.wp19.axome.cc\/fr\/produit\/foyer-700-grande-vision-volet\/\",\"name\":\"Foyer 700 Grande Vision volet 10 kW - Invicta\",\"isPartOf\":{\"@id\":\"https:\/\/dev.invicta.wp19.axome.cc\/fr\/#website\"},\"primaryImageOfPage\":{\"@id\":\"https:\/\/dev.invicta.wp19.axome.cc\/fr\/produit\/foyer-700-grande-vision-volet\/#primaryimage\"},\"image\":{\"@id\":\"https:\/\/dev.invicta.wp19.axome.cc\/fr\/produit\/foyer-700-grande-vision-volet\/#primaryimage\"},\"thumbnailUrl\":\"https:\/\/dev.invicta.wp19.axome.cc\/wp-content\/uploads\/2025\/06\/P927075_700-GV_ambiance_web.jpg\",\"datePublished\":\"2025-11-26T07:34:25+00:00\",\"dateModified\":\"2025-11-26T08:34:27+00:00\",\"description\":\"Voici le foyer 2.0 : nouveau style, nouvelle poign\u00e9e et performances am\u00e9lior\u00e9es.\",\"breadcrumb\":{\"@id\":\"https:\/\/dev.invicta.wp19.axome.cc\/fr\/produit\/foyer-700-grande-vision-volet\/#breadcrumb\"},\"inLanguage\":\"fr-FR\",\"potentialAction\":[{\"@type\":\"ReadAction\",\"target\":[\"https:\/\/dev.invicta.wp19.axome.cc\/fr\/produit\/foyer-700-grande-vision-volet\/\"]}]},{\"@type\":\"ImageObject\",\"inLanguage\":\"fr-FR\",\"@id\":\"https:\/\/dev.invicta.wp19.axome.cc\/fr\/produit\/foyer-700-grande-vision-volet\/#primaryimage\",\"url\":\"https:\/\/dev.invicta.wp19.axome.cc\/wp-content\/uploads\/2025\/06\/P927075_700-GV_ambiance_web.jpg\",\"contentUrl\":\"https:\/\/dev.invicta.wp19.axome.cc\/wp-content\/uploads\/2025\/06\/P927075_700-GV_ambiance_web.jpg\",\"width\":667,\"height\":1000,\"caption\":\"Foyer 700 Grande Vision volet 10 kW\"},{\"@type\":\"BreadcrumbList\",\"@id\":\"https:\/\/dev.invicta.wp19.axome.cc\/fr\/produit\/foyer-700-grande-vision-volet\/#breadcrumb\",\"itemListElement\":[{\"@type\":\"ListItem\",\"position\":1,\"name\":\"Accueil\",\"item\":\"https:\/\/dev.invicta.wp19.axome.cc\/fr\/\"},{\"@type\":\"ListItem\",\"position\":2,\"name\":\"Produits\",\"item\":\"https:\/\/dev.invicta.wp19.axome.cc\/fr\/shop\/\"},{\"@type\":\"ListItem\",\"position\":3,\"name\":\"Inserts Chemin\u00e9es\",\"item\":\"https:\/\/dev.invicta.wp19.axome.cc\/fr\/categorie-produit\/inserts-cheminees\/\"},{\"@type\":\"ListItem\",\"position\":4,\"name\":\"Foyers \u00e0 Bois - Chemin\u00e9es\",\"item\":\"https:\/\/dev.invicta.wp19.axome.cc\/fr\/categorie-produit\/inserts-cheminees\/foyers-a-bois-pour-cheminees-cheminees-inserts\/\"},{\"@type\":\"ListItem\",\"position\":5,\"name\":\"Foyer 700 Grande Vision volet 10 kW\"}]},{\"@type\":\"WebSite\",\"@id\":\"https:\/\/dev.invicta.wp19.axome.cc\/fr\/#website\",\"url\":\"https:\/\/dev.invicta.wp19.axome.cc\/fr\/\",\"name\":\"Invicta\",\"description\":\"Fabricant fran\u00e7ais, sp\u00e9cialiste europ\u00e9en du chauffage au bois : po\u00eales \u00e0 bois et \u00e0 granul\u00e9s, chemin\u00e9es, foyers et inserts\",\"publisher\":{\"@id\":\"https:\/\/dev.invicta.wp19.axome.cc\/fr\/#organization\"},\"potentialAction\":[{\"@type\":\"SearchAction\",\"target\":{\"@type\":\"EntryPoint\",\"urlTemplate\":\"https:\/\/dev.invicta.wp19.axome.cc\/fr\/?s={search_term_string}\"},\"query-input\":{\"@type\":\"PropertyValueSpecification\",\"valueRequired\":true,\"valueName\":\"search_term_string\"}}],\"inLanguage\":\"fr-FR\"},{\"@type\":\"Organization\",\"@id\":\"https:\/\/dev.invicta.wp19.axome.cc\/fr\/#organization\",\"name\":\"Invicta\",\"url\":\"https:\/\/dev.invicta.wp19.axome.cc\/fr\/\",\"logo\":{\"@type\":\"ImageObject\",\"inLanguage\":\"fr-FR\",\"@id\":\"https:\/\/dev.invicta.wp19.axome.cc\/fr\/#\/schema\/logo\/image\/\",\"url\":\"https:\/\/www.invicta.fr\/wp-content\/uploads\/2019\/06\/INVICTALOGO_RVB.png\",\"contentUrl\":\"https:\/\/www.invicta.fr\/wp-content\/uploads\/2019\/06\/INVICTALOGO_RVB.png\",\"width\":1810,\"height\":1280,\"caption\":\"Invicta\"},\"image\":{\"@id\":\"https:\/\/dev.invicta.wp19.axome.cc\/fr\/#\/schema\/logo\/image\/\"}}]}<\/script>\n<!-- \/ Yoast SEO plugin. -->","yoast_head_json":{"title":"Foyer 700 Grande Vision volet 10 kW - Invicta","description":"Voici le foyer 2.0 : nouveau style, nouvelle poign\u00e9e et performances am\u00e9lior\u00e9es.","robots":{"index":"index","follow":"follow","max-snippet":"max-snippet:-1","max-image-preview":"max-image-preview:large","max-video-preview":"max-video-preview:-1"},"canonical":"https:\/\/dev.invicta.wp19.axome.cc\/fr\/produit\/foyer-700-grande-vision-volet\/","og_locale":"fr_FR","og_type":"article","og_title":"Foyer 700 Grande Vision volet 10 kW - Invicta","og_description":"Voici le foyer 2.0 : nouveau style, nouvelle poign\u00e9e et performances am\u00e9lior\u00e9es.","og_url":"https:\/\/dev.invicta.wp19.axome.cc\/fr\/produit\/foyer-700-grande-vision-volet\/","og_site_name":"Invicta","article_modified_time":"2025-11-26T08:34:27+00:00","og_image":[{"width":667,"height":1000,"url":"https:\/\/dev.invicta.wp19.axome.cc\/wp-content\/uploads\/2025\/06\/P927075_700-GV_ambiance_web.jpg","type":"image\/jpeg"}],"twitter_card":"summary_large_image","schema":{"@context":"https:\/\/schema.org","@graph":[{"@type":"WebPage","@id":"https:\/\/dev.invicta.wp19.axome.cc\/fr\/produit\/foyer-700-grande-vision-volet\/","url":"https:\/\/dev.invicta.wp19.axome.cc\/fr\/produit\/foyer-700-grande-vision-volet\/","name":"Foyer 700 Grande Vision volet 10 kW - Invicta","isPartOf":{"@id":"https:\/\/dev.invicta.wp19.axome.cc\/fr\/#website"},"primaryImageOfPage":{"@id":"https:\/\/dev.invicta.wp19.axome.cc\/fr\/produit\/foyer-700-grande-vision-volet\/#primaryimage"},"image":{"@id":"https:\/\/dev.invicta.wp19.axome.cc\/fr\/produit\/foyer-700-grande-vision-volet\/#primaryimage"},"thumbnailUrl":"https:\/\/dev.invicta.wp19.axome.cc\/wp-content\/uploads\/2025\/06\/P927075_700-GV_ambiance_web.jpg","datePublished":"2025-11-26T07:34:25+00:00","dateModified":"2025-11-26T08:34:27+00:00","description":"Voici le foyer 2.0 : nouveau style, nouvelle poign\u00e9e et performances am\u00e9lior\u00e9es.","breadcrumb":{"@id":"https:\/\/dev.invicta.wp19.axome.cc\/fr\/produit\/foyer-700-grande-vision-volet\/#breadcrumb"},"inLanguage":"fr-FR","potentialAction":[{"@type":"ReadAction","target":["https:\/\/dev.invicta.wp19.axome.cc\/fr\/produit\/foyer-700-grande-vision-volet\/"]}]},{"@type":"ImageObject","inLanguage":"fr-FR","@id":"https:\/\/dev.invicta.wp19.axome.cc\/fr\/produit\/foyer-700-grande-vision-volet\/#primaryimage","url":"https:\/\/dev.invicta.wp19.axome.cc\/wp-content\/uploads\/2025\/06\/P927075_700-GV_ambiance_web.jpg","contentUrl":"https:\/\/dev.invicta.wp19.axome.cc\/wp-content\/uploads\/2025\/06\/P927075_700-GV_ambiance_web.jpg","width":667,"height":1000,"caption":"Foyer 700 Grande Vision volet 10 kW"},{"@type":"BreadcrumbList","@id":"https:\/\/dev.invicta.wp19.axome.cc\/fr\/produit\/foyer-700-grande-vision-volet\/#breadcrumb","itemListElement":[{"@type":"ListItem","position":1,"name":"Accueil","item":"https:\/\/dev.invicta.wp19.axome.cc\/fr\/"},{"@type":"ListItem","position":2,"name":"Produits","item":"https:\/\/dev.invicta.wp19.axome.cc\/fr\/shop\/"},{"@type":"ListItem","position":3,"name":"Inserts Chemin\u00e9es","item":"https:\/\/dev.invicta.wp19.axome.cc\/fr\/categorie-produit\/inserts-cheminees\/"},{"@type":"ListItem","position":4,"name":"Foyers \u00e0 Bois - Chemin\u00e9es","item":"https:\/\/dev.invicta.wp19.axome.cc\/fr\/categorie-produit\/inserts-cheminees\/foyers-a-bois-pour-cheminees-cheminees-inserts\/"},{"@type":"ListItem","position":5,"name":"Foyer 700 Grande Vision volet 10 kW"}]},{"@type":"WebSite","@id":"https:\/\/dev.invicta.wp19.axome.cc\/fr\/#website","url":"https:\/\/dev.invicta.wp19.axome.cc\/fr\/","name":"Invicta","description":"Fabricant fran\u00e7ais, sp\u00e9cialiste europ\u00e9en du chauffage au bois : po\u00eales \u00e0 bois et \u00e0 granul\u00e9s, chemin\u00e9es, foyers et inserts","publisher":{"@id":"https:\/\/dev.invicta.wp19.axome.cc\/fr\/#organization"},"potentialAction":[{"@type":"SearchAction","target":{"@type":"EntryPoint","urlTemplate":"https:\/\/dev.invicta.wp19.axome.cc\/fr\/?s={search_term_string}"},"query-input":{"@type":"PropertyValueSpecification","valueRequired":true,"valueName":"search_term_string"}}],"inLanguage":"fr-FR"},{"@type":"Organization","@id":"https:\/\/dev.invicta.wp19.axome.cc\/fr\/#organization","name":"Invicta","url":"https:\/\/dev.invicta.wp19.axome.cc\/fr\/","logo":{"@type":"ImageObject","inLanguage":"fr-FR","@id":"https:\/\/dev.invicta.wp19.axome.cc\/fr\/#\/schema\/logo\/image\/","url":"https:\/\/www.invicta.fr\/wp-content\/uploads\/2019\/06\/INVICTALOGO_RVB.png","contentUrl":"https:\/\/www.invicta.fr\/wp-content\/uploads\/2019\/06\/INVICTALOGO_RVB.png","width":1810,"height":1280,"caption":"Invicta"},"image":{"@id":"https:\/\/dev.invicta.wp19.axome.cc\/fr\/#\/schema\/logo\/image\/"}}]}},"_links":{"self":[{"href":"https:\/\/dev.invicta.wp19.axome.cc\/fr\/wp-json\/wp\/v2\/product\/68825","targetHints":{"allow":["GET"]}}],"collection":[{"href":"https:\/\/dev.invicta.wp19.axome.cc\/fr\/wp-json\/wp\/v2\/product"}],"about":[{"href":"https:\/\/dev.invicta.wp19.axome.cc\/fr\/wp-json\/wp\/v2\/types\/product"}],"wp:featuredmedia":[{"embeddable":true,"href":"https:\/\/dev.invicta.wp19.axome.cc\/fr\/wp-json\/wp\/v2\/media\/68826"}],"wp:attachment":[{"href":"https:\/\/dev.invicta.wp19.axome.cc\/fr\/wp-json\/wp\/v2\/media?parent=68825"}],"wp:term":[{"taxonomy":"product_brand","embeddable":true,"href":"https:\/\/dev.invicta.wp19.axome.cc\/fr\/wp-json\/wp\/v2\/product_brand?post=68825"},{"taxonomy":"product_cat","embeddable":true,"href":"https:\/\/dev.invicta.wp19.axome.cc\/fr\/wp-json\/wp\/v2\/product_cat?post=68825"},{"taxonomy":"product_tag","embeddable":true,"href":"https:\/\/dev.invicta.wp19.axome.cc\/fr\/wp-json\/wp\/v2\/product_tag?post=68825"},{"taxonomy":"plus_produit","embeddable":true,"href":"https:\/\/dev.invicta.wp19.axome.cc\/fr\/wp-json\/wp\/v2\/plus_produit?post=68825"}],"curies":[{"name":"wp","href":"https:\/\/api.w.org\/{rel}","templated":true}]}}

<p>Voici le foyer 2.0 : nouveau style, nouvelle poignée et performances améliorées.</p>

<!-- This site is optimized with the Yoast SEO plugin v24.7 - https://yoast.com/wordpress/plugins/seo/ -->
<title>Foyer 700 Grande Vision volet 10 kW - Invicta</title>
<meta name="description" content="Voici le foyer 2.0 : nouveau style, nouvelle poignée et performances améliorées." />
<meta name="robots" content="index, follow, max-snippet:-1, max-image-preview:large, max-video-preview:-1" />
<link rel="canonical" href="https://dev.invicta.wp19.axome.cc/fr/produit/foyer-700-grande-vision-volet/" />
<meta property="og:locale" content="fr_FR" />
<meta property="og:type" content="article" />
<meta property="og:title" content="Foyer 700 Grande Vision volet 10 kW - Invicta" />
<meta property="og:description" content="Voici le foyer 2.0 : nouveau style, nouvelle poignée et performances améliorées." />
<meta property="og:url" content="https://dev.invicta.wp19.axome.cc/fr/produit/foyer-700-grande-vision-volet/" />
<meta property="og:site_name" content="Invicta" />
<meta property="article:modified_time" content="2025-11-26T08:34:27+00:00" />
<meta property="og:image" content="https://dev.invicta.wp19.axome.cc/wp-content/uploads/2025/06/P927075_700-GV_ambiance_web.jpg" />
	<meta property="og:image:width" content="667" />
	<meta property="og:image:height" content="1000" />
	<meta property="og:image:type" content="image/jpeg" />
<meta name="twitter:card" content="summary_large_image" />
<script type="application/ld+json" class="yoast-schema-graph">{"@context":"https://schema.org","@graph":[{"@type":"WebPage","@id":"https://dev.invicta.wp19.axome.cc/fr/produit/foyer-700-grande-vision-volet/","url":"https://dev.invicta.wp19.axome.cc/fr/produit/foyer-700-grande-vision-volet/","name":"Foyer 700 Grande Vision volet 10 kW - Invicta","isPartOf":{"@id":"https://dev.invicta.wp19.axome.cc/fr/#website"},"primaryImageOfPage":{"@id":"https://dev.invicta.wp19.axome.cc/fr/produit/foyer-700-grande-vision-volet/#primaryimage"},"image":{"@id":"https://dev.invicta.wp19.axome.cc/fr/produit/foyer-700-grande-vision-volet/#primaryimage"},"thumbnailUrl":"https://dev.invicta.wp19.axome.cc/wp-content/uploads/2025/06/P927075_700-GV_ambiance_web.jpg","datePublished":"2025-11-26T07:34:25+00:00","dateModified":"2025-11-26T08:34:27+00:00","description":"Voici le foyer 2.0 : nouveau style, nouvelle poignée et performances améliorées.","breadcrumb":{"@id":"https://dev.invicta.wp19.axome.cc/fr/produit/foyer-700-grande-vision-volet/#breadcrumb"},"inLanguage":"fr-FR","potentialAction":[{"@type":"ReadAction","target":["https://dev.invicta.wp19.axome.cc/fr/produit/foyer-700-grande-vision-volet/"]}]},{"@type":"ImageObject","inLanguage":"fr-FR","@id":"https://dev.invicta.wp19.axome.cc/fr/produit/foyer-700-grande-vision-volet/#primaryimage","url":"https://dev.invicta.wp19.axome.cc/wp-content/uploads/2025/06/P927075_700-GV_ambiance_web.jpg","contentUrl":"https://dev.invicta.wp19.axome.cc/wp-content/uploads/2025/06/P927075_700-GV_ambiance_web.jpg","width":667,"height":1000,"caption":"Foyer 700 Grande Vision volet 10 kW"},{"@type":"BreadcrumbList","@id":"https://dev.invicta.wp19.axome.cc/fr/produit/foyer-700-grande-vision-volet/#breadcrumb","itemListElement":[{"@type":"ListItem","position":1,"name":"Accueil","item":"https://dev.invicta.wp19.axome.cc/fr/"},{"@type":"ListItem","position":2,"name":"Produits","item":"https://dev.invicta.wp19.axome.cc/fr/shop/"},{"@type":"ListItem","position":3,"name":"Inserts Cheminées","item":"https://dev.invicta.wp19.axome.cc/fr/categorie-produit/inserts-cheminees/"},{"@type":"ListItem","position":4,"name":"Foyers à Bois - Cheminées","item":"https://dev.invicta.wp19.axome.cc/fr/categorie-produit/inserts-cheminees/foyers-a-bois-pour-cheminees-cheminees-inserts/"},{"@type":"ListItem","position":5,"name":"Foyer 700 Grande Vision volet 10 kW"}]},{"@type":"WebSite","@id":"https://dev.invicta.wp19.axome.cc/fr/#website","url":"https://dev.invicta.wp19.axome.cc/fr/","name":"Invicta","description":"Fabricant français, spécialiste européen du chauffage au bois : poêles à bois et à granulés, cheminées, foyers et inserts","publisher":{"@id":"https://dev.invicta.wp19.axome.cc/fr/#organization"},"potentialAction":[{"@type":"SearchAction","target":{"@type":"EntryPoint","urlTemplate":"https://dev.invicta.wp19.axome.cc/fr/?s={search_term_string}"},"query-input":{"@type":"PropertyValueSpecification","valueRequired":true,"valueName":"search_term_string"}}],"inLanguage":"fr-FR"},{"@type":"Organization","@id":"https://dev.invicta.wp19.axome.cc/fr/#organization","name":"Invicta","url":"https://dev.invicta.wp19.axome.cc/fr/","logo":{"@type":"ImageObject","inLanguage":"fr-FR","@id":"https://dev.invicta.wp19.axome.cc/fr/#/schema/logo/image/","url":"https://www.invicta.fr/wp-content/uploads/2019/06/INVICTALOGO_RVB.png","contentUrl":"https://www.invicta.fr/wp-content/uploads/2019/06/INVICTALOGO_RVB.png","width":1810,"height":1280,"caption":"Invicta"},"image":{"@id":"https://dev.invicta.wp19.axome.cc/fr/#/schema/logo/image/"}}]}</script>
<!-- / Yoast SEO plugin. -->

Voici le foyer 2.0 : nouveau style, nouvelle poignée et performances améliorées.

Inserts Cheminées

Foyers à Bois - Cheminées

Fabricant français, spécialiste européen du chauffage au bois : poêles à bois et à granulés, cheminées, foyers et inserts
