{"id":69725,"date":"2025-06-16T18:17:47","date_gmt":"2025-06-11T14:02:16","guid":{"rendered":"https:\/\/dev.invicta.wp19.axome.cc\/produit\/grelhas-de-ventilacao-com-corredica-1218x108x20\/"},"modified":"2025-06-11T16:02:17","modified_gmt":"2025-06-11T14:02:17","slug":"grelhas-de-ventilacao-com-corredica-218x108x20","status":"publish","type":"product","link":"https:\/\/dev.invicta.wp19.axome.cc\/pt\/produit\/grelhas-de-ventilacao-com-corredica-218x108x20\/","title":{"rendered":"Grelhas de ventila\u00e7\u00e3o com corredi\u00e7a 1218X108X20"},"content":{"rendered":"","protected":false},"excerpt":{"rendered":"","protected":false},"featured_media":68172,"template":"","meta":{"_acf_changed":false},"product_brand":[],"product_cat":[3105,4933,3106],"product_tag":[],"plus_produit":[],"class_list":{"1":"product","4":"has-post-thumbnail","6":"product_cat-ajuda-na-selecao","7":"product_cat-recuperadores","8":"product_cat-acessorios","9":"pa_surface-de-chauffe-25-100-pt","10":"pa_volume-de-chauffe-min-max-3","12":"first","13":"instock","14":"purchasable","15":"product-type-simple"},"acf":[],"yoast_head":"<!-- This site is optimized with the Yoast SEO plugin v24.7 - https:\/\/yoast.com\/wordpress\/plugins\/seo\/ -->\n<title>Grelhas de ventila\u00e7\u00e3o com corredi\u00e7a 1218X108X20 - Invicta<\/title>\n<meta name=\"robots\" content=\"index, follow, max-snippet:-1, max-image-preview:large, max-video-preview:-1\" \/>\n<link rel=\"canonical\" href=\"https:\/\/dev.invicta.wp19.axome.cc\/pt\/produit\/grelhas-de-ventilacao-com-corredica-218x108x20\/\" \/>\n<meta property=\"og:locale\" content=\"pt_PT\" \/>\n<meta property=\"og:type\" content=\"article\" \/>\n<meta property=\"og:title\" content=\"Grelhas de ventila\u00e7\u00e3o com corredi\u00e7a 1218X108X20 - Invicta\" \/>\n<meta property=\"og:url\" content=\"https:\/\/dev.invicta.wp19.axome.cc\/pt\/produit\/grelhas-de-ventilacao-com-corredica-218x108x20\/\" \/>\n<meta property=\"og:site_name\" content=\"Invicta\" \/>\n<meta property=\"article:modified_time\" content=\"2025-06-11T14:02:17+00:00\" \/>\n<meta property=\"og:image\" content=\"https:\/\/dev.invicta.wp19.axome.cc\/wp-content\/uploads\/2025\/06\/grilles-aeration-glissiere.jpg\" \/>\n\t<meta property=\"og:image:width\" content=\"170\" \/>\n\t<meta property=\"og:image:height\" content=\"111\" \/>\n\t<meta property=\"og:image:type\" content=\"image\/jpeg\" \/>\n<meta name=\"twitter:card\" content=\"summary_large_image\" \/>\n<script type=\"application\/ld+json\" class=\"yoast-schema-graph\">{\"@context\":\"https:\/\/schema.org\",\"@graph\":[{\"@type\":\"WebPage\",\"@id\":\"https:\/\/dev.invicta.wp19.axome.cc\/pt\/produit\/grelhas-de-ventilacao-com-corredica-218x108x20\/\",\"url\":\"https:\/\/dev.invicta.wp19.axome.cc\/pt\/produit\/grelhas-de-ventilacao-com-corredica-218x108x20\/\",\"name\":\"Grelhas de ventila\u00e7\u00e3o com corredi\u00e7a 1218X108X20 - Invicta\",\"isPartOf\":{\"@id\":\"https:\/\/dev.invicta.wp19.axome.cc\/pt\/#website\"},\"primaryImageOfPage\":{\"@id\":\"https:\/\/dev.invicta.wp19.axome.cc\/pt\/produit\/grelhas-de-ventilacao-com-corredica-218x108x20\/#primaryimage\"},\"image\":{\"@id\":\"https:\/\/dev.invicta.wp19.axome.cc\/pt\/produit\/grelhas-de-ventilacao-com-corredica-218x108x20\/#primaryimage\"},\"thumbnailUrl\":\"https:\/\/dev.invicta.wp19.axome.cc\/wp-content\/uploads\/2025\/06\/grilles-aeration-glissiere.jpg\",\"datePublished\":\"2025-06-11T14:02:16+00:00\",\"dateModified\":\"2025-06-11T14:02:17+00:00\",\"breadcrumb\":{\"@id\":\"https:\/\/dev.invicta.wp19.axome.cc\/pt\/produit\/grelhas-de-ventilacao-com-corredica-218x108x20\/#breadcrumb\"},\"inLanguage\":\"pt-PT\",\"potentialAction\":[{\"@type\":\"ReadAction\",\"target\":[\"https:\/\/dev.invicta.wp19.axome.cc\/pt\/produit\/grelhas-de-ventilacao-com-corredica-218x108x20\/\"]}]},{\"@type\":\"ImageObject\",\"inLanguage\":\"pt-PT\",\"@id\":\"https:\/\/dev.invicta.wp19.axome.cc\/pt\/produit\/grelhas-de-ventilacao-com-corredica-218x108x20\/#primaryimage\",\"url\":\"https:\/\/dev.invicta.wp19.axome.cc\/wp-content\/uploads\/2025\/06\/grilles-aeration-glissiere.jpg\",\"contentUrl\":\"https:\/\/dev.invicta.wp19.axome.cc\/wp-content\/uploads\/2025\/06\/grilles-aeration-glissiere.jpg\",\"width\":170,\"height\":111,\"caption\":\"Grilles d\u2019a\u00e9ration avec glissi\u00e8re 218X108X20\"},{\"@type\":\"BreadcrumbList\",\"@id\":\"https:\/\/dev.invicta.wp19.axome.cc\/pt\/produit\/grelhas-de-ventilacao-com-corredica-218x108x20\/#breadcrumb\",\"itemListElement\":[{\"@type\":\"ListItem\",\"position\":1,\"name\":\"Home\",\"item\":\"https:\/\/dev.invicta.wp19.axome.cc\/pt\/\"},{\"@type\":\"ListItem\",\"position\":2,\"name\":\"Produtos\",\"item\":\"https:\/\/dev.invicta.wp19.axome.cc\/pt\/shop\/\"},{\"@type\":\"ListItem\",\"position\":3,\"name\":\"Recuperadores\",\"item\":\"https:\/\/dev.invicta.wp19.axome.cc\/pt\/categorie-produit\/recuperadores\/\"},{\"@type\":\"ListItem\",\"position\":4,\"name\":\"Acess\u00f3rios\",\"item\":\"https:\/\/dev.invicta.wp19.axome.cc\/pt\/categorie-produit\/recuperadores\/acessorios\/\"},{\"@type\":\"ListItem\",\"position\":5,\"name\":\"Grelhas de ventila\u00e7\u00e3o com corredi\u00e7a 1218X108X20\"}]},{\"@type\":\"WebSite\",\"@id\":\"https:\/\/dev.invicta.wp19.axome.cc\/pt\/#website\",\"url\":\"https:\/\/dev.invicta.wp19.axome.cc\/pt\/\",\"name\":\"Invicta\",\"description\":\"Fabricant fran\u00e7ais, sp\u00e9cialiste europ\u00e9en du chauffage au bois : po\u00eales \u00e0 bois et \u00e0 granul\u00e9s, chemin\u00e9es, foyers et inserts\",\"publisher\":{\"@id\":\"https:\/\/dev.invicta.wp19.axome.cc\/pt\/#organization\"},\"potentialAction\":[{\"@type\":\"SearchAction\",\"target\":{\"@type\":\"EntryPoint\",\"urlTemplate\":\"https:\/\/dev.invicta.wp19.axome.cc\/pt\/?s={search_term_string}\"},\"query-input\":{\"@type\":\"PropertyValueSpecification\",\"valueRequired\":true,\"valueName\":\"search_term_string\"}}],\"inLanguage\":\"pt-PT\"},{\"@type\":\"Organization\",\"@id\":\"https:\/\/dev.invicta.wp19.axome.cc\/pt\/#organization\",\"name\":\"Invicta\",\"url\":\"https:\/\/dev.invicta.wp19.axome.cc\/pt\/\",\"logo\":{\"@type\":\"ImageObject\",\"inLanguage\":\"pt-PT\",\"@id\":\"https:\/\/dev.invicta.wp19.axome.cc\/pt\/#\/schema\/logo\/image\/\",\"url\":\"https:\/\/www.invicta.fr\/wp-content\/uploads\/2019\/06\/INVICTALOGO_RVB.png\",\"contentUrl\":\"https:\/\/www.invicta.fr\/wp-content\/uploads\/2019\/06\/INVICTALOGO_RVB.png\",\"width\":1810,\"height\":1280,\"caption\":\"Invicta\"},\"image\":{\"@id\":\"https:\/\/dev.invicta.wp19.axome.cc\/pt\/#\/schema\/logo\/image\/\"}}]}<\/script>\n<!-- \/ Yoast SEO plugin. -->","yoast_head_json":{"title":"Grelhas de ventila\u00e7\u00e3o com corredi\u00e7a 1218X108X20 - Invicta","robots":{"index":"index","follow":"follow","max-snippet":"max-snippet:-1","max-image-preview":"max-image-preview:large","max-video-preview":"max-video-preview:-1"},"canonical":"https:\/\/dev.invicta.wp19.axome.cc\/pt\/produit\/grelhas-de-ventilacao-com-corredica-218x108x20\/","og_locale":"pt_PT","og_type":"article","og_title":"Grelhas de ventila\u00e7\u00e3o com corredi\u00e7a 1218X108X20 - Invicta","og_url":"https:\/\/dev.invicta.wp19.axome.cc\/pt\/produit\/grelhas-de-ventilacao-com-corredica-218x108x20\/","og_site_name":"Invicta","article_modified_time":"2025-06-11T14:02:17+00:00","og_image":[{"width":170,"height":111,"url":"https:\/\/dev.invicta.wp19.axome.cc\/wp-content\/uploads\/2025\/06\/grilles-aeration-glissiere.jpg","type":"image\/jpeg"}],"twitter_card":"summary_large_image","schema":{"@context":"https:\/\/schema.org","@graph":[{"@type":"WebPage","@id":"https:\/\/dev.invicta.wp19.axome.cc\/pt\/produit\/grelhas-de-ventilacao-com-corredica-218x108x20\/","url":"https:\/\/dev.invicta.wp19.axome.cc\/pt\/produit\/grelhas-de-ventilacao-com-corredica-218x108x20\/","name":"Grelhas de ventila\u00e7\u00e3o com corredi\u00e7a 1218X108X20 - Invicta","isPartOf":{"@id":"https:\/\/dev.invicta.wp19.axome.cc\/pt\/#website"},"primaryImageOfPage":{"@id":"https:\/\/dev.invicta.wp19.axome.cc\/pt\/produit\/grelhas-de-ventilacao-com-corredica-218x108x20\/#primaryimage"},"image":{"@id":"https:\/\/dev.invicta.wp19.axome.cc\/pt\/produit\/grelhas-de-ventilacao-com-corredica-218x108x20\/#primaryimage"},"thumbnailUrl":"https:\/\/dev.invicta.wp19.axome.cc\/wp-content\/uploads\/2025\/06\/grilles-aeration-glissiere.jpg","datePublished":"2025-06-11T14:02:16+00:00","dateModified":"2025-06-11T14:02:17+00:00","breadcrumb":{"@id":"https:\/\/dev.invicta.wp19.axome.cc\/pt\/produit\/grelhas-de-ventilacao-com-corredica-218x108x20\/#breadcrumb"},"inLanguage":"pt-PT","potentialAction":[{"@type":"ReadAction","target":["https:\/\/dev.invicta.wp19.axome.cc\/pt\/produit\/grelhas-de-ventilacao-com-corredica-218x108x20\/"]}]},{"@type":"ImageObject","inLanguage":"pt-PT","@id":"https:\/\/dev.invicta.wp19.axome.cc\/pt\/produit\/grelhas-de-ventilacao-com-corredica-218x108x20\/#primaryimage","url":"https:\/\/dev.invicta.wp19.axome.cc\/wp-content\/uploads\/2025\/06\/grilles-aeration-glissiere.jpg","contentUrl":"https:\/\/dev.invicta.wp19.axome.cc\/wp-content\/uploads\/2025\/06\/grilles-aeration-glissiere.jpg","width":170,"height":111,"caption":"Grilles d\u2019a\u00e9ration avec glissi\u00e8re 218X108X20"},{"@type":"BreadcrumbList","@id":"https:\/\/dev.invicta.wp19.axome.cc\/pt\/produit\/grelhas-de-ventilacao-com-corredica-218x108x20\/#breadcrumb","itemListElement":[{"@type":"ListItem","position":1,"name":"Home","item":"https:\/\/dev.invicta.wp19.axome.cc\/pt\/"},{"@type":"ListItem","position":2,"name":"Produtos","item":"https:\/\/dev.invicta.wp19.axome.cc\/pt\/shop\/"},{"@type":"ListItem","position":3,"name":"Recuperadores","item":"https:\/\/dev.invicta.wp19.axome.cc\/pt\/categorie-produit\/recuperadores\/"},{"@type":"ListItem","position":4,"name":"Acess\u00f3rios","item":"https:\/\/dev.invicta.wp19.axome.cc\/pt\/categorie-produit\/recuperadores\/acessorios\/"},{"@type":"ListItem","position":5,"name":"Grelhas de ventila\u00e7\u00e3o com corredi\u00e7a 1218X108X20"}]},{"@type":"WebSite","@id":"https:\/\/dev.invicta.wp19.axome.cc\/pt\/#website","url":"https:\/\/dev.invicta.wp19.axome.cc\/pt\/","name":"Invicta","description":"Fabricant fran\u00e7ais, sp\u00e9cialiste europ\u00e9en du chauffage au bois : po\u00eales \u00e0 bois et \u00e0 granul\u00e9s, chemin\u00e9es, foyers et inserts","publisher":{"@id":"https:\/\/dev.invicta.wp19.axome.cc\/pt\/#organization"},"potentialAction":[{"@type":"SearchAction","target":{"@type":"EntryPoint","urlTemplate":"https:\/\/dev.invicta.wp19.axome.cc\/pt\/?s={search_term_string}"},"query-input":{"@type":"PropertyValueSpecification","valueRequired":true,"valueName":"search_term_string"}}],"inLanguage":"pt-PT"},{"@type":"Organization","@id":"https:\/\/dev.invicta.wp19.axome.cc\/pt\/#organization","name":"Invicta","url":"https:\/\/dev.invicta.wp19.axome.cc\/pt\/","logo":{"@type":"ImageObject","inLanguage":"pt-PT","@id":"https:\/\/dev.invicta.wp19.axome.cc\/pt\/#\/schema\/logo\/image\/","url":"https:\/\/www.invicta.fr\/wp-content\/uploads\/2019\/06\/INVICTALOGO_RVB.png","contentUrl":"https:\/\/www.invicta.fr\/wp-content\/uploads\/2019\/06\/INVICTALOGO_RVB.png","width":1810,"height":1280,"caption":"Invicta"},"image":{"@id":"https:\/\/dev.invicta.wp19.axome.cc\/pt\/#\/schema\/logo\/image\/"}}]}},"_links":{"self":[{"href":"https:\/\/dev.invicta.wp19.axome.cc\/pt\/wp-json\/wp\/v2\/product\/69725","targetHints":{"allow":["GET"]}}],"collection":[{"href":"https:\/\/dev.invicta.wp19.axome.cc\/pt\/wp-json\/wp\/v2\/product"}],"about":[{"href":"https:\/\/dev.invicta.wp19.axome.cc\/pt\/wp-json\/wp\/v2\/types\/product"}],"wp:featuredmedia":[{"embeddable":true,"href":"https:\/\/dev.invicta.wp19.axome.cc\/pt\/wp-json\/wp\/v2\/media\/68172"}],"wp:attachment":[{"href":"https:\/\/dev.invicta.wp19.axome.cc\/pt\/wp-json\/wp\/v2\/media?parent=69725"}],"wp:term":[{"taxonomy":"product_brand","embeddable":true,"href":"https:\/\/dev.invicta.wp19.axome.cc\/pt\/wp-json\/wp\/v2\/product_brand?post=69725"},{"taxonomy":"product_cat","embeddable":true,"href":"https:\/\/dev.invicta.wp19.axome.cc\/pt\/wp-json\/wp\/v2\/product_cat?post=69725"},{"taxonomy":"product_tag","embeddable":true,"href":"https:\/\/dev.invicta.wp19.axome.cc\/pt\/wp-json\/wp\/v2\/product_tag?post=69725"},{"taxonomy":"plus_produit","embeddable":true,"href":"https:\/\/dev.invicta.wp19.axome.cc\/pt\/wp-json\/wp\/v2\/plus_produit?post=69725"}],"curies":[{"name":"wp","href":"https:\/\/api.w.org\/{rel}","templated":true}]}}

Grelhas de ventilação com corrediça 1218X108X20

<!-- This site is optimized with the Yoast SEO plugin v24.7 - https://yoast.com/wordpress/plugins/seo/ -->
<title>Grelhas de ventilação com corrediça 1218X108X20 - Invicta</title>
<meta name="robots" content="index, follow, max-snippet:-1, max-image-preview:large, max-video-preview:-1" />
<link rel="canonical" href="https://dev.invicta.wp19.axome.cc/pt/produit/grelhas-de-ventilacao-com-corredica-218x108x20/" />
<meta property="og:locale" content="pt_PT" />
<meta property="og:type" content="article" />
<meta property="og:title" content="Grelhas de ventilação com corrediça 1218X108X20 - Invicta" />
<meta property="og:url" content="https://dev.invicta.wp19.axome.cc/pt/produit/grelhas-de-ventilacao-com-corredica-218x108x20/" />
<meta property="og:site_name" content="Invicta" />
<meta property="article:modified_time" content="2025-06-11T14:02:17+00:00" />
<meta property="og:image" content="https://dev.invicta.wp19.axome.cc/wp-content/uploads/2025/06/grilles-aeration-glissiere.jpg" />
	<meta property="og:image:width" content="170" />
	<meta property="og:image:height" content="111" />
	<meta property="og:image:type" content="image/jpeg" />
<meta name="twitter:card" content="summary_large_image" />
<script type="application/ld+json" class="yoast-schema-graph">{"@context":"https://schema.org","@graph":[{"@type":"WebPage","@id":"https://dev.invicta.wp19.axome.cc/pt/produit/grelhas-de-ventilacao-com-corredica-218x108x20/","url":"https://dev.invicta.wp19.axome.cc/pt/produit/grelhas-de-ventilacao-com-corredica-218x108x20/","name":"Grelhas de ventilação com corrediça 1218X108X20 - Invicta","isPartOf":{"@id":"https://dev.invicta.wp19.axome.cc/pt/#website"},"primaryImageOfPage":{"@id":"https://dev.invicta.wp19.axome.cc/pt/produit/grelhas-de-ventilacao-com-corredica-218x108x20/#primaryimage"},"image":{"@id":"https://dev.invicta.wp19.axome.cc/pt/produit/grelhas-de-ventilacao-com-corredica-218x108x20/#primaryimage"},"thumbnailUrl":"https://dev.invicta.wp19.axome.cc/wp-content/uploads/2025/06/grilles-aeration-glissiere.jpg","datePublished":"2025-06-11T14:02:16+00:00","dateModified":"2025-06-11T14:02:17+00:00","breadcrumb":{"@id":"https://dev.invicta.wp19.axome.cc/pt/produit/grelhas-de-ventilacao-com-corredica-218x108x20/#breadcrumb"},"inLanguage":"pt-PT","potentialAction":[{"@type":"ReadAction","target":["https://dev.invicta.wp19.axome.cc/pt/produit/grelhas-de-ventilacao-com-corredica-218x108x20/"]}]},{"@type":"ImageObject","inLanguage":"pt-PT","@id":"https://dev.invicta.wp19.axome.cc/pt/produit/grelhas-de-ventilacao-com-corredica-218x108x20/#primaryimage","url":"https://dev.invicta.wp19.axome.cc/wp-content/uploads/2025/06/grilles-aeration-glissiere.jpg","contentUrl":"https://dev.invicta.wp19.axome.cc/wp-content/uploads/2025/06/grilles-aeration-glissiere.jpg","width":170,"height":111,"caption":"Grilles d’aération avec glissière 218X108X20"},{"@type":"BreadcrumbList","@id":"https://dev.invicta.wp19.axome.cc/pt/produit/grelhas-de-ventilacao-com-corredica-218x108x20/#breadcrumb","itemListElement":[{"@type":"ListItem","position":1,"name":"Home","item":"https://dev.invicta.wp19.axome.cc/pt/"},{"@type":"ListItem","position":2,"name":"Produtos","item":"https://dev.invicta.wp19.axome.cc/pt/shop/"},{"@type":"ListItem","position":3,"name":"Recuperadores","item":"https://dev.invicta.wp19.axome.cc/pt/categorie-produit/recuperadores/"},{"@type":"ListItem","position":4,"name":"Acessórios","item":"https://dev.invicta.wp19.axome.cc/pt/categorie-produit/recuperadores/acessorios/"},{"@type":"ListItem","position":5,"name":"Grelhas de ventilação com corrediça 1218X108X20"}]},{"@type":"WebSite","@id":"https://dev.invicta.wp19.axome.cc/pt/#website","url":"https://dev.invicta.wp19.axome.cc/pt/","name":"Invicta","description":"Fabricant français, spécialiste européen du chauffage au bois : poêles à bois et à granulés, cheminées, foyers et inserts","publisher":{"@id":"https://dev.invicta.wp19.axome.cc/pt/#organization"},"potentialAction":[{"@type":"SearchAction","target":{"@type":"EntryPoint","urlTemplate":"https://dev.invicta.wp19.axome.cc/pt/?s={search_term_string}"},"query-input":{"@type":"PropertyValueSpecification","valueRequired":true,"valueName":"search_term_string"}}],"inLanguage":"pt-PT"},{"@type":"Organization","@id":"https://dev.invicta.wp19.axome.cc/pt/#organization","name":"Invicta","url":"https://dev.invicta.wp19.axome.cc/pt/","logo":{"@type":"ImageObject","inLanguage":"pt-PT","@id":"https://dev.invicta.wp19.axome.cc/pt/#/schema/logo/image/","url":"https://www.invicta.fr/wp-content/uploads/2019/06/INVICTALOGO_RVB.png","contentUrl":"https://www.invicta.fr/wp-content/uploads/2019/06/INVICTALOGO_RVB.png","width":1810,"height":1280,"caption":"Invicta"},"image":{"@id":"https://dev.invicta.wp19.axome.cc/pt/#/schema/logo/image/"}}]}</script>
<!-- / Yoast SEO plugin. -->

Grelhas de ventilação com corrediça 1218X108X20 - Invicta

Grilles d’aération avec glissière 218X108X20

Acessórios

Fabricant français, spécialiste européen du chauffage au bois : poêles à bois et à granulés, cheminées, foyers et inserts
