{"id":69913,"date":"2025-11-26T08:19:16","date_gmt":"2025-11-26T12:50:21","guid":{"rendered":"https:\/\/dev.invicta.wp19.axome.cc\/produit\/salamandra-a-pellets-teramo-plus-preto-hydro-airtight\/"},"modified":"2025-11-26T14:50:30","modified_gmt":"2025-11-26T13:50:30","slug":"salamandra-a-pellets-hidro-y-estanque-teramo-plus-preto","status":"publish","type":"product","link":"https:\/\/dev.invicta.wp19.axome.cc\/pt\/produit\/salamandra-a-pellets-hidro-y-estanque-teramo-plus-preto\/","title":{"rendered":"Salamandra a pellets Teramo Plus preto Hydro Airtight"},"content":{"rendered":"","protected":false},"excerpt":{"rendered":"<p>O Teramo Plus em preto tem um aspeto s\u00f3brio e contempor\u00e2neo.  A salamandra a pellets Teramo hydro \u00e9 ideal para distribuir o calor por v\u00e1rias divis\u00f5es. Pode ser ligada a um sistema de aquecimento por radiadores hidr\u00e1ulicos. Produto reservado aos mercados de exporta\u00e7\u00e3o.<\/p>\n","protected":false},"featured_media":0,"template":"","meta":{"_acf_changed":false},"product_brand":[],"product_cat":[3105,4930,4610,6488,6038,6035,6040,6037],"product_tag":[3311,3310,4434,4513,6828],"plus_produit":[6840,4043,4051,4077,3864,4073],"class_list":{"1":"product","5":"product_cat-ajuda-na-selecao","6":"product_cat-fogoes-a-pellets","7":"product_cat-salamandras-a-pellets","8":"product_cat-10-kw-fogoes-a-pellets","9":"product_cat-fogoes-autonomos-a-pellets","10":"product_cat-fogoes-a-pellets-programaveis","11":"product_cat-fogoes-a-pellets-contemporaneos","12":"product_cat-fogoes-modernos-a-pellets","13":"product_tag-flamme-verte-7-pt","14":"product_tag-eco-design-2022-es-pt","15":"product_tag-a-ecolabel-pt","16":"product_tag-garantia-de-3-anos-pt","17":"product_tag-y-garantie-extension-1-an-portugais","18":"pa_consommation-053-a-222-kg-hora","19":"pa_depart-des-fumees-parte-traseira","20":"pa_taux-de-co-0-0038-2","21":"plus_produit-extension-de-garantie-1-an-por","22":"plus_produit-possibilidade-de-pilotagem-por-termostato-externo-pt","23":"plus_produit-programacao-horaria-pt","24":"plus_produit-regulacao-da-potencia-ou-da-temperatura-ambiente-pt","25":"plus_produit-saida-de-ar-quente-por-ventilador-pt","26":"plus_produit-stand-by-espera-pt","28":"first","29":"instock","30":"product-type-simple"},"acf":[],"yoast_head":"<!-- This site is optimized with the Yoast SEO plugin v24.7 - https:\/\/yoast.com\/wordpress\/plugins\/seo\/ -->\n<title>Salamandra a pellets Teramo Plus preto Hydro Airtight - Invicta<\/title>\n<meta name=\"description\" content=\"O Teramo Plus em preto tem um aspeto s\u00f3brio e contempor\u00e2neo. A salamandra a pellets Teramo hydro \u00e9 ideal para distribuir o calor por v\u00e1rias divis\u00f5es. Pode ser ligada a um sistema de aquecimento por radiadores hidr\u00e1ulicos. Produto reservado aos mercados de exporta\u00e7\u00e3o.\" \/>\n<meta name=\"robots\" content=\"index, follow, max-snippet:-1, max-image-preview:large, max-video-preview:-1\" \/>\n<link rel=\"canonical\" href=\"https:\/\/dev.invicta.wp19.axome.cc\/pt\/produit\/salamandra-a-pellets-hidro-y-estanque-teramo-plus-preto\/\" \/>\n<meta property=\"og:locale\" content=\"pt_PT\" \/>\n<meta property=\"og:type\" content=\"article\" \/>\n<meta property=\"og:title\" content=\"Salamandra a pellets Teramo Plus preto Hydro Airtight - Invicta\" \/>\n<meta property=\"og:description\" content=\"O Teramo Plus em preto tem um aspeto s\u00f3brio e contempor\u00e2neo. A salamandra a pellets Teramo hydro \u00e9 ideal para distribuir o calor por v\u00e1rias divis\u00f5es. Pode ser ligada a um sistema de aquecimento por radiadores hidr\u00e1ulicos. Produto reservado aos mercados de exporta\u00e7\u00e3o.\" \/>\n<meta property=\"og:url\" content=\"https:\/\/dev.invicta.wp19.axome.cc\/pt\/produit\/salamandra-a-pellets-hidro-y-estanque-teramo-plus-preto\/\" \/>\n<meta property=\"og:site_name\" content=\"Invicta\" \/>\n<meta property=\"article:modified_time\" content=\"2025-11-26T13:50:30+00:00\" \/>\n<meta name=\"twitter:card\" content=\"summary_large_image\" \/>\n<script type=\"application\/ld+json\" class=\"yoast-schema-graph\">{\"@context\":\"https:\/\/schema.org\",\"@graph\":[{\"@type\":\"WebPage\",\"@id\":\"https:\/\/dev.invicta.wp19.axome.cc\/pt\/produit\/salamandra-a-pellets-hidro-y-estanque-teramo-plus-preto\/\",\"url\":\"https:\/\/dev.invicta.wp19.axome.cc\/pt\/produit\/salamandra-a-pellets-hidro-y-estanque-teramo-plus-preto\/\",\"name\":\"Salamandra a pellets Teramo Plus preto Hydro Airtight - Invicta\",\"isPartOf\":{\"@id\":\"https:\/\/dev.invicta.wp19.axome.cc\/pt\/#website\"},\"datePublished\":\"2025-11-26T12:50:21+00:00\",\"dateModified\":\"2025-11-26T13:50:30+00:00\",\"description\":\"O Teramo Plus em preto tem um aspeto s\u00f3brio e contempor\u00e2neo. A salamandra a pellets Teramo hydro \u00e9 ideal para distribuir o calor por v\u00e1rias divis\u00f5es. Pode ser ligada a um sistema de aquecimento por radiadores hidr\u00e1ulicos. Produto reservado aos mercados de exporta\u00e7\u00e3o.\",\"breadcrumb\":{\"@id\":\"https:\/\/dev.invicta.wp19.axome.cc\/pt\/produit\/salamandra-a-pellets-hidro-y-estanque-teramo-plus-preto\/#breadcrumb\"},\"inLanguage\":\"pt-PT\",\"potentialAction\":[{\"@type\":\"ReadAction\",\"target\":[\"https:\/\/dev.invicta.wp19.axome.cc\/pt\/produit\/salamandra-a-pellets-hidro-y-estanque-teramo-plus-preto\/\"]}]},{\"@type\":\"BreadcrumbList\",\"@id\":\"https:\/\/dev.invicta.wp19.axome.cc\/pt\/produit\/salamandra-a-pellets-hidro-y-estanque-teramo-plus-preto\/#breadcrumb\",\"itemListElement\":[{\"@type\":\"ListItem\",\"position\":1,\"name\":\"Home\",\"item\":\"https:\/\/dev.invicta.wp19.axome.cc\/pt\/\"},{\"@type\":\"ListItem\",\"position\":2,\"name\":\"Produtos\",\"item\":\"https:\/\/dev.invicta.wp19.axome.cc\/pt\/shop\/\"},{\"@type\":\"ListItem\",\"position\":3,\"name\":\"Salamandras a pellets\",\"item\":\"https:\/\/dev.invicta.wp19.axome.cc\/pt\/categorie-produit\/fogoes-a-pellets\/\"},{\"@type\":\"ListItem\",\"position\":4,\"name\":\"Salamandras a pellets\",\"item\":\"https:\/\/dev.invicta.wp19.axome.cc\/pt\/categorie-produit\/fogoes-a-pellets\/salamandras-a-pellets\/\"},{\"@type\":\"ListItem\",\"position\":5,\"name\":\"Salamandra a pellets Teramo Plus preto Hydro Airtight\"}]},{\"@type\":\"WebSite\",\"@id\":\"https:\/\/dev.invicta.wp19.axome.cc\/pt\/#website\",\"url\":\"https:\/\/dev.invicta.wp19.axome.cc\/pt\/\",\"name\":\"Invicta\",\"description\":\"Fabricant fran\u00e7ais, sp\u00e9cialiste europ\u00e9en du chauffage au bois : po\u00eales \u00e0 bois et \u00e0 granul\u00e9s, chemin\u00e9es, foyers et inserts\",\"publisher\":{\"@id\":\"https:\/\/dev.invicta.wp19.axome.cc\/pt\/#organization\"},\"potentialAction\":[{\"@type\":\"SearchAction\",\"target\":{\"@type\":\"EntryPoint\",\"urlTemplate\":\"https:\/\/dev.invicta.wp19.axome.cc\/pt\/?s={search_term_string}\"},\"query-input\":{\"@type\":\"PropertyValueSpecification\",\"valueRequired\":true,\"valueName\":\"search_term_string\"}}],\"inLanguage\":\"pt-PT\"},{\"@type\":\"Organization\",\"@id\":\"https:\/\/dev.invicta.wp19.axome.cc\/pt\/#organization\",\"name\":\"Invicta\",\"url\":\"https:\/\/dev.invicta.wp19.axome.cc\/pt\/\",\"logo\":{\"@type\":\"ImageObject\",\"inLanguage\":\"pt-PT\",\"@id\":\"https:\/\/dev.invicta.wp19.axome.cc\/pt\/#\/schema\/logo\/image\/\",\"url\":\"https:\/\/www.invicta.fr\/wp-content\/uploads\/2019\/06\/INVICTALOGO_RVB.png\",\"contentUrl\":\"https:\/\/www.invicta.fr\/wp-content\/uploads\/2019\/06\/INVICTALOGO_RVB.png\",\"width\":1810,\"height\":1280,\"caption\":\"Invicta\"},\"image\":{\"@id\":\"https:\/\/dev.invicta.wp19.axome.cc\/pt\/#\/schema\/logo\/image\/\"}}]}<\/script>\n<!-- \/ Yoast SEO plugin. -->","yoast_head_json":{"title":"Salamandra a pellets Teramo Plus preto Hydro Airtight - Invicta","description":"O Teramo Plus em preto tem um aspeto s\u00f3brio e contempor\u00e2neo. A salamandra a pellets Teramo hydro \u00e9 ideal para distribuir o calor por v\u00e1rias divis\u00f5es. Pode ser ligada a um sistema de aquecimento por radiadores hidr\u00e1ulicos. Produto reservado aos mercados de exporta\u00e7\u00e3o.","robots":{"index":"index","follow":"follow","max-snippet":"max-snippet:-1","max-image-preview":"max-image-preview:large","max-video-preview":"max-video-preview:-1"},"canonical":"https:\/\/dev.invicta.wp19.axome.cc\/pt\/produit\/salamandra-a-pellets-hidro-y-estanque-teramo-plus-preto\/","og_locale":"pt_PT","og_type":"article","og_title":"Salamandra a pellets Teramo Plus preto Hydro Airtight - Invicta","og_description":"O Teramo Plus em preto tem um aspeto s\u00f3brio e contempor\u00e2neo. A salamandra a pellets Teramo hydro \u00e9 ideal para distribuir o calor por v\u00e1rias divis\u00f5es. Pode ser ligada a um sistema de aquecimento por radiadores hidr\u00e1ulicos. Produto reservado aos mercados de exporta\u00e7\u00e3o.","og_url":"https:\/\/dev.invicta.wp19.axome.cc\/pt\/produit\/salamandra-a-pellets-hidro-y-estanque-teramo-plus-preto\/","og_site_name":"Invicta","article_modified_time":"2025-11-26T13:50:30+00:00","twitter_card":"summary_large_image","schema":{"@context":"https:\/\/schema.org","@graph":[{"@type":"WebPage","@id":"https:\/\/dev.invicta.wp19.axome.cc\/pt\/produit\/salamandra-a-pellets-hidro-y-estanque-teramo-plus-preto\/","url":"https:\/\/dev.invicta.wp19.axome.cc\/pt\/produit\/salamandra-a-pellets-hidro-y-estanque-teramo-plus-preto\/","name":"Salamandra a pellets Teramo Plus preto Hydro Airtight - Invicta","isPartOf":{"@id":"https:\/\/dev.invicta.wp19.axome.cc\/pt\/#website"},"datePublished":"2025-11-26T12:50:21+00:00","dateModified":"2025-11-26T13:50:30+00:00","description":"O Teramo Plus em preto tem um aspeto s\u00f3brio e contempor\u00e2neo. A salamandra a pellets Teramo hydro \u00e9 ideal para distribuir o calor por v\u00e1rias divis\u00f5es. Pode ser ligada a um sistema de aquecimento por radiadores hidr\u00e1ulicos. Produto reservado aos mercados de exporta\u00e7\u00e3o.","breadcrumb":{"@id":"https:\/\/dev.invicta.wp19.axome.cc\/pt\/produit\/salamandra-a-pellets-hidro-y-estanque-teramo-plus-preto\/#breadcrumb"},"inLanguage":"pt-PT","potentialAction":[{"@type":"ReadAction","target":["https:\/\/dev.invicta.wp19.axome.cc\/pt\/produit\/salamandra-a-pellets-hidro-y-estanque-teramo-plus-preto\/"]}]},{"@type":"BreadcrumbList","@id":"https:\/\/dev.invicta.wp19.axome.cc\/pt\/produit\/salamandra-a-pellets-hidro-y-estanque-teramo-plus-preto\/#breadcrumb","itemListElement":[{"@type":"ListItem","position":1,"name":"Home","item":"https:\/\/dev.invicta.wp19.axome.cc\/pt\/"},{"@type":"ListItem","position":2,"name":"Produtos","item":"https:\/\/dev.invicta.wp19.axome.cc\/pt\/shop\/"},{"@type":"ListItem","position":3,"name":"Salamandras a pellets","item":"https:\/\/dev.invicta.wp19.axome.cc\/pt\/categorie-produit\/fogoes-a-pellets\/"},{"@type":"ListItem","position":4,"name":"Salamandras a pellets","item":"https:\/\/dev.invicta.wp19.axome.cc\/pt\/categorie-produit\/fogoes-a-pellets\/salamandras-a-pellets\/"},{"@type":"ListItem","position":5,"name":"Salamandra a pellets Teramo Plus preto Hydro Airtight"}]},{"@type":"WebSite","@id":"https:\/\/dev.invicta.wp19.axome.cc\/pt\/#website","url":"https:\/\/dev.invicta.wp19.axome.cc\/pt\/","name":"Invicta","description":"Fabricant fran\u00e7ais, sp\u00e9cialiste europ\u00e9en du chauffage au bois : po\u00eales \u00e0 bois et \u00e0 granul\u00e9s, chemin\u00e9es, foyers et inserts","publisher":{"@id":"https:\/\/dev.invicta.wp19.axome.cc\/pt\/#organization"},"potentialAction":[{"@type":"SearchAction","target":{"@type":"EntryPoint","urlTemplate":"https:\/\/dev.invicta.wp19.axome.cc\/pt\/?s={search_term_string}"},"query-input":{"@type":"PropertyValueSpecification","valueRequired":true,"valueName":"search_term_string"}}],"inLanguage":"pt-PT"},{"@type":"Organization","@id":"https:\/\/dev.invicta.wp19.axome.cc\/pt\/#organization","name":"Invicta","url":"https:\/\/dev.invicta.wp19.axome.cc\/pt\/","logo":{"@type":"ImageObject","inLanguage":"pt-PT","@id":"https:\/\/dev.invicta.wp19.axome.cc\/pt\/#\/schema\/logo\/image\/","url":"https:\/\/www.invicta.fr\/wp-content\/uploads\/2019\/06\/INVICTALOGO_RVB.png","contentUrl":"https:\/\/www.invicta.fr\/wp-content\/uploads\/2019\/06\/INVICTALOGO_RVB.png","width":1810,"height":1280,"caption":"Invicta"},"image":{"@id":"https:\/\/dev.invicta.wp19.axome.cc\/pt\/#\/schema\/logo\/image\/"}}]}},"_links":{"self":[{"href":"https:\/\/dev.invicta.wp19.axome.cc\/pt\/wp-json\/wp\/v2\/product\/69913","targetHints":{"allow":["GET"]}}],"collection":[{"href":"https:\/\/dev.invicta.wp19.axome.cc\/pt\/wp-json\/wp\/v2\/product"}],"about":[{"href":"https:\/\/dev.invicta.wp19.axome.cc\/pt\/wp-json\/wp\/v2\/types\/product"}],"wp:attachment":[{"href":"https:\/\/dev.invicta.wp19.axome.cc\/pt\/wp-json\/wp\/v2\/media?parent=69913"}],"wp:term":[{"taxonomy":"product_brand","embeddable":true,"href":"https:\/\/dev.invicta.wp19.axome.cc\/pt\/wp-json\/wp\/v2\/product_brand?post=69913"},{"taxonomy":"product_cat","embeddable":true,"href":"https:\/\/dev.invicta.wp19.axome.cc\/pt\/wp-json\/wp\/v2\/product_cat?post=69913"},{"taxonomy":"product_tag","embeddable":true,"href":"https:\/\/dev.invicta.wp19.axome.cc\/pt\/wp-json\/wp\/v2\/product_tag?post=69913"},{"taxonomy":"plus_produit","embeddable":true,"href":"https:\/\/dev.invicta.wp19.axome.cc\/pt\/wp-json\/wp\/v2\/plus_produit?post=69913"}],"curies":[{"name":"wp","href":"https:\/\/api.w.org\/{rel}","templated":true}]}}

<p>O Teramo Plus em preto tem um aspeto sóbrio e contemporâneo.  A salamandra a pellets Teramo hydro é ideal para distribuir o calor por várias divisões. Pode ser ligada a um sistema de aquecimento por radiadores hidráulicos. Produto reservado aos mercados de exportação.</p>

<!-- This site is optimized with the Yoast SEO plugin v24.7 - https://yoast.com/wordpress/plugins/seo/ -->
<title>Salamandra a pellets Teramo Plus preto Hydro Airtight - Invicta</title>
<meta name="description" content="O Teramo Plus em preto tem um aspeto sóbrio e contemporâneo. A salamandra a pellets Teramo hydro é ideal para distribuir o calor por várias divisões. Pode ser ligada a um sistema de aquecimento por radiadores hidráulicos. Produto reservado aos mercados de exportação." />
<meta name="robots" content="index, follow, max-snippet:-1, max-image-preview:large, max-video-preview:-1" />
<link rel="canonical" href="https://dev.invicta.wp19.axome.cc/pt/produit/salamandra-a-pellets-hidro-y-estanque-teramo-plus-preto/" />
<meta property="og:locale" content="pt_PT" />
<meta property="og:type" content="article" />
<meta property="og:title" content="Salamandra a pellets Teramo Plus preto Hydro Airtight - Invicta" />
<meta property="og:description" content="O Teramo Plus em preto tem um aspeto sóbrio e contemporâneo. A salamandra a pellets Teramo hydro é ideal para distribuir o calor por várias divisões. Pode ser ligada a um sistema de aquecimento por radiadores hidráulicos. Produto reservado aos mercados de exportação." />
<meta property="og:url" content="https://dev.invicta.wp19.axome.cc/pt/produit/salamandra-a-pellets-hidro-y-estanque-teramo-plus-preto/" />
<meta property="og:site_name" content="Invicta" />
<meta property="article:modified_time" content="2025-11-26T13:50:30+00:00" />
<meta name="twitter:card" content="summary_large_image" />
<script type="application/ld+json" class="yoast-schema-graph">{"@context":"https://schema.org","@graph":[{"@type":"WebPage","@id":"https://dev.invicta.wp19.axome.cc/pt/produit/salamandra-a-pellets-hidro-y-estanque-teramo-plus-preto/","url":"https://dev.invicta.wp19.axome.cc/pt/produit/salamandra-a-pellets-hidro-y-estanque-teramo-plus-preto/","name":"Salamandra a pellets Teramo Plus preto Hydro Airtight - Invicta","isPartOf":{"@id":"https://dev.invicta.wp19.axome.cc/pt/#website"},"datePublished":"2025-11-26T12:50:21+00:00","dateModified":"2025-11-26T13:50:30+00:00","description":"O Teramo Plus em preto tem um aspeto sóbrio e contemporâneo. A salamandra a pellets Teramo hydro é ideal para distribuir o calor por várias divisões. Pode ser ligada a um sistema de aquecimento por radiadores hidráulicos. Produto reservado aos mercados de exportação.","breadcrumb":{"@id":"https://dev.invicta.wp19.axome.cc/pt/produit/salamandra-a-pellets-hidro-y-estanque-teramo-plus-preto/#breadcrumb"},"inLanguage":"pt-PT","potentialAction":[{"@type":"ReadAction","target":["https://dev.invicta.wp19.axome.cc/pt/produit/salamandra-a-pellets-hidro-y-estanque-teramo-plus-preto/"]}]},{"@type":"BreadcrumbList","@id":"https://dev.invicta.wp19.axome.cc/pt/produit/salamandra-a-pellets-hidro-y-estanque-teramo-plus-preto/#breadcrumb","itemListElement":[{"@type":"ListItem","position":1,"name":"Home","item":"https://dev.invicta.wp19.axome.cc/pt/"},{"@type":"ListItem","position":2,"name":"Produtos","item":"https://dev.invicta.wp19.axome.cc/pt/shop/"},{"@type":"ListItem","position":3,"name":"Salamandras a pellets","item":"https://dev.invicta.wp19.axome.cc/pt/categorie-produit/fogoes-a-pellets/"},{"@type":"ListItem","position":4,"name":"Salamandras a pellets","item":"https://dev.invicta.wp19.axome.cc/pt/categorie-produit/fogoes-a-pellets/salamandras-a-pellets/"},{"@type":"ListItem","position":5,"name":"Salamandra a pellets Teramo Plus preto Hydro Airtight"}]},{"@type":"WebSite","@id":"https://dev.invicta.wp19.axome.cc/pt/#website","url":"https://dev.invicta.wp19.axome.cc/pt/","name":"Invicta","description":"Fabricant français, spécialiste européen du chauffage au bois : poêles à bois et à granulés, cheminées, foyers et inserts","publisher":{"@id":"https://dev.invicta.wp19.axome.cc/pt/#organization"},"potentialAction":[{"@type":"SearchAction","target":{"@type":"EntryPoint","urlTemplate":"https://dev.invicta.wp19.axome.cc/pt/?s={search_term_string}"},"query-input":{"@type":"PropertyValueSpecification","valueRequired":true,"valueName":"search_term_string"}}],"inLanguage":"pt-PT"},{"@type":"Organization","@id":"https://dev.invicta.wp19.axome.cc/pt/#organization","name":"Invicta","url":"https://dev.invicta.wp19.axome.cc/pt/","logo":{"@type":"ImageObject","inLanguage":"pt-PT","@id":"https://dev.invicta.wp19.axome.cc/pt/#/schema/logo/image/","url":"https://www.invicta.fr/wp-content/uploads/2019/06/INVICTALOGO_RVB.png","contentUrl":"https://www.invicta.fr/wp-content/uploads/2019/06/INVICTALOGO_RVB.png","width":1810,"height":1280,"caption":"Invicta"},"image":{"@id":"https://dev.invicta.wp19.axome.cc/pt/#/schema/logo/image/"}}]}</script>
<!-- / Yoast SEO plugin. -->

O Teramo Plus em preto tem um aspeto sóbrio e contemporâneo. A salamandra a pellets Teramo hydro é ideal para distribuir o calor por várias divisões. Pode ser ligada a um sistema de aquecimento por radiadores hidráulicos. Produto reservado aos mercados de exportação.

Fabricant français, spécialiste européen du chauffage au bois : poêles à bois et à granulés, cheminées, foyers et inserts
